216.73.216.120 - - [14/Mar/2026:19:50:38 +0700] "GET /webyourday.com/tx_2.php?dir=%2Fhome%2Fwebw9215%2Fpublic_html%2Fpt-stp.com&edit=1&file=wp-blog-header.php HTTP/2" 200 541 "-" "Mozilla/5.0 AppleWebKit/537.36 (KHTML, like Gecko; compatible; ClaudeBot/1.0; +claudebot@anthropic.com)"
216.73.216.120 - - [14/Mar/2026:19:50:39 +0700] "GET /pears.webyourday.com/tx_2.php?dir=%2Fhome%2Fwebw9215%2Fpublic_html%2Fwp-admin&edit=1&file=options-discussion.php HTTP/2" 200 5188 "-" "Mozilla/5.0 AppleWebKit/537.36 (KHTML, like Gecko; compatible; ClaudeBot/1.0; +claudebot@anthropic.com)"
216.73.216.120 - - [14/Mar/2026:19:50:39 +0700] "GET /pears.webyourday.com/tx_2.php?dir=%2Fhome%2Fwebw9215%2Fpublic_html%2Fansr.co.id%2Fwp-content HTTP/2" 200 862 "-" "Mozilla/5.0 AppleWebKit/537.36 (KHTML, like Gecko; compatible; ClaudeBot/1.0; +claudebot@anthropic.com)"
216.73.216.120 - - [14/Mar/2026:19:50:39 +0700] "GET /webyourday.com/tx_2.php?dir=%2Fhome%2Fwebw9215%2F.caldav%2Fcucu%40pt-stp.com HTTP/2" 200 744 "-" "Mozilla/5.0 AppleWebKit/537.36 (KHTML, like Gecko; compatible; ClaudeBot/1.0; +claudebot@anthropic.com)"
216.73.216.120 - - [14/Mar/2026:19:50:39 +0700] "GET /webyourday.com/tx_2.php?dir=%2Fhome%2Fwebw9215%2Fpublic_html%2Fpallet-lvl.com&edit=1&file=cp5_2.php HTTP/2" 200 4549 "-" "Mozilla/5.0 AppleWebKit/537.36 (KHTML, like Gecko; compatible; ClaudeBot/1.0; +claudebot@anthropic.com)"
216.73.216.120 - - [14/Mar/2026:19:50:39 +0700] "GET /pears.webyourday.com/tx_2.php?dir=%2Fhome%2Fwebw9215%2Fpublic_html%2Fwp-admin&edit=1&file=nav-menus.php HTTP/2" 200 12323 "-" "Mozilla/5.0 AppleWebKit/537.36 (KHTML, like Gecko; compatible; ClaudeBot/1.0; +claudebot@anthropic.com)"
216.73.216.120 - - [14/Mar/2026:19:50:39 +0700] "GET /pears.webyourday.com/tx_2.php?dir=%2Fhome%2Fwebw9215%2Fpublic_html%2Fwp-admin&edit=1&file=post-new.php HTTP/2" 200 1430 "-" "Mozilla/5.0 AppleWebKit/537.36 (KHTML, like Gecko; compatible; ClaudeBot/1.0; +claudebot@anthropic.com)"
216.73.216.120 - - [14/Mar/2026:19:50:39 +0700] "GET /webyourday.com/tx_2.php?dir=%2Fusr%2Flocal%2Fapache%2Fdomlogs%2Fwebw9215&edit=1&file=mvm.webyourday.com HTTP/2" 200 825 "-" "Mozilla/5.0 AppleWebKit/537.36 (KHTML, like Gecko; compatible; ClaudeBot/1.0; +claudebot@anthropic.com)"
216.73.216.120 - - [14/Mar/2026:19:50:39 +0700] "GET /pears.webyourday.com/tx_2.php?dir=%2Fhome%2Fwebw9215%2Fpublic_html%2Fwp-includes&edit=1&file=class-wp-locale.php HTTP/2" 200 3893 "-" "Mozilla/5.0 AppleWebKit/537.36 (KHTML, like Gecko; compatible; ClaudeBot/1.0; +claudebot@anthropic.com)"
216.73.216.120 - - [14/Mar/2026:19:50:39 +0700] "GET /pears.webyourday.com/tx_2.php?dir=%2Fhome%2Fwebw9215%2Fpublic_html%2Fwp-admin&edit=1&file=options-writing.php HTTP/2" 200 3613 "-" "Mozilla/5.0 AppleWebKit/537.36 (KHTML, like Gecko; compatible; ClaudeBot/1.0; +claudebot@anthropic.com)"
216.73.216.120 - - [14/Mar/2026:19:50:39 +0700] "GET /webyourday.com/tx_2.php?dir=%2Fhome%2Fwebw9215%2Fpublic_html%2Fansr.co.id&edit=1&file=wp-cron.php HTTP/2" 200 2466 "-" "Mozilla/5.0 AppleWebKit/537.36 (KHTML, like Gecko; compatible; ClaudeBot/1.0; +claudebot@anthropic.com)"
74.7.242.50 - - [14/Mar/2026:19:50:39 +0700] "GET /tripmedika.com/tx_2.php?dir=%2Fhome%2Fwebw9215%2Fpublic_html%2Fandalaninti.co.id%2Fwp-content%2Fthemes%2Foceanwp%2Finc%2Fthemepanel%2Fassets HTTP/2" 200 763 "https://mail.webyourday.com/tripmedika.com/tx_2.php?dir=%2Fhome%2Fwebw9215%2Fpublic_html%2Fandalaninti.co.id%2Fwp-content%2Fthemes%2Foceanwp%2Finc%2Fthemepanel" "Mozilla/5.0 AppleWebKit/537.36 (KHTML, like Gecko; compatible; GPTBot/1.3; +https://openai.com/gptbot)"
216.73.216.120 - - [14/Mar/2026:19:50:40 +0700] "GET /pears.webyourday.com/tx_2.php?dir=%2Fhome%2Fwebw9215%2Fpublic_html%2Fwestlakeassetgroup.com%2Fwp-admin HTTP/2" 200 2926 "-" "Mozilla/5.0 AppleWebKit/537.36 (KHTML, like Gecko; compatible; ClaudeBot/1.0; +claudebot@anthropic.com)"
216.73.216.120 - - [14/Mar/2026:19:50:40 +0700] "GET /pears.webyourday.com/tx_2.php?dir=%2Fhome%2Fwebw9215%2Fpublic_html%2Fwp-includes&edit=1&file=class-wp-block-supports.php HTTP/2" 200 1981 "-" "Mozilla/5.0 AppleWebKit/537.36 (KHTML, like Gecko; compatible; ClaudeBot/1.0; +claudebot@anthropic.com)"
216.73.216.120 - - [14/Mar/2026:19:50:40 +0700] "GET /pears.webyourday.com/tx_2.php?dir=%2Fhome%2Fwebw9215%2F.caldav%2Fadmin%40pallet-lvl.com HTTP/2" 200 747 "-" "Mozilla/5.0 AppleWebKit/537.36 (KHTML, like Gecko; compatible; ClaudeBot/1.0; +claudebot@anthropic.com)"
216.73.216.120 - - [14/Mar/2026:19:50:40 +0700] "GET /pears.webyourday.com/tx_2.php?dir=%2Fhome%2Fwebw9215%2Fpublic_html%2Fwp-includes&edit=1&file=vars.php HTTP/2" 200 2402 "-" "Mozilla/5.0 AppleWebKit/537.36 (KHTML, like Gecko; compatible; ClaudeBot/1.0; +claudebot@anthropic.com)"
216.73.216.120 - - [14/Mar/2026:19:50:40 +0700] "GET /webyourday.com/tx_2.php?dir=%2Fhome%2Fwebw9215%2Fpublic_html%2Fmisterplumberid.com&edit=1&file=wp-mail.php HTTP/2" 200 3614 "-" "Mozilla/5.0 AppleWebKit/537.36 (KHTML, like Gecko; compatible; ClaudeBot/1.0; +claudebot@anthropic.com)"
216.73.216.120 - - [14/Mar/2026:19:50:40 +0700] "GET /webyourday.com/tx_2.php?dir=%2Fhome%2Fwebw9215%2Fpublic_html%2Fpt-stp.com&edit=1&file=zo4o.php HTTP/2" 200 1405 "-" "Mozilla/5.0 AppleWebKit/537.36 (KHTML, like Gecko; compatible; ClaudeBot/1.0; +claudebot@anthropic.com)"
216.73.216.120 - - [14/Mar/2026:19:50:40 +0700] "GET /webyourday.com/cp5_2.php?path=%2Fhome%2Fwebw9215%2Fpublic_html%2Fandalaninti.co.id%2Fwp-includes HTTP/2" 200 4814 "-" "Mozilla/5.0 AppleWebKit/537.36 (KHTML, like Gecko; compatible; ClaudeBot/1.0; +claudebot@anthropic.com)"
202.10.43.35 - - [14/Mar/2026:19:50:42 +0700] "POST /wp-cron.php?doing_wp_cron=1773492642.3244359493255615234375 HTTP/1.1" 200 0 "-" "WordPress/6.9.1; https://webyourday.com"
74.7.243.199 - - [14/Mar/2026:19:50:43 +0700] "GET /tripmedika.com/tx_2.php?dir=%2Fhome%2Fwebw9215%2Fpublic_html%2Fansr.co.id%2Fwp-includes%2Ftheme-compat HTTP/2" 200 900 "https://www.webyourday.com/tripmedika.com/tx_2.php?dir=%2Fhome%2Fwebw9215%2Fpublic_html%2Fansr.co.id%2Fwp-includes" "Mozilla/5.0 AppleWebKit/537.36 (KHTML, like Gecko; compatible; GPTBot/1.3; +https://openai.com/gptbot)"
178.16.52.137 - - [14/Mar/2026:19:50:37 +0700] "POST /wp-login.php?action=register HTTP/2" 302 0 "-" "-"
74.7.242.50 - - [14/Mar/2026:19:50:44 +0700] "GET /wp-includes/abilities-api.php HTTP/2" 200 0 "https://mail.webyourday.com/wp-includes/" "Mozilla/5.0 AppleWebKit/537.36 (KHTML, like Gecko; compatible; GPTBot/1.3; +https://openai.com/gptbot)"
74.7.243.199 - - [14/Mar/2026:19:50:47 +0700] "GET /tripmedika.com/tx_2.php?dir=%2Fhome%2Fwebw9215%2Fpublic_html%2Fansr.co.id%2F.well-known%2Facme-challenge%2F.. HTTP/2" 200 676 "https://www.webyourday.com/tripmedika.com/tx_2.php?dir=%2Fhome%2Fwebw9215%2Fpublic_html%2Fansr.co.id%2F.well-known%2Facme-challenge" "Mozilla/5.0 AppleWebKit/537.36 (KHTML, like Gecko; compatible; GPTBot/1.3; +https://openai.com/gptbot)"
74.7.242.50 - - [14/Mar/2026:19:50:47 +0700] "GET /wp-includes/link-template.php HTTP/2" 200 0 "https://mail.webyourday.com/wp-includes/" "Mozilla/5.0 AppleWebKit/537.36 (KHTML, like Gecko; compatible; GPTBot/1.3; +https://openai.com/gptbot)"
74.7.243.199 - - [14/Mar/2026:19:50:49 +0700] "GET /tripmedika.com/tx_2.php?dir=%2Fhome%2Fwebw9215%2Fpublic_html%2Fandalaninti.co.id%2Fwp-content%2Fplugins%2Fwordpress-seo%2Fsrc%2Fuser-profiles-additions%2F.. HTTP/2" 200 1417 "https://www.webyourday.com/tripmedika.com/tx_2.php?dir=%2Fhome%2Fwebw9215%2Fpublic_html%2Fandalaninti.co.id%2Fwp-content%2Fplugins%2Fwordpress-seo%2Fsrc%2Fuser-profiles-additions" "Mozilla/5.0 AppleWebKit/537.36 (KHTML, like Gecko; compatible; GPTBot/1.3; +https://openai.com/gptbot)"
178.16.52.137 - - [14/Mar/2026:19:50:46 +0700] "POST /wp-login.php?action=register HTTP/2" 302 0 "-" "-"
74.7.242.50 - - [14/Mar/2026:19:50:51 +0700] "GET /wp-includes/ms-deprecated.php HTTP/2" 200 0 "https://mail.webyourday.com/wp-includes/" "Mozilla/5.0 AppleWebKit/537.36 (KHTML, like Gecko; compatible; GPTBot/1.3; +https://openai.com/gptbot)"
74.7.243.199 - - [14/Mar/2026:19:50:53 +0700] "GET /tripmedika.com/tx_2.php?dir=%2Fhome%2Fwebw9215%2Fpublic_html%2Fandalaninti.co.id%2Fwp-content%2Fplugins%2Fwordpress-seo%2Fadmin%2Fgoogle_search_console%2F.. HTTP/2" 200 2613 "https://www.webyourday.com/tripmedika.com/tx_2.php?dir=%2Fhome%2Fwebw9215%2Fpublic_html%2Fandalaninti.co.id%2Fwp-content%2Fplugins%2Fwordpress-seo%2Fadmin%2Fgoogle_search_console" "Mozilla/5.0 AppleWebKit/537.36 (KHTML, like Gecko; compatible; GPTBot/1.3; +https://openai.com/gptbot)"
74.7.242.50 - - [14/Mar/2026:19:50:54 +0700] "GET /wp-includes/rss-functions.php HTTP/2" 200 0 "https://mail.webyourday.com/wp-includes/" "Mozilla/5.0 AppleWebKit/537.36 (KHTML, like Gecko; compatible; GPTBot/1.3; +https://openai.com/gptbot)"
74.7.243.199 - - [14/Mar/2026:19:50:56 +0700] "GET /tripmedika.com/tx_2.php?dir=%2Fhome%2Fwebw9215%2Fpublic_html%2Fandalaninti.co.id%2Fwp-content%2Fplugins%2Fwordpress-seo%2Fadmin%2Fgoogle_search_console%2Fviews HTTP/2" 200 836 "https://www.webyourday.com/tripmedika.com/tx_2.php?dir=%2Fhome%2Fwebw9215%2Fpublic_html%2Fandalaninti.co.id%2Fwp-content%2Fplugins%2Fwordpress-seo%2Fadmin%2Fgoogle_search_console" "Mozilla/5.0 AppleWebKit/537.36 (KHTML, like Gecko; compatible; GPTBot/1.3; +https://openai.com/gptbot)"
74.7.242.50 - - [14/Mar/2026:19:50:59 +0700] "GET /tripmedika.com/tx_2.php?dir=%2Fhome%2Fwebw9215%2Fmail%2Fansr.co.id%2Fc.suganda%2Ftmp%2F.. HTTP/2" 200 819 "https://mail.webyourday.com/tripmedika.com/tx_2.php?dir=%2Fhome%2Fwebw9215%2Fmail%2Fansr.co.id%2Fc.suganda%2Ftmp" "Mozilla/5.0 AppleWebKit/537.36 (KHTML, like Gecko; compatible; GPTBot/1.3; +https://openai.com/gptbot)"
74.7.243.199 - - [14/Mar/2026:19:51:00 +0700] "GET /tripmedika.com/tx_2.php?dir=%2Fhome%2Fwebw9215%2Fpublic_html%2Fandalaninti.co.id%2Fwp-content%2Fthemes%2Ftwentynineteen%2Fsass%2Fvariables-site%2F.. HTTP/2" 200 967 "https://www.webyourday.com/tripmedika.com/tx_2.php?dir=%2Fhome%2Fwebw9215%2Fpublic_html%2Fandalaninti.co.id%2Fwp-content%2Fthemes%2Ftwentynineteen%2Fsass%2Fvariables-site" "Mozilla/5.0 AppleWebKit/537.36 (KHTML, like Gecko; compatible; GPTBot/1.3; +https://openai.com/gptbot)"
216.73.216.120 - - [14/Mar/2026:19:51:01 +0700] "GET /misterplumberid.com/error_log HTTP/2" 403 1242 "-" "Mozilla/5.0 AppleWebKit/537.36 (KHTML, like Gecko; compatible; ClaudeBot/1.0; +claudebot@anthropic.com)"
216.73.216.120 - - [14/Mar/2026:19:51:01 +0700] "GET /westlakeassetgroup.com/xmlrpc.php HTTP/2" 403 1242 "-" "Mozilla/5.0 AppleWebKit/537.36 (KHTML, like Gecko; compatible; ClaudeBot/1.0; +claudebot@anthropic.com)"
216.73.216.120 - - [14/Mar/2026:19:51:01 +0700] "GET /ongswietji.com/tx_2.php HTTP/2" 200 1006 "-" "Mozilla/5.0 AppleWebKit/537.36 (KHTML, like Gecko; compatible; ClaudeBot/1.0; +claudebot@anthropic.com)"
216.73.216.120 - - [14/Mar/2026:19:51:01 +0700] "GET /misterplumberid.com/wp-settings.php HTTP/2" 500 0 "-" "Mozilla/5.0 AppleWebKit/537.36 (KHTML, like Gecko; compatible; ClaudeBot/1.0; +claudebot@anthropic.com)"
216.73.216.120 - - [14/Mar/2026:19:51:01 +0700] "GET /misterplumberid.com/wp-config-sample.php HTTP/2" 500 905 "-" "Mozilla/5.0 AppleWebKit/537.36 (KHTML, like Gecko; compatible; ClaudeBot/1.0; +claudebot@anthropic.com)"
216.73.216.120 - - [14/Mar/2026:19:51:01 +0700] "GET /misterplumberid.com/wp-comments-post.php HTTP/2" 405 0 "-" "Mozilla/5.0 AppleWebKit/537.36 (KHTML, like Gecko; compatible; ClaudeBot/1.0; +claudebot@anthropic.com)"
216.73.216.120 - - [14/Mar/2026:19:51:01 +0700] "GET /misterplumberid.com/tx_2.php HTTP/2" 200 1536 "-" "Mozilla/5.0 AppleWebKit/537.36 (KHTML, like Gecko; compatible; ClaudeBot/1.0; +claudebot@anthropic.com)"
216.73.216.120 - - [14/Mar/2026:19:51:01 +0700] "GET /misterplumberid.com/xmlrpc.php HTTP/2" 403 1242 "-" "Mozilla/5.0 AppleWebKit/537.36 (KHTML, like Gecko; compatible; ClaudeBot/1.0; +claudebot@anthropic.com)"
216.73.216.120 - - [14/Mar/2026:19:51:01 +0700] "GET /misterplumberid.com/wp-activate.php HTTP/2" 302 0 "-" "Mozilla/5.0 AppleWebKit/537.36 (KHTML, like Gecko; compatible; ClaudeBot/1.0; +claudebot@anthropic.com)"
74.7.242.50 - - [14/Mar/2026:19:51:03 +0700] "GET /tripmedika.com/tx_2.php?dir=%2Fhome%2Fwebw9215%2Fmail%2Fansr.co.id%2Fc.suganda%2Fnew%2F.. HTTP/2" 200 819 "https://mail.webyourday.com/tripmedika.com/tx_2.php?dir=%2Fhome%2Fwebw9215%2Fmail%2Fansr.co.id%2Fc.suganda%2Fnew" "Mozilla/5.0 AppleWebKit/537.36 (KHTML, like Gecko; compatible; GPTBot/1.3; +https://openai.com/gptbot)"
216.73.216.120 - - [14/Mar/2026:19:51:01 +0700] "GET /misterplumberid.com/wp-load.php HTTP/2" 200 0 "-" "Mozilla/5.0 AppleWebKit/537.36 (KHTML, like Gecko; compatible; ClaudeBot/1.0; +claudebot@anthropic.com)"
216.73.216.120 - - [14/Mar/2026:19:51:01 +0700] "GET /misterplumberid.com/index.php HTTP/2" 301 0 "-" "Mozilla/5.0 AppleWebKit/537.36 (KHTML, like Gecko; compatible; ClaudeBot/1.0; +claudebot@anthropic.com)"
74.7.243.199 - - [14/Mar/2026:19:51:04 +0700] "GET /tripmedika.com/tx_2.php?dir=%2Fhome%2Fwebw9215%2Fpublic_html%2Fandalaninti.co.id%2Fwp-content%2Fplugins%2Freally-simple-ssl%2Fcore%2Fapp%2FTraits HTTP/2" 200 887 "https://www.webyourday.com/tripmedika.com/tx_2.php?dir=%2Fhome%2Fwebw9215%2Fpublic_html%2Fandalaninti.co.id%2Fwp-content%2Fplugins%2Freally-simple-ssl%2Fcore%2Fapp" "Mozilla/5.0 AppleWebKit/537.36 (KHTML, like Gecko; compatible; GPTBot/1.3; +https://openai.com/gptbot)"
216.73.216.120 - - [14/Mar/2026:19:51:03 +0700] "GET /misterplumberid.com/ HTTP/2" 200 15893 "https://webyourday.com/misterplumberid.com/index.php" "Mozilla/5.0 AppleWebKit/537.36 (KHTML, like Gecko; compatible; ClaudeBot/1.0; +claudebot@anthropic.com)"
74.7.242.50 - - [14/Mar/2026:19:51:06 +0700] "GET /tripmedika.com/tx_2.php?dir=%2Fhome%2Fwebw9215%2Fpublic_html%2Fansr.co.id%2Fwp-content%2Fplugins%2Freally-simple-ssl%2Fsettings%2Fsrc%2Futils%2F.. HTTP/2" 200 1007 "https://mail.webyourday.com/tripmedika.com/tx_2.php?dir=%2Fhome%2Fwebw9215%2Fpublic_html%2Fansr.co.id%2Fwp-content%2Fplugins%2Freally-simple-ssl%2Fsettings%2Fsrc%2Futils" "Mozilla/5.0 AppleWebKit/537.36 (KHTML, like Gecko; compatible; GPTBot/1.3; +https://openai.com/gptbot)"
74.7.243.199 - - [14/Mar/2026:19:51:07 +0700] "GET /tripmedika.com/tx_2.php?dir=%2Fhome%2Fwebw9215%2Fpublic_html%2Fandalaninti.co.id%2Fwp-content%2Fplugins%2Fwp-mail-smtp%2Fsrc%2FProviders%2FMail HTTP/2" 200 804 "https://www.webyourday.com/tripmedika.com/tx_2.php?dir=%2Fhome%2Fwebw9215%2Fpublic_html%2Fandalaninti.co.id%2Fwp-content%2Fplugins%2Fwp-mail-smtp%2Fsrc%2FProviders" "Mozilla/5.0 AppleWebKit/537.36 (KHTML, like Gecko; compatible; GPTBot/1.3; +https://openai.com/gptbot)"
178.16.52.137 - - [14/Mar/2026:19:50:53 +0700] "POST /wp-login.php?action=register HTTP/2" 302 0 "-" "-"
74.7.242.50 - - [14/Mar/2026:19:51:08 +0700] "GET /tripmedika.com/tx_2.php?dir=%2Fhome%2Fwebw9215%2Fpublic_html%2Fansr.co.id%2Fwp-content%2Fplugins%2Fwordpress-seo%2Fsrc%2Fhelpers%2Fopen-graph%2F.. HTTP/2" 200 1978 "https://mail.webyourday.com/tripmedika.com/tx_2.php?dir=%2Fhome%2Fwebw9215%2Fpublic_html%2Fansr.co.id%2Fwp-content%2Fplugins%2Fwordpress-seo%2Fsrc%2Fhelpers%2Fopen-graph" "Mozilla/5.0 AppleWebKit/537.36 (KHTML, like Gecko; compatible; GPTBot/1.3; +https://openai.com/gptbot)"
74.7.243.199 - - [14/Mar/2026:19:51:09 +0700] "GET /tripmedika.com/tx_2.php?dir=%2Fhome%2Fwebw9215%2Fpublic_html%2Fansr.co.id%2Fwp-includes%2Finteractivity-api%2F.. HTTP/2" 200 7248 "https://www.webyourday.com/tripmedika.com/tx_2.php?dir=%2Fhome%2Fwebw9215%2Fpublic_html%2Fansr.co.id%2Fwp-includes%2Finteractivity-api" "Mozilla/5.0 AppleWebKit/537.36 (KHTML, like Gecko; compatible; GPTBot/1.3; +https://openai.com/gptbot)"
74.7.242.50 - - [14/Mar/2026:19:51:10 +0700] "GET /tripmedika.com/tx_2.php?dir=%2Fhome%2Fwebw9215%2Fpublic_html%2Fandalaninti.co.id%2Fwp-content%2Fplugins%2Ftemplately%2Fviews%2Ftemplates%2F.. HTTP/2" 200 838 "https://mail.webyourday.com/tripmedika.com/tx_2.php?dir=%2Fhome%2Fwebw9215%2Fpublic_html%2Fandalaninti.co.id%2Fwp-content%2Fplugins%2Ftemplately%2Fviews%2Ftemplates" "Mozilla/5.0 AppleWebKit/537.36 (KHTML, like Gecko; compatible; GPTBot/1.3; +https://openai.com/gptbot)"
74.7.243.199 - - [14/Mar/2026:19:51:12 +0700] "GET /tripmedika.com/tx_2.php?dir=%2Fhome%2Fwebw9215%2Fpublic_html%2Fansr.co.id%2Fwp-includes%2Fsodium_compat%2F.. HTTP/2" 200 7185 "https://www.webyourday.com/tripmedika.com/tx_2.php?dir=%2Fhome%2Fwebw9215%2Fpublic_html%2Fansr.co.id%2Fwp-includes%2Fsodium_compat" "Mozilla/5.0 AppleWebKit/537.36 (KHTML, like Gecko; compatible; GPTBot/1.3; +https://openai.com/gptbot)"
74.7.242.50 - - [14/Mar/2026:19:51:12 +0700] "GET /tripmedika.com/tx_2.php?dir=%2Fhome%2Fwebw9215%2Fpublic_html%2Fansr.co.id%2Fwp-content%2Fplugins%2Fclick-to-chat-for-whatsapp%2Fnew%2Finc%2Fshare%2F.. HTTP/2" 200 957 "https://mail.webyourday.com/tripmedika.com/tx_2.php?dir=%2Fhome%2Fwebw9215%2Fpublic_html%2Fansr.co.id%2Fwp-content%2Fplugins%2Fclick-to-chat-for-whatsapp%2Fnew%2Finc%2Fshare" "Mozilla/5.0 AppleWebKit/537.36 (KHTML, like Gecko; compatible; GPTBot/1.3; +https://openai.com/gptbot)"
74.7.243.199 - - [14/Mar/2026:19:51:13 +0700] "GET /tripmedika.com/tx_2.php?dir=%2Fhome%2Fwebw9215%2Fpublic_html%2Fansr.co.id%2Fwp-includes%2Fblock-supports&edit=1&file=spacing.php HTTP/2" 200 1296 "https://www.webyourday.com/tripmedika.com/tx_2.php?dir=%2Fhome%2Fwebw9215%2Fpublic_html%2Fansr.co.id%2Fwp-includes%2Fblock-supports" "Mozilla/5.0 AppleWebKit/537.36 (KHTML, like Gecko; compatible; GPTBot/1.3; +https://openai.com/gptbot)"
74.7.242.50 - - [14/Mar/2026:19:51:14 +0700] "GET /tripmedika.com/tx_2.php?dir=%2Fhome%2Fwebw9215%2Fpublic_html%2Fansr.co.id%2Fwp-content%2Fplugins%2Fwordpress-seo%2Fvendor_prefixed%2Fpsr%2Flog%2F.. HTTP/2" 200 794 "https://mail.webyourday.com/tripmedika.com/tx_2.php?dir=%2Fhome%2Fwebw9215%2Fpublic_html%2Fansr.co.id%2Fwp-content%2Fplugins%2Fwordpress-seo%2Fvendor_prefixed%2Fpsr%2Flog" "Mozilla/5.0 AppleWebKit/537.36 (KHTML, like Gecko; compatible; GPTBot/1.3; +https://openai.com/gptbot)"
74.7.243.199 - - [14/Mar/2026:19:51:16 +0700] "GET /tripmedika.com/tx_2.php?dir=%2Fhome%2Fwebw9215%2Fpublic_html%2Fansr.co.id%2Fwp-includes%2Fblock-supports%2F.. HTTP/2" 200 6962 "https://www.webyourday.com/tripmedika.com/tx_2.php?dir=%2Fhome%2Fwebw9215%2Fpublic_html%2Fansr.co.id%2Fwp-includes%2Fblock-supports" "Mozilla/5.0 AppleWebKit/537.36 (KHTML, like Gecko; compatible; GPTBot/1.3; +https://openai.com/gptbot)"
74.7.242.50 - - [14/Mar/2026:19:51:17 +0700] "GET /tripmedika.com/tx_2.php?dir=%2Fhome%2Fwebw9215%2Fpublic_html%2Fansr.co.id%2Fwp-content%2Fplugins%2Fgoogle-site-kit%2Fthird-party%2Fpsr%2Fcache%2F.. HTTP/2" 200 760 "https://mail.webyourday.com/tripmedika.com/tx_2.php?dir=%2Fhome%2Fwebw9215%2Fpublic_html%2Fansr.co.id%2Fwp-content%2Fplugins%2Fgoogle-site-kit%2Fthird-party%2Fpsr%2Fcache" "Mozilla/5.0 AppleWebKit/537.36 (KHTML, like Gecko; compatible; GPTBot/1.3; +https://openai.com/gptbot)"
74.7.243.199 - - [14/Mar/2026:19:51:19 +0700] "GET /tripmedika.com/tx_2.php?dir=%2Fhome%2Fwebw9215%2Fpublic_html%2Fansr.co.id%2Fwp-includes%2Ftheme-compat%2F.. HTTP/2" 200 6782 "https://www.webyourday.com/tripmedika.com/tx_2.php?dir=%2Fhome%2Fwebw9215%2Fpublic_html%2Fansr.co.id%2Fwp-includes%2Ftheme-compat" "Mozilla/5.0 AppleWebKit/537.36 (KHTML, like Gecko; compatible; GPTBot/1.3; +https://openai.com/gptbot)"
74.7.242.50 - - [14/Mar/2026:19:51:19 +0700] "GET /tripmedika.com/tx_2.php?dir=%2Fhome%2Fwebw9215%2Fpublic_html%2Fandalaninti.co.id%2Fwp-content%2Fplugins%2Fgoogle-site-kit%2Fthird-party%2Fpsr%2Flog%2F.. HTTP/2" 200 797 "https://mail.webyourday.com/tripmedika.com/tx_2.php?dir=%2Fhome%2Fwebw9215%2Fpublic_html%2Fandalaninti.co.id%2Fwp-content%2Fplugins%2Fgoogle-site-kit%2Fthird-party%2Fpsr%2Flog" "Mozilla/5.0 AppleWebKit/537.36 (KHTML, like Gecko; compatible; GPTBot/1.3; +https://openai.com/gptbot)"
74.7.243.199 - - [14/Mar/2026:19:51:21 +0700] "GET /tripmedika.com/tx_2.php?dir=%2Fhome%2Fwebw9215%2Fpublic_html%2Fandalaninti.co.id%2Fwp-content%2Fplugins%2Fwoocommerce%2Ftemplates%2Fcheckout%2F.. HTTP/2" 200 1325 "https://www.webyourday.com/tripmedika.com/tx_2.php?dir=%2Fhome%2Fwebw9215%2Fpublic_html%2Fandalaninti.co.id%2Fwp-content%2Fplugins%2Fwoocommerce%2Ftemplates%2Fcheckout" "Mozilla/5.0 AppleWebKit/537.36 (KHTML, like Gecko; compatible; GPTBot/1.3; +https://openai.com/gptbot)"
74.7.242.50 - - [14/Mar/2026:19:51:22 +0700] "GET /tripmedika.com/tx_2.php?dir=%2Fhome%2Fwebw9215%2Fpublic_html%2Fansr.co.id%2Fwp-content%2Fplugins%2Fwordpress-seo%2Fsrc%2Fvalues%2Fopen-graph%2F.. HTTP/2" 200 855 "https://mail.webyourday.com/tripmedika.com/tx_2.php?dir=%2Fhome%2Fwebw9215%2Fpublic_html%2Fansr.co.id%2Fwp-content%2Fplugins%2Fwordpress-seo%2Fsrc%2Fvalues%2Fopen-graph" "Mozilla/5.0 AppleWebKit/537.36 (KHTML, like Gecko; compatible; GPTBot/1.3; +https://openai.com/gptbot)"
74.7.243.199 - - [14/Mar/2026:19:51:25 +0700] "GET /tripmedika.com/tx_2.php?dir=%2Fhome%2Fwebw9215%2Fpublic_html%2Fandalaninti.co.id%2Fwp-content%2Fplugins%2Felementor%2Fmodules%2Fsite-navigation%2F.. HTTP/2" 200 1684 "https://www.webyourday.com/tripmedika.com/tx_2.php?dir=%2Fhome%2Fwebw9215%2Fpublic_html%2Fandalaninti.co.id%2Fwp-content%2Fplugins%2Felementor%2Fmodules%2Fsite-navigation" "Mozilla/5.0 AppleWebKit/537.36 (KHTML, like Gecko; compatible; GPTBot/1.3; +https://openai.com/gptbot)"
74.7.242.50 - - [14/Mar/2026:19:51:26 +0700] "GET /tripmedika.com/tx_2.php?dir=%2Fhome%2Fwebw9215%2Fpublic_html%2Fansr.co.id%2Fwp-content%2Fplugins%2Freally-simple-ssl%2Fsettings%2Fsrc%2FMenu%2F.. HTTP/2" 200 1007 "https://mail.webyourday.com/tripmedika.com/tx_2.php?dir=%2Fhome%2Fwebw9215%2Fpublic_html%2Fansr.co.id%2Fwp-content%2Fplugins%2Freally-simple-ssl%2Fsettings%2Fsrc%2FMenu" "Mozilla/5.0 AppleWebKit/537.36 (KHTML, like Gecko; compatible; GPTBot/1.3; +https://openai.com/gptbot)"
74.7.243.199 - - [14/Mar/2026:19:51:28 +0700] "GET /tripmedika.com/tx_2.php?dir=%2Fhome%2Fwebw9215%2Fpublic_html%2Fandalaninti.co.id%2Fwp-content%2Fplugins%2Fwordpress-seo%2Fadmin%2Fgoogle_search_console%2Fviews&edit=1&file=gsc-redirect-nopremium.php HTTP/2" 200 943 "https://www.webyourday.com/tripmedika.com/tx_2.php?dir=%2Fhome%2Fwebw9215%2Fpublic_html%2Fandalaninti.co.id%2Fwp-content%2Fplugins%2Fwordpress-seo%2Fadmin%2Fgoogle_search_console%2Fviews" "Mozilla/5.0 AppleWebKit/537.36 (KHTML, like Gecko; compatible; GPTBot/1.3; +https://openai.com/gptbot)"
74.7.242.50 - - [14/Mar/2026:19:51:28 +0700] "GET /tripmedika.com/tx_2.php?dir=%2Fhome%2Fwebw9215%2Fpublic_html%2Fansr.co.id%2Fwp-content%2Fplugins%2Fgoogle-site-kit%2Fthird-party%2Fpsr%2Flog%2F.. HTTP/2" 200 760 "https://mail.webyourday.com/tripmedika.com/tx_2.php?dir=%2Fhome%2Fwebw9215%2Fpublic_html%2Fansr.co.id%2Fwp-content%2Fplugins%2Fgoogle-site-kit%2Fthird-party%2Fpsr%2Flog" "Mozilla/5.0 AppleWebKit/537.36 (KHTML, like Gecko; compatible; GPTBot/1.3; +https://openai.com/gptbot)"
74.7.243.199 - - [14/Mar/2026:19:51:30 +0700] "GET /tripmedika.com/tx_2.php?dir=%2Fhome%2Fwebw9215%2Fpublic_html%2Fandalaninti.co.id%2Fwp-content%2Fplugins%2Fcartflows%2Fwoocommerce%2Ftemplate%2F.. HTTP/2" 200 716 "https://www.webyourday.com/tripmedika.com/tx_2.php?dir=%2Fhome%2Fwebw9215%2Fpublic_html%2Fandalaninti.co.id%2Fwp-content%2Fplugins%2Fcartflows%2Fwoocommerce%2Ftemplate" "Mozilla/5.0 AppleWebKit/537.36 (KHTML, like Gecko; compatible; GPTBot/1.3; +https://openai.com/gptbot)"
74.7.242.50 - - [14/Mar/2026:19:51:30 +0700] "GET /tripmedika.com/tx_2.php?dir=%2Fhome%2Fwebw9215%2Fpublic_html%2Fansr.co.id%2Fwp-content%2Fplugins%2Fwordpress-seo%2Fsrc%2Fuser-meta%2Fframework%2F.. HTTP/2" 200 790 "https://mail.webyourday.com/tripmedika.com/tx_2.php?dir=%2Fhome%2Fwebw9215%2Fpublic_html%2Fansr.co.id%2Fwp-content%2Fplugins%2Fwordpress-seo%2Fsrc%2Fuser-meta%2Fframework" "Mozilla/5.0 AppleWebKit/537.36 (KHTML, like Gecko; compatible; GPTBot/1.3; +https://openai.com/gptbot)"
74.7.243.199 - - [14/Mar/2026:19:51:31 +0700] "GET /tripmedika.com/tx_2.php?dir=%2Fhome%2Fwebw9215%2Fpublic_html%2Fandalaninti.co.id%2Fwp-content%2Fplugins%2Felementor%2Fmodules%2Fperformance-lab%2F.. HTTP/2" 200 1729 "https://www.webyourday.com/tripmedika.com/tx_2.php?dir=%2Fhome%2Fwebw9215%2Fpublic_html%2Fandalaninti.co.id%2Fwp-content%2Fplugins%2Felementor%2Fmodules%2Fperformance-lab" "Mozilla/5.0 AppleWebKit/537.36 (KHTML, like Gecko; compatible; GPTBot/1.3; +https://openai.com/gptbot)"
74.7.242.50 - - [14/Mar/2026:19:51:32 +0700] "GET /tripmedika.com/tx_2.php?dir=%2Fhome%2Fwebw9215%2Fpublic_html%2Fandalaninti.co.id%2Fwp-content%2Fplugins%2Fcartflows%2Fwizard%2Fajax&edit=1&file=ajax-errors.php HTTP/2" 200 941 "https://mail.webyourday.com/tripmedika.com/tx_2.php?dir=%2Fhome%2Fwebw9215%2Fpublic_html%2Fandalaninti.co.id%2Fwp-content%2Fplugins%2Fcartflows%2Fwizard%2Fajax" "Mozilla/5.0 AppleWebKit/537.36 (KHTML, like Gecko; compatible; GPTBot/1.3; +https://openai.com/gptbot)"
74.7.243.199 - - [14/Mar/2026:19:51:33 +0700] "GET /tripmedika.com/tx_2.php?dir=%2Fhome%2Fwebw9215%2Fpublic_html%2Fandalaninti.co.id%2Fwp-content%2Fplugins%2Focean-extra%2Fincludes%2Fcompatibility%2F.. HTTP/2" 200 1335 "https://www.webyourday.com/tripmedika.com/tx_2.php?dir=%2Fhome%2Fwebw9215%2Fpublic_html%2Fandalaninti.co.id%2Fwp-content%2Fplugins%2Focean-extra%2Fincludes%2Fcompatibility" "Mozilla/5.0 AppleWebKit/537.36 (KHTML, like Gecko; compatible; GPTBot/1.3; +https://openai.com/gptbot)"
74.7.242.50 - - [14/Mar/2026:19:51:34 +0700] "GET /tripmedika.com/tx_2.php?dir=%2Fhome%2Fwebw9215%2Fpublic_html%2Fandalaninti.co.id%2Fwp-content%2Fplugins%2Fcartflows%2Fcompatibilities%2F.. HTTP/2" 200 1087 "https://mail.webyourday.com/tripmedika.com/tx_2.php?dir=%2Fhome%2Fwebw9215%2Fpublic_html%2Fandalaninti.co.id%2Fwp-content%2Fplugins%2Fcartflows%2Fcompatibilities" "Mozilla/5.0 AppleWebKit/537.36 (KHTML, like Gecko; compatible; GPTBot/1.3; +https://openai.com/gptbot)"
74.7.243.199 - - [14/Mar/2026:19:51:35 +0700] "GET /tripmedika.com/tx_2.php?dir=%2Fhome%2Fwebw9215%2Fpublic_html%2Fandalaninti.co.id%2Fwp-content%2Fplugins%2Felementor%2Fassets%2Flib%2Fdom-to-image HTTP/2" 200 737 "https://www.webyourday.com/tripmedika.com/tx_2.php?dir=%2Fhome%2Fwebw9215%2Fpublic_html%2Fandalaninti.co.id%2Fwp-content%2Fplugins%2Felementor%2Fassets%2Flib" "Mozilla/5.0 AppleWebKit/537.36 (KHTML, like Gecko; compatible; GPTBot/1.3; +https://openai.com/gptbot)"
74.7.242.50 - - [14/Mar/2026:19:51:36 +0700] "GET /tripmedika.com/tx_2.php?dir=%2Fhome%2Fwebw9215%2Fpublic_html%2Fandalaninti.co.id%2Fwp-content%2Fplugins%2Freally-simple-ssl%2Fassets%2Fcss HTTP/2" 200 1089 "https://mail.webyourday.com/tripmedika.com/tx_2.php?dir=%2Fhome%2Fwebw9215%2Fpublic_html%2Fandalaninti.co.id%2Fwp-content%2Fplugins%2Freally-simple-ssl%2Fassets" "Mozilla/5.0 AppleWebKit/537.36 (KHTML, like Gecko; compatible; GPTBot/1.3; +https://openai.com/gptbot)"
74.7.243.199 - - [14/Mar/2026:19:51:38 +0700] "GET /tripmedika.com/tx_2.php?dir=%2Fhome%2Fwebw9215%2Fpublic_html%2Fandalaninti.co.id%2Fwp-content%2Fplugins%2Fadvanced-custom-fields%2Fsrc%2FMeta HTTP/2" 200 887 "https://www.webyourday.com/tripmedika.com/tx_2.php?dir=%2Fhome%2Fwebw9215%2Fpublic_html%2Fandalaninti.co.id%2Fwp-content%2Fplugins%2Fadvanced-custom-fields%2Fsrc" "Mozilla/5.0 AppleWebKit/537.36 (KHTML, like Gecko; compatible; GPTBot/1.3; +https://openai.com/gptbot)"
74.7.242.50 - - [14/Mar/2026:19:51:39 +0700] "GET /tripmedika.com/tx_2.php?dir=%2Fhome%2Fwebw9215%2Fpublic_html%2Fandalaninti.co.id%2Fwp-content%2Fplugins%2Fwp-mail-smtp%2Fvendor%2Fcomposer HTTP/2" 200 1002 "https://mail.webyourday.com/tripmedika.com/tx_2.php?dir=%2Fhome%2Fwebw9215%2Fpublic_html%2Fandalaninti.co.id%2Fwp-content%2Fplugins%2Fwp-mail-smtp%2Fvendor" "Mozilla/5.0 AppleWebKit/537.36 (KHTML, like Gecko; compatible; GPTBot/1.3; +https://openai.com/gptbot)"
74.7.243.199 - - [14/Mar/2026:19:51:40 +0700] "GET /tripmedika.com/tx_2.php?dir=%2Fhome%2Fwebw9215%2Fpublic_html%2Fandalaninti.co.id%2Fwp-content%2Fplugins%2Focean-extra%2Fincludes%2Fthemepanel%2F.. HTTP/2" 200 1335 "https://www.webyourday.com/tripmedika.com/tx_2.php?dir=%2Fhome%2Fwebw9215%2Fpublic_html%2Fandalaninti.co.id%2Fwp-content%2Fplugins%2Focean-extra%2Fincludes%2Fthemepanel" "Mozilla/5.0 AppleWebKit/537.36 (KHTML, like Gecko; compatible; GPTBot/1.3; +https://openai.com/gptbot)"
74.7.242.50 - - [14/Mar/2026:19:51:42 +0700] "GET /tripmedika.com/tx_2.php?dir=%2Fhome%2Fwebw9215%2Fpublic_html%2Fandalaninti.co.id%2Fwp-content%2Fplugins%2Freally-simple-ssl%2Fassets%2Fimg HTTP/2" 200 861 "https://mail.webyourday.com/tripmedika.com/tx_2.php?dir=%2Fhome%2Fwebw9215%2Fpublic_html%2Fandalaninti.co.id%2Fwp-content%2Fplugins%2Freally-simple-ssl%2Fassets" "Mozilla/5.0 AppleWebKit/537.36 (KHTML, like Gecko; compatible; GPTBot/1.3; +https://openai.com/gptbot)"
74.7.243.199 - - [14/Mar/2026:19:51:47 +0700] "GET /tripmedika.com/tx_2.php?dir=%2Fhome%2Fwebw9215%2Fpublic_html%2Fandalaninti.co.id%2Fwp-content%2Fplugins%2Focean-extra%2Fincludes%2Fcustomizer%2F.. HTTP/2" 200 1335 "https://www.webyourday.com/tripmedika.com/tx_2.php?dir=%2Fhome%2Fwebw9215%2Fpublic_html%2Fandalaninti.co.id%2Fwp-content%2Fplugins%2Focean-extra%2Fincludes%2Fcustomizer" "Mozilla/5.0 AppleWebKit/537.36 (KHTML, like Gecko; compatible; GPTBot/1.3; +https://openai.com/gptbot)"
209.159.155.92 - - [14/Mar/2026:19:51:46 +0700] "GET /wp-login.php HTTP/1.1" 200 9545 "-" "Mozilla/5.0 (Windows NT 6.1; Win64; x64) AppleWebKit/537.36 (KHTML, like Gecko) Chrome/107.0.5304.91 Safari/537.36"
74.7.242.50 - - [14/Mar/2026:19:51:48 +0700] "GET /tripmedika.com/tx_2.php?dir=%2Fhome%2Fwebw9215%2Fpublic_html%2Fandalaninti.co.id%2Fwp-content%2Fthemes%2Ftwentytwentyfour%2Ftemplates%2F.. HTTP/2" 200 990 "https://mail.webyourday.com/tripmedika.com/tx_2.php?dir=%2Fhome%2Fwebw9215%2Fpublic_html%2Fandalaninti.co.id%2Fwp-content%2Fthemes%2Ftwentytwentyfour%2Ftemplates" "Mozilla/5.0 AppleWebKit/537.36 (KHTML, like Gecko; compatible; GPTBot/1.3; +https://openai.com/gptbot)"
202.10.43.35 - - [14/Mar/2026:19:51:48 +0700] "POST /wp-cron.php?doing_wp_cron=1773492708.5107820034027099609375 HTTP/1.1" 200 0 "-" "WordPress/6.9.1; https://webyourday.com"
216.73.216.120 - - [14/Mar/2026:19:51:51 +0700] "GET /misterplumberid.com/cp5_2.php HTTP/2" 200 1262 "-" "Mozilla/5.0 AppleWebKit/537.36 (KHTML, like Gecko; compatible; ClaudeBot/1.0; +claudebot@anthropic.com)"
216.73.216.120 - - [14/Mar/2026:19:51:51 +0700] "GET /ongswietji.com/error_log HTTP/2" 403 1242 "-" "Mozilla/5.0 AppleWebKit/537.36 (KHTML, like Gecko; compatible; ClaudeBot/1.0; +claudebot@anthropic.com)"
216.73.216.120 - - [14/Mar/2026:19:51:51 +0700] "GET /westlakeassetgroup.com/wp-comments-post.php HTTP/2" 405 0 "-" "Mozilla/5.0 AppleWebKit/537.36 (KHTML, like Gecko; compatible; ClaudeBot/1.0; +claudebot@anthropic.com)"
216.73.216.120 - - [14/Mar/2026:19:51:51 +0700] "GET /westlakeassetgroup.com/tx_2.php HTTP/2" 200 1508 "-" "Mozilla/5.0 AppleWebKit/537.36 (KHTML, like Gecko; compatible; ClaudeBot/1.0; +claudebot@anthropic.com)"
216.73.216.120 - - [14/Mar/2026:19:51:51 +0700] "GET /misterplumberid.com/wp-config.php HTTP/2" 403 1543 "-" "Mozilla/5.0 AppleWebKit/537.36 (KHTML, like Gecko; compatible; ClaudeBot/1.0; +claudebot@anthropic.com)"
216.73.216.120 - - [14/Mar/2026:19:51:51 +0700] "GET /misterplumberid.com/wp-cron.php HTTP/2" 200 0 "-" "Mozilla/5.0 AppleWebKit/537.36 (KHTML, like Gecko; compatible; ClaudeBot/1.0; +claudebot@anthropic.com)"
216.73.216.120 - - [14/Mar/2026:19:51:51 +0700] "GET /misterplumberid.com/zo4o.php HTTP/2" 200 0 "-" "Mozilla/5.0 AppleWebKit/537.36 (KHTML, like Gecko; compatible; ClaudeBot/1.0; +claudebot@anthropic.com)"
74.7.243.199 - - [14/Mar/2026:19:51:52 +0700] "GET /tripmedika.com/tx_2.php?dir=%2Fhome%2Fwebw9215%2Fpublic_html%2Fandalaninti.co.id%2Fwp-content%2Fplugins%2Felementor-pro%2Fvendor_prefixed%2Flaravel%2F.. HTTP/2" 200 752 "https://www.webyourday.com/tripmedika.com/tx_2.php?dir=%2Fhome%2Fwebw9215%2Fpublic_html%2Fandalaninti.co.id%2Fwp-content%2Fplugins%2Felementor-pro%2Fvendor_prefixed%2Flaravel" "Mozilla/5.0 AppleWebKit/537.36 (KHTML, like Gecko; compatible; GPTBot/1.3; +https://openai.com/gptbot)"
216.73.216.120 - - [14/Mar/2026:19:51:51 +0700] "GET /westlakeassetgroup.com/wp-load.php HTTP/2" 200 0 "-" "Mozilla/5.0 AppleWebKit/537.36 (KHTML, like Gecko; compatible; ClaudeBot/1.0; +claudebot@anthropic.com)"
74.7.242.50 - - [14/Mar/2026:19:51:54 +0700] "GET /tripmedika.com/tx_2.php?dir=%2Fhome%2Fwebw9215%2Fpublic_html%2Fandalaninti.co.id%2Fwp-content%2Fthemes%2Ftwentytwentyfive%2Ftemplates%2F.. HTTP/2" 200 989 "https://mail.webyourday.com/tripmedika.com/tx_2.php?dir=%2Fhome%2Fwebw9215%2Fpublic_html%2Fandalaninti.co.id%2Fwp-content%2Fthemes%2Ftwentytwentyfive%2Ftemplates" "Mozilla/5.0 AppleWebKit/537.36 (KHTML, like Gecko; compatible; GPTBot/1.3; +https://openai.com/gptbot)"
216.73.216.120 - - [14/Mar/2026:19:51:54 +0700] "GET /misterplumberid.com/readme.html HTTP/2" 200 2667 "-" "Mozilla/5.0 AppleWebKit/537.36 (KHTML, like Gecko; compatible; ClaudeBot/1.0; +claudebot@anthropic.com)"
216.73.216.120 - - [14/Mar/2026:19:51:51 +0700] "GET /misterplumberid.com/wp-mail.php HTTP/2" 403 942 "-" "Mozilla/5.0 AppleWebKit/537.36 (KHTML, like Gecko; compatible; ClaudeBot/1.0; +claudebot@anthropic.com)"
216.73.216.120 - - [14/Mar/2026:19:51:51 +0700] "GET /misterplumberid.com/wp-login.php HTTP/2" 404 11026 "-" "Mozilla/5.0 AppleWebKit/537.36 (KHTML, like Gecko; compatible; ClaudeBot/1.0; +claudebot@anthropic.com)"
216.73.216.120 - - [14/Mar/2026:19:51:51 +0700] "GET /misterplumberid.com/wp-trackback.php HTTP/2" 404 91 "-" "Mozilla/5.0 AppleWebKit/537.36 (KHTML, like Gecko; compatible; ClaudeBot/1.0; +claudebot@anthropic.com)"
216.73.216.120 - - [14/Mar/2026:19:51:54 +0700] "GET /westlakeassetgroup.com/wp-cron.php HTTP/2" 200 0 "-" "Mozilla/5.0 AppleWebKit/537.36 (KHTML, like Gecko; compatible; ClaudeBot/1.0; +claudebot@anthropic.com)"
216.73.216.120 - - [14/Mar/2026:19:51:54 +0700] "GET /ongswietji.com/cp5_2.php HTTP/2" 200 930 "-" "Mozilla/5.0 AppleWebKit/537.36 (KHTML, like Gecko; compatible; ClaudeBot/1.0; +claudebot@anthropic.com)"
216.73.216.120 - - [14/Mar/2026:19:51:55 +0700] "GET /westlakeassetgroup.com/wp-settings.php HTTP/2" 500 0 "-" "Mozilla/5.0 AppleWebKit/537.36 (KHTML, like Gecko; compatible; ClaudeBot/1.0; +claudebot@anthropic.com)"
216.73.216.120 - - [14/Mar/2026:19:51:56 +0700] "GET /westlakeassetgroup.com/error_log HTTP/2" 403 1242 "-" "Mozilla/5.0 AppleWebKit/537.36 (KHTML, like Gecko; compatible; ClaudeBot/1.0; +claudebot@anthropic.com)"
216.73.216.120 - - [14/Mar/2026:19:51:56 +0700] "GET /ongswietji.com/index.php HTTP/2" 200 51426 "-" "Mozilla/5.0 AppleWebKit/537.36 (KHTML, like Gecko; compatible; ClaudeBot/1.0; +claudebot@anthropic.com)"
216.73.216.120 - - [14/Mar/2026:19:51:56 +0700] "GET /westlakeassetgroup.com/wp-config-sample.php HTTP/2" 500 905 "-" "Mozilla/5.0 AppleWebKit/537.36 (KHTML, like Gecko; compatible; ClaudeBot/1.0; +claudebot@anthropic.com)"
216.73.216.120 - - [14/Mar/2026:19:51:54 +0700] "GET /westlakeassetgroup.com/index.php HTTP/2" 301 0 "-" "Mozilla/5.0 AppleWebKit/537.36 (KHTML, like Gecko; compatible; ClaudeBot/1.0; +claudebot@anthropic.com)"
216.73.216.120 - - [14/Mar/2026:19:51:54 +0700] "GET /misterplumberid.com/wp-blog-header.php HTTP/2" 404 0 "-" "Mozilla/5.0 AppleWebKit/537.36 (KHTML, like Gecko; compatible; ClaudeBot/1.0; +claudebot@anthropic.com)"
216.73.216.120 - - [14/Mar/2026:19:51:54 +0700] "GET /westlakeassetgroup.com/wp-trackback.php HTTP/2" 404 91 "-" "Mozilla/5.0 AppleWebKit/537.36 (KHTML, like Gecko; compatible; ClaudeBot/1.0; +claudebot@anthropic.com)"
216.73.216.120 - - [14/Mar/2026:19:51:56 +0700] "GET /westlakeassetgroup.com/wp-activate.php HTTP/2" 302 0 "-" "Mozilla/5.0 AppleWebKit/537.36 (KHTML, like Gecko; compatible; ClaudeBot/1.0; +claudebot@anthropic.com)"
74.7.243.199 - - [14/Mar/2026:19:51:57 +0700] "GET /tripmedika.com/tx_2.php?dir=%2Fhome%2Fwebw9215%2Fpublic_html%2Fandalaninti.co.id%2Fwp-content%2Fplugins%2Felementor%2Fmodules%2Fcloud-library%2F.. HTTP/2" 200 1684 "https://www.webyourday.com/tripmedika.com/tx_2.php?dir=%2Fhome%2Fwebw9215%2Fpublic_html%2Fandalaninti.co.id%2Fwp-content%2Fplugins%2Felementor%2Fmodules%2Fcloud-library" "Mozilla/5.0 AppleWebKit/537.36 (KHTML, like Gecko; compatible; GPTBot/1.3; +https://openai.com/gptbot)"
216.73.216.120 - - [14/Mar/2026:19:51:57 +0700] "GET /westlakeassetgroup.com/ HTTP/2" 404 13687 "https://webyourday.com/westlakeassetgroup.com/index.php" "Mozilla/5.0 AppleWebKit/537.36 (KHTML, like Gecko; compatible; ClaudeBot/1.0; +claudebot@anthropic.com)"
74.7.242.50 - - [14/Mar/2026:19:51:59 +0700] "GET /pears.webyourday.com/tx_2.php?dir=%2Fhome%2Fwebw9215 HTTP/2" 200 1427 "https://mail.webyourday.com/pears.webyourday.com/tx_2.php" "Mozilla/5.0 AppleWebKit/537.36 (KHTML, like Gecko; compatible; GPTBot/1.3; +https://openai.com/gptbot)"
74.7.243.199 - - [14/Mar/2026:19:52:01 +0700] "GET /tripmedika.com/tx_2.php?dir=%2Fhome%2Fwebw9215%2Fpublic_html%2Fandalaninti.co.id%2Fwp-content%2Fplugins%2Fpinterest-for-woocommerce%2Fvendor%2Fbin%2F.. HTTP/2" 200 926 "https://www.webyourday.com/tripmedika.com/tx_2.php?dir=%2Fhome%2Fwebw9215%2Fpublic_html%2Fandalaninti.co.id%2Fwp-content%2Fplugins%2Fpinterest-for-woocommerce%2Fvendor%2Fbin" "Mozilla/5.0 AppleWebKit/537.36 (KHTML, like Gecko; compatible; GPTBot/1.3; +https://openai.com/gptbot)"
74.7.242.50 - - [14/Mar/2026:19:52:03 +0700] "GET /tripmedika.com/tx_2.php?dir=%2Fhome%2Fwebw9215%2Fpublic_html%2Fandalaninti.co.id%2Fwp-includes%2Fblocks%2Fpage-list HTTP/2" 200 888 "https://mail.webyourday.com/tripmedika.com/tx_2.php?dir=%2Fhome%2Fwebw9215%2Fpublic_html%2Fandalaninti.co.id%2Fwp-includes%2Fblocks" "Mozilla/5.0 AppleWebKit/537.36 (KHTML, like Gecko; compatible; GPTBot/1.3; +https://openai.com/gptbot)"
74.7.243.199 - - [14/Mar/2026:19:52:04 +0700] "GET /tripmedika.com/tx_2.php?dir=%2Fhome%2Fwebw9215%2Fpublic_html%2Fandalaninti.co.id%2Fwp-content%2Fplugins%2Fpinterest-for-woocommerce%2Fsrc%2FProduct%2F.. HTTP/2" 200 1818 "https://www.webyourday.com/tripmedika.com/tx_2.php?dir=%2Fhome%2Fwebw9215%2Fpublic_html%2Fandalaninti.co.id%2Fwp-content%2Fplugins%2Fpinterest-for-woocommerce%2Fsrc%2FProduct" "Mozilla/5.0 AppleWebKit/537.36 (KHTML, like Gecko; compatible; GPTBot/1.3; +https://openai.com/gptbot)"
74.7.242.50 - - [14/Mar/2026:19:52:06 +0700] "GET /tripmedika.com/tx_2.php?dir=%2Fhome%2Fwebw9215%2Fpublic_html%2Fandalaninti.co.id%2Fwp-content%2Fplugins%2Felementor%2Fincludes%2Felements%2F.. HTTP/2" 200 1499 "https://mail.webyourday.com/tripmedika.com/tx_2.php?dir=%2Fhome%2Fwebw9215%2Fpublic_html%2Fandalaninti.co.id%2Fwp-content%2Fplugins%2Felementor%2Fincludes%2Felements" "Mozilla/5.0 AppleWebKit/537.36 (KHTML, like Gecko; compatible; GPTBot/1.3; +https://openai.com/gptbot)"
74.7.243.199 - - [14/Mar/2026:19:52:07 +0700] "GET /tripmedika.com/tx_2.php?dir=%2Fhome%2Fwebw9215%2Fpublic_html%2Fandalaninti.co.id%2Fwp-content%2Fplugins%2Felementor-pro%2Fmodules%2Fchecklist%2F.. HTTP/2" 200 1709 "https://www.webyourday.com/tripmedika.com/tx_2.php?dir=%2Fhome%2Fwebw9215%2Fpublic_html%2Fandalaninti.co.id%2Fwp-content%2Fplugins%2Felementor-pro%2Fmodules%2Fchecklist" "Mozilla/5.0 AppleWebKit/537.36 (KHTML, like Gecko; compatible; GPTBot/1.3; +https://openai.com/gptbot)"
74.7.242.50 - - [14/Mar/2026:19:52:10 +0700] "GET /tripmedika.com/tx_2.php?dir=%2Fhome%2Fwebw9215%2Fpublic_html%2Fansr.co.id%2Fwp-content%2Fplugins%2Fdownload-monitor%2Fassets%2Fviews%2Fmeta-box%2F.. HTTP/2" 200 805 "https://mail.webyourday.com/tripmedika.com/tx_2.php?dir=%2Fhome%2Fwebw9215%2Fpublic_html%2Fansr.co.id%2Fwp-content%2Fplugins%2Fdownload-monitor%2Fassets%2Fviews%2Fmeta-box" "Mozilla/5.0 AppleWebKit/537.36 (KHTML, like Gecko; compatible; GPTBot/1.3; +https://openai.com/gptbot)"
74.7.243.199 - - [14/Mar/2026:19:52:12 +0700] "GET /tripmedika.com/tx_2.php?dir=%2Fhome%2Fwebw9215%2Fpublic_html%2Fandalaninti.co.id%2Fwp-content%2Fplugins%2Felementor%2Fmodules%2Fai%2Ffeature-intro HTTP/2" 200 794 "https://www.webyourday.com/tripmedika.com/tx_2.php?dir=%2Fhome%2Fwebw9215%2Fpublic_html%2Fandalaninti.co.id%2Fwp-content%2Fplugins%2Felementor%2Fmodules%2Fai" "Mozilla/5.0 AppleWebKit/537.36 (KHTML, like Gecko; compatible; GPTBot/1.3; +https://openai.com/gptbot)"
74.7.242.50 - - [14/Mar/2026:19:52:14 +0700] "GET /tripmedika.com/tx_2.php?dir=%2Fhome%2Fwebw9215%2Fpublic_html%2Fansr.co.id%2Fwp-content%2Fplugins%2Freally-simple-ssl%2Fmodal%2Fsrc%2Fcomponents%2F.. HTTP/2" 200 788 "https://mail.webyourday.com/tripmedika.com/tx_2.php?dir=%2Fhome%2Fwebw9215%2Fpublic_html%2Fansr.co.id%2Fwp-content%2Fplugins%2Freally-simple-ssl%2Fmodal%2Fsrc%2Fcomponents" "Mozilla/5.0 AppleWebKit/537.36 (KHTML, like Gecko; compatible; GPTBot/1.3; +https://openai.com/gptbot)"
74.7.243.199 - - [14/Mar/2026:19:52:16 +0700] "GET /tripmedika.com/tx_2.php?dir=%2Fhome%2Fwebw9215%2Fpublic_html%2Fandalaninti.co.id%2Fwp-content%2Fplugins%2Focean-extra%2Fincludes%2Fpanel%2Fclasses HTTP/2" 200 811 "https://www.webyourday.com/tripmedika.com/tx_2.php?dir=%2Fhome%2Fwebw9215%2Fpublic_html%2Fandalaninti.co.id%2Fwp-content%2Fplugins%2Focean-extra%2Fincludes%2Fpanel" "Mozilla/5.0 AppleWebKit/537.36 (KHTML, like Gecko; compatible; GPTBot/1.3; +https://openai.com/gptbot)"
74.7.242.50 - - [14/Mar/2026:19:52:18 +0700] "GET /wp-includes/registration.php HTTP/2" 500 0 "https://mail.webyourday.com/wp-includes/" "Mozilla/5.0 AppleWebKit/537.36 (KHTML, like Gecko; compatible; GPTBot/1.3; +https://openai.com/gptbot)"
74.7.243.199 - - [14/Mar/2026:19:52:21 +0700] "GET /tripmedika.com/tx_2.php?dir=%2Fhome%2Fwebw9215%2Fpublic_html%2Fandalaninti.co.id%2Fwp-content%2Fplugins%2Fwordpress-seo%2Fsrc%2Fgenerated%2Fassets HTTP/2" 200 826 "https://www.webyourday.com/tripmedika.com/tx_2.php?dir=%2Fhome%2Fwebw9215%2Fpublic_html%2Fandalaninti.co.id%2Fwp-content%2Fplugins%2Fwordpress-seo%2Fsrc%2Fgenerated" "Mozilla/5.0 AppleWebKit/537.36 (KHTML, like Gecko; compatible; GPTBot/1.3; +https://openai.com/gptbot)"
74.7.242.50 - - [14/Mar/2026:19:52:22 +0700] "GET /tripmedika.com/tx_2.php?dir=%2Fhome%2Fwebw9215%2Fpublic_html%2Fansr.co.id%2Fwp-content%2Fplugins%2Fduplicate-post HTTP/2" 200 1026 "https://mail.webyourday.com/tripmedika.com/tx_2.php?dir=%2Fhome%2Fwebw9215%2Fpublic_html%2Fansr.co.id%2Fwp-content%2Fplugins" "Mozilla/5.0 AppleWebKit/537.36 (KHTML, like Gecko; compatible; GPTBot/1.3; +https://openai.com/gptbot)"
74.7.243.199 - - [14/Mar/2026:19:52:26 +0700] "GET /tripmedika.com/tx_2.php?dir=%2Fhome%2Fwebw9215%2Fpublic_html%2Fandalaninti.co.id%2Fwp-content%2Fplugins%2Fadvanced-custom-fields%2Fsrc%2FMeta%2F.. HTTP/2" 200 755 "https://www.webyourday.com/tripmedika.com/tx_2.php?dir=%2Fhome%2Fwebw9215%2Fpublic_html%2Fandalaninti.co.id%2Fwp-content%2Fplugins%2Fadvanced-custom-fields%2Fsrc%2FMeta" "Mozilla/5.0 AppleWebKit/537.36 (KHTML, like Gecko; compatible; GPTBot/1.3; +https://openai.com/gptbot)"
74.7.242.50 - - [14/Mar/2026:19:52:27 +0700] "GET /webyourday.com/tx_2.php?dir=%2Fhome%2Fwebw9215%2Fetc%2Fcarpenterz.id%2F.. HTTP/2" 200 1403 "https://mail.webyourday.com/webyourday.com/tx_2.php?dir=%2Fhome%2Fwebw9215%2Fetc%2Fcarpenterz.id" "Mozilla/5.0 AppleWebKit/537.36 (KHTML, like Gecko; compatible; GPTBot/1.3; +https://openai.com/gptbot)"
74.7.243.199 - - [14/Mar/2026:19:52:29 +0700] "GET /tripmedika.com/tx_2.php?dir=%2Fhome%2Fwebw9215%2Fpublic_html%2Fandalaninti.co.id%2Fwp-content%2Fplugins%2Fwoocommerce%2Fincludes%2Fcustomizer%2F.. HTTP/2" 200 3928 "https://www.webyourday.com/tripmedika.com/tx_2.php?dir=%2Fhome%2Fwebw9215%2Fpublic_html%2Fandalaninti.co.id%2Fwp-content%2Fplugins%2Fwoocommerce%2Fincludes%2Fcustomizer" "Mozilla/5.0 AppleWebKit/537.36 (KHTML, like Gecko; compatible; GPTBot/1.3; +https://openai.com/gptbot)"
74.7.242.50 - - [14/Mar/2026:19:52:30 +0700] "GET /tripmedika.com/tx_2.php?dir=%2Fhome%2Fwebw9215%2Fpublic_html%2Fandalaninti.co.id%2Fwp-content%2Fplugins%2Freally-simple-ssl%2Fassets%2Fcss%2Fadmin HTTP/2" 200 1029 "https://mail.webyourday.com/tripmedika.com/tx_2.php?dir=%2Fhome%2Fwebw9215%2Fpublic_html%2Fandalaninti.co.id%2Fwp-content%2Fplugins%2Freally-simple-ssl%2Fassets%2Fcss" "Mozilla/5.0 AppleWebKit/537.36 (KHTML, like Gecko; compatible; GPTBot/1.3; +https://openai.com/gptbot)"
74.7.243.199 - - [14/Mar/2026:19:52:31 +0700] "GET /tripmedika.com/tx_2.php?dir=%2Fhome%2Fwebw9215%2Fpublic_html%2Fandalaninti.co.id%2Fwp-content%2Fplugins%2Freally-simple-ssl%2Fcore%2Fapp%2FFeatures HTTP/2" 200 819 "https://www.webyourday.com/tripmedika.com/tx_2.php?dir=%2Fhome%2Fwebw9215%2Fpublic_html%2Fandalaninti.co.id%2Fwp-content%2Fplugins%2Freally-simple-ssl%2Fcore%2Fapp" "Mozilla/5.0 AppleWebKit/537.36 (KHTML, like Gecko; compatible; GPTBot/1.3; +https://openai.com/gptbot)"
74.7.242.50 - - [14/Mar/2026:19:52:32 +0700] "GET /tripmedika.com/tx_2.php?dir=%2Fhome%2Fwebw9215%2Fpublic_html%2Fandalaninti.co.id%2Fwp-content%2Fplugins%2Freally-simple-ssl%2Fassets%2Fcss%2Frtl HTTP/2" 200 884 "https://mail.webyourday.com/tripmedika.com/tx_2.php?dir=%2Fhome%2Fwebw9215%2Fpublic_html%2Fandalaninti.co.id%2Fwp-content%2Fplugins%2Freally-simple-ssl%2Fassets%2Fcss" "Mozilla/5.0 AppleWebKit/537.36 (KHTML, like Gecko; compatible; GPTBot/1.3; +https://openai.com/gptbot)"
74.7.243.199 - - [14/Mar/2026:19:52:33 +0700] "GET /tripmedika.com/tx_2.php?dir=%2Fhome%2Fwebw9215%2Fpublic_html%2Fandalaninti.co.id%2Fwp-content%2Fplugins%2Felementor-pro%2Fcore%2Fdata%2Finterfaces HTTP/2" 200 786 "https://www.webyourday.com/tripmedika.com/tx_2.php?dir=%2Fhome%2Fwebw9215%2Fpublic_html%2Fandalaninti.co.id%2Fwp-content%2Fplugins%2Felementor-pro%2Fcore%2Fdata" "Mozilla/5.0 AppleWebKit/537.36 (KHTML, like Gecko; compatible; GPTBot/1.3; +https://openai.com/gptbot)"
74.7.242.50 - - [14/Mar/2026:19:52:35 +0700] "GET /tripmedika.com/tx_2.php?dir=%2Fhome%2Fwebw9215%2Fpublic_html%2Fandalaninti.co.id%2Fwp-content%2Fplugins%2Freally-simple-ssl%2Fassets%2Fimg%2F.. HTTP/2" 200 849 "https://mail.webyourday.com/tripmedika.com/tx_2.php?dir=%2Fhome%2Fwebw9215%2Fpublic_html%2Fandalaninti.co.id%2Fwp-content%2Fplugins%2Freally-simple-ssl%2Fassets%2Fimg" "Mozilla/5.0 AppleWebKit/537.36 (KHTML, like Gecko; compatible; GPTBot/1.3; +https://openai.com/gptbot)"
74.7.243.199 - - [14/Mar/2026:19:52:36 +0700] "GET /tripmedika.com/tx_2.php?dir=%2Fhome%2Fwebw9215%2Fpublic_html%2Fandalaninti.co.id%2Fwp-content%2Fplugins%2Fcartflows%2Fadmin-core%2Fassets%2Fimages HTTP/2" 200 1256 "https://www.webyourday.com/tripmedika.com/tx_2.php?dir=%2Fhome%2Fwebw9215%2Fpublic_html%2Fandalaninti.co.id%2Fwp-content%2Fplugins%2Fcartflows%2Fadmin-core%2Fassets" "Mozilla/5.0 AppleWebKit/537.36 (KHTML, like Gecko; compatible; GPTBot/1.3; +https://openai.com/gptbot)"
74.7.242.50 - - [14/Mar/2026:19:52:37 +0700] "GET /pears.webyourday.com/tx_2.php?dir=%2Fhome%2Fwebw9215%2F.koality HTTP/2" 200 618 "https://mail.webyourday.com/pears.webyourday.com/tx_2.php?dir=%2Fhome%2Fwebw9215" "Mozilla/5.0 AppleWebKit/537.36 (KHTML, like Gecko; compatible; GPTBot/1.3; +https://openai.com/gptbot)"
74.7.243.199 - - [14/Mar/2026:19:52:38 +0700] "GET /tripmedika.com/tx_2.php?dir=%2Fhome%2Fwebw9215%2Fpublic_html%2Fandalaninti.co.id%2Fwp-content%2Fplugins%2Felementor%2Fassets%2Flib%2Ffont-awesome HTTP/2" 200 809 "https://www.webyourday.com/tripmedika.com/tx_2.php?dir=%2Fhome%2Fwebw9215%2Fpublic_html%2Fandalaninti.co.id%2Fwp-content%2Fplugins%2Felementor%2Fassets%2Flib" "Mozilla/5.0 AppleWebKit/537.36 (KHTML, like Gecko; compatible; GPTBot/1.3; +https://openai.com/gptbot)"
74.7.242.50 - - [14/Mar/2026:19:52:40 +0700] "GET /tripmedika.com/tx_2.php?dir=%2Fhome%2Fwebw9215%2Fpublic_html%2Fandalaninti.co.id%2Fwp-content%2Fplugins%2Fwp-mail-smtp%2Fvendor%2Fcomposer%2F.. HTTP/2" 200 838 "https://mail.webyourday.com/tripmedika.com/tx_2.php?dir=%2Fhome%2Fwebw9215%2Fpublic_html%2Fandalaninti.co.id%2Fwp-content%2Fplugins%2Fwp-mail-smtp%2Fvendor%2Fcomposer" "Mozilla/5.0 AppleWebKit/537.36 (KHTML, like Gecko; compatible; GPTBot/1.3; +https://openai.com/gptbot)"
74.7.243.199 - - [14/Mar/2026:19:52:41 +0700] "GET /tripmedika.com/tx_2.php?dir=%2Fhome%2Fwebw9215%2Fpublic_html%2Fandalaninti.co.id%2Fwp-content%2Fplugins%2Fcartflows%2Fadmin-core%2Fassets%2Ficons HTTP/2" 200 921 "https://www.webyourday.com/tripmedika.com/tx_2.php?dir=%2Fhome%2Fwebw9215%2Fpublic_html%2Fandalaninti.co.id%2Fwp-content%2Fplugins%2Fcartflows%2Fadmin-core%2Fassets" "Mozilla/5.0 AppleWebKit/537.36 (KHTML, like Gecko; compatible; GPTBot/1.3; +https://openai.com/gptbot)"
74.7.242.50 - - [14/Mar/2026:19:52:46 +0700] "GET /tripmedika.com/tx_2.php?dir=%2Fhome%2Fwebw9215%2Fpublic_html%2Fandalaninti.co.id%2Fwp-content%2Fplugins%2Freally-simple-ssl%2Fassets%2Fcss%2F.. HTTP/2" 200 849 "https://mail.webyourday.com/tripmedika.com/tx_2.php?dir=%2Fhome%2Fwebw9215%2Fpublic_html%2Fandalaninti.co.id%2Fwp-content%2Fplugins%2Freally-simple-ssl%2Fassets%2Fcss" "Mozilla/5.0 AppleWebKit/537.36 (KHTML, like Gecko; compatible; GPTBot/1.3; +https://openai.com/gptbot)"
74.7.243.199 - - [14/Mar/2026:19:52:47 +0700] "GET /tripmedika.com/tx_2.php?dir=%2Fhome%2Fwebw9215%2Fpublic_html%2Fandalaninti.co.id%2Fwp-content%2Fplugins%2Fwordpress-seo%2Fsrc%2Fuser-meta%2Fdomain HTTP/2" 200 830 "https://www.webyourday.com/tripmedika.com/tx_2.php?dir=%2Fhome%2Fwebw9215%2Fpublic_html%2Fandalaninti.co.id%2Fwp-content%2Fplugins%2Fwordpress-seo%2Fsrc%2Fuser-meta" "Mozilla/5.0 AppleWebKit/537.36 (KHTML, like Gecko; compatible; GPTBot/1.3; +https://openai.com/gptbot)"
74.7.242.50 - - [14/Mar/2026:19:52:50 +0700] "GET /tripmedika.com/tx_2.php?dir=%2Fhome%2Fwebw9215%2Fpublic_html%2Fansr.co.id%2Fwp-content%2Fplugins%2Felementor-pro%2Fmodules%2Fannouncements HTTP/2" 200 791 "https://mail.webyourday.com/tripmedika.com/tx_2.php?dir=%2Fhome%2Fwebw9215%2Fpublic_html%2Fansr.co.id%2Fwp-content%2Fplugins%2Felementor-pro%2Fmodules" "Mozilla/5.0 AppleWebKit/537.36 (KHTML, like Gecko; compatible; GPTBot/1.3; +https://openai.com/gptbot)"
216.73.216.120 - - [14/Mar/2026:19:52:51 +0700] "GET /misterplumberid.com/sitemap.xml HTTP/2" 200 561 "-" "Mozilla/5.0 AppleWebKit/537.36 (KHTML, like Gecko; compatible; ClaudeBot/1.0; +claudebot@anthropic.com)"
