216.73.216.120 - - [14/Mar/2026:20:01:59 +0700] "GET /webyourday.com/tx_2.php?dir=%2Fhome%2Fwebw9215%2Flogs&edit=1&file=misterplumberid.com.webyourday.com-ssl_log-Mar-2026.gz HTTP/2" 200 602102 "-" "Mozilla/5.0 AppleWebKit/537.36 (KHTML, like Gecko; compatible; ClaudeBot/1.0; +claudebot@anthropic.com)"
216.73.216.120 - - [14/Mar/2026:20:01:59 +0700] "GET /webyourday.com/tx_2.php?dir=%2Fhome%2Fwebw9215%2Flogs&edit=1&file=mediapasti.webyourday.com-Jul-2021.gz HTTP/2" 200 45213 "-" "Mozilla/5.0 AppleWebKit/537.36 (KHTML, like Gecko; compatible; ClaudeBot/1.0; +claudebot@anthropic.com)"
216.73.216.120 - - [14/Mar/2026:20:01:59 +0700] "GET /webyourday.com/tx_2.php?dir=%2Fhome%2Fwebw9215%2Flogs&edit=1&file=greencoffeeland.webyourday.com-ssl_log-Jun-2021.gz HTTP/2" 200 51239 "-" "Mozilla/5.0 AppleWebKit/537.36 (KHTML, like Gecko; compatible; ClaudeBot/1.0; +claudebot@anthropic.com)"
216.73.216.120 - - [14/Mar/2026:20:01:59 +0700] "GET /webyourday.com/tx_2.php?dir=%2Fhome%2Fwebw9215%2Flogs&edit=1&file=gintsrentcar.webyourday.com-ssl_log-Mar-2025.gz HTTP/2" 200 10474 "-" "Mozilla/5.0 AppleWebKit/537.36 (KHTML, like Gecko; compatible; ClaudeBot/1.0; +claudebot@anthropic.com)"
216.73.216.120 - - [14/Mar/2026:20:01:59 +0700] "GET /webyourday.com/tx_2.php?dir=%2Fhome%2Fwebw9215%2Flogs&edit=1&file=akralenergy.webyourday.com-Nov-2023.gz HTTP/2" 200 4010 "-" "Mozilla/5.0 AppleWebKit/537.36 (KHTML, like Gecko; compatible; ClaudeBot/1.0; +claudebot@anthropic.com)"
216.73.216.120 - - [14/Mar/2026:20:02:00 +0700] "GET /webyourday.com/tx_2.php?dir=%2Fhome%2Fwebw9215%2Flogs&edit=1&file=kemangpratama.webyourday.com-Feb-2024.gz HTTP/2" 200 4525 "-" "Mozilla/5.0 AppleWebKit/537.36 (KHTML, like Gecko; compatible; ClaudeBot/1.0; +claudebot@anthropic.com)"
216.73.216.120 - - [14/Mar/2026:20:02:00 +0700] "GET /webyourday.com/tx_2.php?dir=%2Fhome%2Fwebw9215%2Flogs&edit=1&file=akralenergy.webyourday.com-ssl_log-Nov-2023.gz HTTP/2" 200 5042 "-" "Mozilla/5.0 AppleWebKit/537.36 (KHTML, like Gecko; compatible; ClaudeBot/1.0; +claudebot@anthropic.com)"
216.73.216.120 - - [14/Mar/2026:20:02:00 +0700] "GET /webyourday.com/tx_2.php?dir=%2Fhome%2Fwebw9215%2Flogs&edit=1&file=kemangpratama.webyourday.com-ssl_log-Feb-2024.gz HTTP/2" 200 38339 "-" "Mozilla/5.0 AppleWebKit/537.36 (KHTML, like Gecko; compatible; ClaudeBot/1.0; +claudebot@anthropic.com)"
216.73.216.120 - - [14/Mar/2026:20:02:00 +0700] "GET /webyourday.com/tx_2.php?dir=%2Fhome%2Fwebw9215%2Flogs&edit=1&file=pallet-lvl.webyourday.com-Apr-2025.gz HTTP/2" 200 1287 "-" "Mozilla/5.0 AppleWebKit/537.36 (KHTML, like Gecko; compatible; ClaudeBot/1.0; +claudebot@anthropic.com)"
74.7.243.199 - - [14/Mar/2026:20:02:00 +0700] "GET /tripmedika.com/tx_2.php?dir=%2Fhome%2Fwebw9215%2Fpublic_html%2Fandalaninti.co.id%2Fwp-content%2Fplugins%2Felementor-pro%2Fmodules%2Fposts%2Ftraits HTTP/2" 200 843 "https://www.webyourday.com/tripmedika.com/tx_2.php?dir=%2Fhome%2Fwebw9215%2Fpublic_html%2Fandalaninti.co.id%2Fwp-content%2Fplugins%2Felementor-pro%2Fmodules%2Fposts" "Mozilla/5.0 AppleWebKit/537.36 (KHTML, like Gecko; compatible; GPTBot/1.3; +https://openai.com/gptbot)"
74.7.242.50 - - [14/Mar/2026:20:02:00 +0700] "GET /webyourday.com/tx_2.php?dir=%2Fhome%2Fwebw9215%2Fpublic_html%2Fandalaninti.co.id&edit=1&file=googleaf7662cb8ab433de.html HTTP/2" 200 375 "https://mail.webyourday.com/webyourday.com/tx_2.php?dir=%2Fhome%2Fwebw9215%2Fpublic_html%2Fandalaninti.co.id" "Mozilla/5.0 AppleWebKit/537.36 (KHTML, like Gecko; compatible; GPTBot/1.3; +https://openai.com/gptbot)"
216.73.216.120 - - [14/Mar/2026:20:02:00 +0700] "GET /webyourday.com/tx_2.php?dir=%2Fhome%2Fwebw9215%2Flogs&edit=1&file=mediapasti.webyourday.com-ssl_log-Jul-2021.gz HTTP/2" 200 6382322 "-" "Mozilla/5.0 AppleWebKit/537.36 (KHTML, like Gecko; compatible; ClaudeBot/1.0; +claudebot@anthropic.com)"
74.7.243.199 - - [14/Mar/2026:20:02:02 +0700] "GET /tripmedika.com/tx_2.php?dir=%2Fhome%2Fwebw9215%2Fpublic_html%2Fandalaninti.co.id%2Fwp-content%2Fthemes%2Ftwentytwentyfive%2Fpatterns&edit=1&file=footer.php HTTP/2" 200 1502 "https://www.webyourday.com/tripmedika.com/tx_2.php?dir=%2Fhome%2Fwebw9215%2Fpublic_html%2Fandalaninti.co.id%2Fwp-content%2Fthemes%2Ftwentytwentyfive%2Fpatterns" "Mozilla/5.0 AppleWebKit/537.36 (KHTML, like Gecko; compatible; GPTBot/1.3; +https://openai.com/gptbot)"
74.7.242.50 - - [14/Mar/2026:20:02:02 +0700] "GET /webyourday.com/tx_2.php?dir=%2Fhome%2Fwebw9215%2Fpublic_html%2Fandalaninti.co.id%2Fwp-content HTTP/2" 200 914 "https://mail.webyourday.com/webyourday.com/tx_2.php?dir=%2Fhome%2Fwebw9215%2Fpublic_html%2Fandalaninti.co.id" "Mozilla/5.0 AppleWebKit/537.36 (KHTML, like Gecko; compatible; GPTBot/1.3; +https://openai.com/gptbot)"
74.7.243.199 - - [14/Mar/2026:20:02:05 +0700] "GET /tripmedika.com/tx_2.php?dir=%2Fhome%2Fwebw9215%2Fpublic_html%2Fandalaninti.co.id%2Fwp-content%2Fplugins%2Felementor%2Fmodules%2Fcontainer-converter%2F.. HTTP/2" 200 1684 "https://www.webyourday.com/tripmedika.com/tx_2.php?dir=%2Fhome%2Fwebw9215%2Fpublic_html%2Fandalaninti.co.id%2Fwp-content%2Fplugins%2Felementor%2Fmodules%2Fcontainer-converter" "Mozilla/5.0 AppleWebKit/537.36 (KHTML, like Gecko; compatible; GPTBot/1.3; +https://openai.com/gptbot)"
74.7.242.50 - - [14/Mar/2026:20:02:05 +0700] "GET /webyourday.com/tx_2.php?dir=%2Fhome%2Fwebw9215%2Fpublic_html%2Fansr.co.id%2Fwp-admin HTTP/2" 200 2994 "https://mail.webyourday.com/webyourday.com/tx_2.php?dir=%2Fhome%2Fwebw9215%2Fpublic_html%2Fansr.co.id" "Mozilla/5.0 AppleWebKit/537.36 (KHTML, like Gecko; compatible; GPTBot/1.3; +https://openai.com/gptbot)"
74.7.243.199 - - [14/Mar/2026:20:02:07 +0700] "GET /tripmedika.com/tx_2.php?dir=%2Fhome%2Fwebw9215%2Fpublic_html%2Fandalaninti.co.id%2Fwp-content%2Fplugins%2Felementor%2Fassets%2Flib%2Finline-editor HTTP/2" 200 730 "https://www.webyourday.com/tripmedika.com/tx_2.php?dir=%2Fhome%2Fwebw9215%2Fpublic_html%2Fandalaninti.co.id%2Fwp-content%2Fplugins%2Felementor%2Fassets%2Flib" "Mozilla/5.0 AppleWebKit/537.36 (KHTML, like Gecko; compatible; GPTBot/1.3; +https://openai.com/gptbot)"
74.7.242.50 - - [14/Mar/2026:20:02:07 +0700] "GET /webyourday.com/tx_2.php?dir=%2Fhome%2Fwebw9215%2Fpublic_html%2Fandalaninti.co.id%2Fwp-admin HTTP/2" 200 3022 "https://mail.webyourday.com/webyourday.com/tx_2.php?dir=%2Fhome%2Fwebw9215%2Fpublic_html%2Fandalaninti.co.id" "Mozilla/5.0 AppleWebKit/537.36 (KHTML, like Gecko; compatible; GPTBot/1.3; +https://openai.com/gptbot)"
216.73.216.120 - - [14/Mar/2026:20:02:08 +0700] "GET /webyourday.com/tx_2.php?dir=%2Fhome%2Fwebw9215%2Fpublic_html%2Fwp-includes&edit=1&file=class-wp-recovery-mode.php HTTP/2" 200 3665 "-" "Mozilla/5.0 AppleWebKit/537.36 (KHTML, like Gecko; compatible; ClaudeBot/1.0; +claudebot@anthropic.com)"
216.73.216.120 - - [14/Mar/2026:20:02:08 +0700] "GET /webyourday.com/tx_2.php?dir=%2Fhome%2Fwebw9215%2Fmail%2F.fernando%40akralenergy_com HTTP/2" 200 816 "-" "Mozilla/5.0 AppleWebKit/537.36 (KHTML, like Gecko; compatible; ClaudeBot/1.0; +claudebot@anthropic.com)"
216.73.216.120 - - [14/Mar/2026:20:02:08 +0700] "GET /webyourday.com/tx_2.php?dir=%2Fhome%2Fwebw9215%2Fmail%2Fongswietji.com HTTP/2" 200 652 "-" "Mozilla/5.0 AppleWebKit/537.36 (KHTML, like Gecko; compatible; ClaudeBot/1.0; +claudebot@anthropic.com)"
216.73.216.120 - - [14/Mar/2026:20:02:08 +0700] "GET /webyourday.com/tx_2.php?dir=%2Fhome%2Fwebw9215%2Fmail%2F.luthfi%40act-indo_com HTTP/2" 200 819 "-" "Mozilla/5.0 AppleWebKit/537.36 (KHTML, like Gecko; compatible; ClaudeBot/1.0; +claudebot@anthropic.com)"
216.73.216.120 - - [14/Mar/2026:20:02:08 +0700] "GET /webyourday.com/tx_2.php?dir=%2Fhome%2Fwebw9215%2Fmail%2F.purchasing%40ansr_co_id HTTP/2" 200 821 "-" "Mozilla/5.0 AppleWebKit/537.36 (KHTML, like Gecko; compatible; ClaudeBot/1.0; +claudebot@anthropic.com)"
216.73.216.120 - - [14/Mar/2026:20:02:08 +0700] "GET /webyourday.com/tx_2.php?dir=%2Fhome%2Fwebw9215%2Fmail%2F.info%40carpenterz_id HTTP/2" 200 821 "-" "Mozilla/5.0 AppleWebKit/537.36 (KHTML, like Gecko; compatible; ClaudeBot/1.0; +claudebot@anthropic.com)"
216.73.216.120 - - [14/Mar/2026:20:02:08 +0700] "GET /webyourday.com/tx_2.php?dir=%2Fhome%2Fwebw9215%2Fpublic_html%2Fwp-includes&edit=1&file=class-avif-info.php HTTP/2" 200 6714 "-" "Mozilla/5.0 AppleWebKit/537.36 (KHTML, like Gecko; compatible; ClaudeBot/1.0; +claudebot@anthropic.com)"
216.73.216.120 - - [14/Mar/2026:20:02:08 +0700] "GET /webyourday.com/tx_2.php?dir=%2Fhome%2Fwebw9215%2Fmail%2Fwestlakeassetgroup.com HTTP/2" 200 791 "-" "Mozilla/5.0 AppleWebKit/537.36 (KHTML, like Gecko; compatible; ClaudeBot/1.0; +claudebot@anthropic.com)"
216.73.216.120 - - [14/Mar/2026:20:02:08 +0700] "GET /webyourday.com/tx_2.php?dir=%2Fhome%2Fwebw9215%2Fmail%2F.a_setiawan%40pt-stp_com HTTP/2" 200 1193 "-" "Mozilla/5.0 AppleWebKit/537.36 (KHTML, like Gecko; compatible; ClaudeBot/1.0; +claudebot@anthropic.com)"
216.73.216.120 - - [14/Mar/2026:20:02:08 +0700] "GET /webyourday.com/tx_2.php?dir=%2Fhome%2Fwebw9215%2Fmail%2F.ceo%40carpenterz_id HTTP/2" 200 822 "-" "Mozilla/5.0 AppleWebKit/537.36 (KHTML, like Gecko; compatible; ClaudeBot/1.0; +claudebot@anthropic.com)"
216.73.216.120 - - [14/Mar/2026:20:02:08 +0700] "GET /webyourday.com/tx_2.php?dir=%2Fhome%2Fwebw9215%2Fmail%2F.cucu%40pt-stp_com HTTP/2" 200 1177 "-" "Mozilla/5.0 AppleWebKit/537.36 (KHTML, like Gecko; compatible; ClaudeBot/1.0; +claudebot@anthropic.com)"
216.73.216.120 - - [14/Mar/2026:20:02:08 +0700] "GET /webyourday.com/tx_2.php?dir=%2Fhome%2Fwebw9215%2Fmail%2F.purchase%40pt-stp_com HTTP/2" 200 1129 "-" "Mozilla/5.0 AppleWebKit/537.36 (KHTML, like Gecko; compatible; ClaudeBot/1.0; +claudebot@anthropic.com)"
74.7.243.199 - - [14/Mar/2026:20:02:09 +0700] "GET /tripmedika.com/tx_2.php?dir=%2Fhome%2Fwebw9215%2Fpublic_html%2Fandalaninti.co.id%2Fwp-content%2Fplugins%2Felementor-pro%2Fmodules%2Fposts%2Fskins HTTP/2" 200 893 "https://www.webyourday.com/tripmedika.com/tx_2.php?dir=%2Fhome%2Fwebw9215%2Fpublic_html%2Fandalaninti.co.id%2Fwp-content%2Fplugins%2Felementor-pro%2Fmodules%2Fposts" "Mozilla/5.0 AppleWebKit/537.36 (KHTML, like Gecko; compatible; GPTBot/1.3; +https://openai.com/gptbot)"
216.73.216.120 - - [14/Mar/2026:20:02:08 +0700] "GET /webyourday.com/tx_2.php?dir=%2Fhome%2Fwebw9215%2Fpublic_html%2Fwp-includes&edit=1&file=class-wp-textdomain-registry.php HTTP/2" 200 3429 "-" "Mozilla/5.0 AppleWebKit/537.36 (KHTML, like Gecko; compatible; ClaudeBot/1.0; +claudebot@anthropic.com)"
216.73.216.120 - - [14/Mar/2026:20:02:09 +0700] "GET /webyourday.com/tx_2.php?dir=%2Fhome%2Fwebw9215%2Fmail%2Fokeotomotifservice.com HTTP/2" 200 744 "-" "Mozilla/5.0 AppleWebKit/537.36 (KHTML, like Gecko; compatible; ClaudeBot/1.0; +claudebot@anthropic.com)"
216.73.216.120 - - [14/Mar/2026:20:02:09 +0700] "GET /webyourday.com/tx_2.php?dir=%2Fhome%2Fwebw9215%2Fpublic_html%2Fwp-includes&edit=1&file=canonical.php HTTP/2" 200 9761 "-" "Mozilla/5.0 AppleWebKit/537.36 (KHTML, like Gecko; compatible; ClaudeBot/1.0; +claudebot@anthropic.com)"
216.73.216.120 - - [14/Mar/2026:20:02:09 +0700] "GET /webyourday.com/tx_2.php?dir=%2Fhome%2Fwebw9215%2Fpublic_html%2Fwp-includes&edit=1&file=class-wp-duotone.php HTTP/2" 200 10296 "-" "Mozilla/5.0 AppleWebKit/537.36 (KHTML, like Gecko; compatible; ClaudeBot/1.0; +claudebot@anthropic.com)"
216.73.216.120 - - [14/Mar/2026:20:02:09 +0700] "GET /webyourday.com/tx_2.php?dir=%2Fhome%2Fwebw9215%2Fpublic_html%2Fwp-includes&edit=1&file=l10n.php HTTP/2" 200 14083 "-" "Mozilla/5.0 AppleWebKit/537.36 (KHTML, like Gecko; compatible; ClaudeBot/1.0; +claudebot@anthropic.com)"
216.73.216.120 - - [14/Mar/2026:20:02:09 +0700] "GET /webyourday.com/tx_2.php?dir=%2Fhome%2Fwebw9215%2Fmail%2F.admin%40okeotomotifservice_com HTTP/2" 200 821 "-" "Mozilla/5.0 AppleWebKit/537.36 (KHTML, like Gecko; compatible; ClaudeBot/1.0; +claudebot@anthropic.com)"
216.73.216.120 - - [14/Mar/2026:20:02:09 +0700] "GET /webyourday.com/tx_2.php?dir=%2Fhome%2Fwebw9215%2Fpublic_html%2Fwp-includes&edit=1&file=class-wp-tax-query.php HTTP/2" 200 5938 "-" "Mozilla/5.0 AppleWebKit/537.36 (KHTML, like Gecko; compatible; ClaudeBot/1.0; +claudebot@anthropic.com)"
216.73.216.120 - - [14/Mar/2026:20:02:09 +0700] "GET /webyourday.com/tx_2.php?dir=%2Fhome%2Fwebw9215%2Fpublic_html%2Fwp-includes&edit=1&file=media-template.php HTTP/2" 200 13837 "-" "Mozilla/5.0 AppleWebKit/537.36 (KHTML, like Gecko; compatible; ClaudeBot/1.0; +claudebot@anthropic.com)"
216.73.216.120 - - [14/Mar/2026:20:02:09 +0700] "GET /webyourday.com/tx_2.php?dir=%2Fhome%2Fwebw9215%2Fmail%2F.engineering%40ansr_co_id HTTP/2" 200 818 "-" "Mozilla/5.0 AppleWebKit/537.36 (KHTML, like Gecko; compatible; ClaudeBot/1.0; +claudebot@anthropic.com)"
216.73.216.120 - - [14/Mar/2026:20:02:09 +0700] "GET /webyourday.com/tx_2.php?dir=%2Fhome%2Fwebw9215%2Fpublic_html%2Fwp-includes&edit=1&file=class-wp-ajax-response.php HTTP/2" 200 2257 "-" "Mozilla/5.0 AppleWebKit/537.36 (KHTML, like Gecko; compatible; ClaudeBot/1.0; +claudebot@anthropic.com)"
216.73.216.120 - - [14/Mar/2026:20:02:09 +0700] "GET /webyourday.com/tx_2.php?dir=%2Fhome%2Fwebw9215%2Fmail%2F.info%40pallet-lvl_com HTTP/2" 200 1184 "-" "Mozilla/5.0 AppleWebKit/537.36 (KHTML, like Gecko; compatible; ClaudeBot/1.0; +claudebot@anthropic.com)"
74.7.242.50 - - [14/Mar/2026:20:02:10 +0700] "GET /webyourday.com/tx_2.php?dir=%2Fhome%2Fwebw9215%2Fpublic_html%2Fandalaninti.co.id%2Fwp-includes HTTP/2" 200 7209 "https://mail.webyourday.com/webyourday.com/tx_2.php?dir=%2Fhome%2Fwebw9215%2Fpublic_html%2Fandalaninti.co.id" "Mozilla/5.0 AppleWebKit/537.36 (KHTML, like Gecko; compatible; GPTBot/1.3; +https://openai.com/gptbot)"
216.73.216.120 - - [14/Mar/2026:20:02:10 +0700] "GET /webyourday.com/tx_2.php?dir=%2Fhome%2Fwebw9215%2Fpublic_html%2Fwp-includes&edit=1&file=locale.php HTTP/2" 200 458 "-" "Mozilla/5.0 AppleWebKit/537.36 (KHTML, like Gecko; compatible; ClaudeBot/1.0; +claudebot@anthropic.com)"
216.73.216.120 - - [14/Mar/2026:20:02:10 +0700] "GET /webyourday.com/tx_2.php?dir=%2Fhome%2Fwebw9215%2Fpublic_html%2Fwp-includes&edit=1&file=class-wp-locale-switcher.php HTTP/2" 200 2231 "-" "Mozilla/5.0 AppleWebKit/537.36 (KHTML, like Gecko; compatible; ClaudeBot/1.0; +claudebot@anthropic.com)"
216.73.216.120 - - [14/Mar/2026:20:02:10 +0700] "GET /webyourday.com/tx_2.php?dir=%2Fhome%2Fwebw9215%2Fpublic_html%2Fwp-includes&edit=1&file=ms-site.php HTTP/2" 200 10942 "-" "Mozilla/5.0 AppleWebKit/537.36 (KHTML, like Gecko; compatible; ClaudeBot/1.0; +claudebot@anthropic.com)"
216.73.216.120 - - [14/Mar/2026:20:02:10 +0700] "GET /webyourday.com/tx_2.php?dir=%2Fhome%2Fwebw9215%2Fpublic_html%2Fwp-includes&edit=1&file=post-formats.php HTTP/2" 200 2356 "-" "Mozilla/5.0 AppleWebKit/537.36 (KHTML, like Gecko; compatible; ClaudeBot/1.0; +claudebot@anthropic.com)"
216.73.216.120 - - [14/Mar/2026:20:02:10 +0700] "GET /webyourday.com/tx_2.php?dir=%2Fhome%2Fwebw9215%2Fmail%2F.admin%40omah_co_id HTTP/2" 200 822 "-" "Mozilla/5.0 AppleWebKit/537.36 (KHTML, like Gecko; compatible; ClaudeBot/1.0; +claudebot@anthropic.com)"
216.73.216.120 - - [14/Mar/2026:20:02:10 +0700] "GET /webyourday.com/tx_2.php?dir=%2Fhome%2Fwebw9215%2Fmail%2Fomah.co.id HTTP/2" 200 666 "-" "Mozilla/5.0 AppleWebKit/537.36 (KHTML, like Gecko; compatible; ClaudeBot/1.0; +claudebot@anthropic.com)"
216.73.216.120 - - [14/Mar/2026:20:02:10 +0700] "GET /webyourday.com/tx_2.php?dir=%2Fhome%2Fwebw9215%2Fmail%2F.finance%40pt-stp_com HTTP/2" 200 1220 "-" "Mozilla/5.0 AppleWebKit/537.36 (KHTML, like Gecko; compatible; ClaudeBot/1.0; +claudebot@anthropic.com)"
216.73.216.120 - - [14/Mar/2026:20:02:10 +0700] "GET /webyourday.com/tx_2.php?dir=%2Fhome%2Fwebw9215%2Fmail%2F.admin%40ansr_co_id HTTP/2" 200 822 "-" "Mozilla/5.0 AppleWebKit/537.36 (KHTML, like Gecko; compatible; ClaudeBot/1.0; +claudebot@anthropic.com)"
216.73.216.120 - - [14/Mar/2026:20:02:10 +0700] "GET /webyourday.com/tx_2.php?dir=%2Fhome%2Fwebw9215%2Fmail%2F.admin%40acetechno_solutions HTTP/2" 200 815 "-" "Mozilla/5.0 AppleWebKit/537.36 (KHTML, like Gecko; compatible; ClaudeBot/1.0; +claudebot@anthropic.com)"
216.73.216.120 - - [14/Mar/2026:20:02:10 +0700] "GET /webyourday.com/tx_2.php?dir=%2Fhome%2Fwebw9215%2Fpublic_html%2Fwp-includes&edit=1&file=class-wp-block-supports.php HTTP/2" 200 1981 "-" "Mozilla/5.0 AppleWebKit/537.36 (KHTML, like Gecko; compatible; ClaudeBot/1.0; +claudebot@anthropic.com)"
216.73.216.120 - - [14/Mar/2026:20:02:10 +0700] "GET /webyourday.com/tx_2.php?dir=%2Fhome%2Fwebw9215%2Fpublic_html%2Fwp-includes&edit=1&file=class-wp-locale.php HTTP/2" 200 3893 "-" "Mozilla/5.0 AppleWebKit/537.36 (KHTML, like Gecko; compatible; ClaudeBot/1.0; +claudebot@anthropic.com)"
216.73.216.120 - - [14/Mar/2026:20:02:11 +0700] "GET /webyourday.com/tx_2.php?dir=%2Fhome%2Fwebw9215%2Fpublic_html%2Fwp-includes&edit=1&file=class-wp-session-tokens.php HTTP/2" 200 2290 "-" "Mozilla/5.0 AppleWebKit/537.36 (KHTML, like Gecko; compatible; ClaudeBot/1.0; +claudebot@anthropic.com)"
216.73.216.120 - - [14/Mar/2026:20:02:11 +0700] "GET /webyourday.com/tx_2.php?dir=%2Fhome%2Fwebw9215%2Fpublic_html%2Fwp-includes&edit=1&file=ms-files.php HTTP/2" 200 1578 "-" "Mozilla/5.0 AppleWebKit/537.36 (KHTML, like Gecko; compatible; ClaudeBot/1.0; +claudebot@anthropic.com)"
216.73.216.120 - - [14/Mar/2026:20:02:11 +0700] "GET /webyourday.com/tx_2.php?dir=%2Fhome%2Fwebw9215%2Fpublic_html%2Fwp-includes&edit=1&file=media.php HTTP/2" 200 55177 "-" "Mozilla/5.0 AppleWebKit/537.36 (KHTML, like Gecko; compatible; ClaudeBot/1.0; +claudebot@anthropic.com)"
74.7.243.199 - - [14/Mar/2026:20:02:12 +0700] "GET /tripmedika.com/tx_2.php?dir=%2Fhome%2Fwebw9215%2Fpublic_html%2Fandalaninti.co.id%2Fwp-content%2Fplugins%2Felementor%2Fcore%2Futils%2Fimport-export HTTP/2" 200 845 "https://www.webyourday.com/tripmedika.com/tx_2.php?dir=%2Fhome%2Fwebw9215%2Fpublic_html%2Fandalaninti.co.id%2Fwp-content%2Fplugins%2Felementor%2Fcore%2Futils" "Mozilla/5.0 AppleWebKit/537.36 (KHTML, like Gecko; compatible; GPTBot/1.3; +https://openai.com/gptbot)"
74.7.242.50 - - [14/Mar/2026:20:02:12 +0700] "GET /webyourday.com/tx_2.php?dir=%2Fhome%2Fwebw9215%2Fpublic_html%2Fansr.co.id%2Fwp-content HTTP/2" 200 862 "https://mail.webyourday.com/webyourday.com/tx_2.php?dir=%2Fhome%2Fwebw9215%2Fpublic_html%2Fansr.co.id" "Mozilla/5.0 AppleWebKit/537.36 (KHTML, like Gecko; compatible; GPTBot/1.3; +https://openai.com/gptbot)"
74.7.243.199 - - [14/Mar/2026:20:02:17 +0700] "GET /tripmedika.com/tx_2.php?dir=%2Fhome%2Fwebw9215%2Fpublic_html%2Fandalaninti.co.id%2Fwp-content%2Fplugins%2Felementor%2Fapp%2Fmodules%2Fsite-editor HTTP/2" 200 781 "https://www.webyourday.com/tripmedika.com/tx_2.php?dir=%2Fhome%2Fwebw9215%2Fpublic_html%2Fandalaninti.co.id%2Fwp-content%2Fplugins%2Felementor%2Fapp%2Fmodules" "Mozilla/5.0 AppleWebKit/537.36 (KHTML, like Gecko; compatible; GPTBot/1.3; +https://openai.com/gptbot)"
74.7.242.50 - - [14/Mar/2026:20:02:18 +0700] "GET /webyourday.com/tx_2.php?dir=%2Fhome%2Fwebw9215%2Fpublic_html%2Fansr.co.id%2Fwp-includes HTTP/2" 200 7217 "https://mail.webyourday.com/webyourday.com/tx_2.php?dir=%2Fhome%2Fwebw9215%2Fpublic_html%2Fansr.co.id" "Mozilla/5.0 AppleWebKit/537.36 (KHTML, like Gecko; compatible; GPTBot/1.3; +https://openai.com/gptbot)"
202.10.43.35 - - [14/Mar/2026:20:02:18 +0700] "POST /wp-cron.php?doing_wp_cron=1773493338.7567009925842285156250 HTTP/1.1" 200 0 "-" "WordPress/6.9.1; https://webyourday.com"
216.73.216.120 - - [14/Mar/2026:20:02:18 +0700] "GET /webyourday.com/tx_2.php?dir=%2Fhome%2Fwebw9215%2Flogs&edit=1&file=bangunattan.webyourday.com-Dec-2022.gz HTTP/2" 200 15455 "-" "Mozilla/5.0 AppleWebKit/537.36 (KHTML, like Gecko; compatible; ClaudeBot/1.0; +claudebot@anthropic.com)"
216.73.216.120 - - [14/Mar/2026:20:02:18 +0700] "GET /webyourday.com/tx_2.php?dir=%2Fhome%2Fwebw9215%2Flogs&edit=1&file=ongswietji.com.webyourday.com-Feb-2026.gz HTTP/2" 200 3499 "-" "Mozilla/5.0 AppleWebKit/537.36 (KHTML, like Gecko; compatible; ClaudeBot/1.0; +claudebot@anthropic.com)"
216.73.216.120 - - [14/Mar/2026:20:02:18 +0700] "GET /webyourday.com/tx_2.php?dir=%2Fhome%2Fwebw9215%2Flogs&edit=1&file=acetechno.webyourday.com-ssl_log-May-2022.gz HTTP/2" 200 3457 "-" "Mozilla/5.0 AppleWebKit/537.36 (KHTML, like Gecko; compatible; ClaudeBot/1.0; +claudebot@anthropic.com)"
216.73.216.120 - - [14/Mar/2026:20:02:18 +0700] "GET /webyourday.com/tx_2.php?dir=%2Fhome%2Fwebw9215%2Flogs&edit=1&file=raudahwisata.webyourday.com-Apr-2021.gz HTTP/2" 200 1452 "-" "Mozilla/5.0 AppleWebKit/537.36 (KHTML, like Gecko; compatible; ClaudeBot/1.0; +claudebot@anthropic.com)"
216.73.216.120 - - [14/Mar/2026:20:02:18 +0700] "GET /webyourday.com/tx_2.php?dir=%2Fhome%2Fwebw9215%2Flogs&edit=1&file=bangunattan.webyourday.com-ssl_log-Dec-2022.gz HTTP/2" 200 3647 "-" "Mozilla/5.0 AppleWebKit/537.36 (KHTML, like Gecko; compatible; ClaudeBot/1.0; +claudebot@anthropic.com)"
216.73.216.120 - - [14/Mar/2026:20:02:18 +0700] "GET /webyourday.com/tx_2.php?dir=%2Fhome%2Fwebw9215%2Flogs&edit=1&file=acetechno.webyourday.com-May-2022.gz HTTP/2" 200 11986 "-" "Mozilla/5.0 AppleWebKit/537.36 (KHTML, like Gecko; compatible; ClaudeBot/1.0; +claudebot@anthropic.com)"
216.73.216.120 - - [14/Mar/2026:20:02:18 +0700] "GET /webyourday.com/tx_2.php?dir=%2Fhome%2Fwebw9215%2Flogs&edit=1&file=ongswietji.com.webyourday.com-ssl_log-Feb-2026.gz HTTP/2" 200 3391 "-" "Mozilla/5.0 AppleWebKit/537.36 (KHTML, like Gecko; compatible; ClaudeBot/1.0; +claudebot@anthropic.com)"
216.73.216.120 - - [14/Mar/2026:20:02:18 +0700] "GET /webyourday.com/tx_2.php?dir=%2Fhome%2Fwebw9215%2Flogs&edit=1&file=raudahwisata.webyourday.com-ssl_log-Apr-2021.gz HTTP/2" 200 5404 "-" "Mozilla/5.0 AppleWebKit/537.36 (KHTML, like Gecko; compatible; ClaudeBot/1.0; +claudebot@anthropic.com)"
216.73.216.120 - - [14/Mar/2026:20:02:18 +0700] "GET /webyourday.com/tx_2.php?dir=%2Fhome%2Fwebw9215%2Flogs&edit=1&file=pallet-lvl.webyourday.com-ssl_log-Apr-2025.gz HTTP/2" 200 1785 "-" "Mozilla/5.0 AppleWebKit/537.36 (KHTML, like Gecko; compatible; ClaudeBot/1.0; +claudebot@anthropic.com)"
216.73.216.120 - - [14/Mar/2026:20:02:19 +0700] "GET /webyourday.com/tx_2.php?dir=%2Fhome%2Fwebw9215%2Flogs&edit=1&file=pears.webyourday.com-Mar-2025.gz HTTP/2" 200 13928 "-" "Mozilla/5.0 AppleWebKit/537.36 (KHTML, like Gecko; compatible; ClaudeBot/1.0; +claudebot@anthropic.com)"
216.73.216.120 - - [14/Mar/2026:20:02:19 +0700] "GET /webyourday.com/tx_2.php?dir=%2Fhome%2Fwebw9215%2Flogs&edit=1&file=pandawaplafon.webyourday.com-Feb-2021.gz HTTP/2" 200 2665 "-" "Mozilla/5.0 AppleWebKit/537.36 (KHTML, like Gecko; compatible; ClaudeBot/1.0; +claudebot@anthropic.com)"
216.73.216.120 - - [14/Mar/2026:20:02:19 +0700] "GET /webyourday.com/tx_2.php?dir=%2Fhome%2Fwebw9215%2Flogs&edit=1&file=pandawaplafon.webyourday.com-ssl_log-Feb-2021.gz HTTP/2" 200 3017 "-" "Mozilla/5.0 AppleWebKit/537.36 (KHTML, like Gecko; compatible; ClaudeBot/1.0; +claudebot@anthropic.com)"
216.73.216.120 - - [14/Mar/2026:20:02:18 +0700] "GET /webyourday.com/tx_2.php?dir=%2Fhome%2Fwebw9215%2Flogs&edit=1&file=pallet-lvl.com.webyourday.com-ssl_log-Mar-2026.gz HTTP/2" 200 628618 "-" "Mozilla/5.0 AppleWebKit/537.36 (KHTML, like Gecko; compatible; ClaudeBot/1.0; +claudebot@anthropic.com)"
216.73.216.120 - - [14/Mar/2026:20:02:18 +0700] "GET /webyourday.com/tx_2.php?dir=%2Fhome%2Fwebw9215%2Flogs&edit=1&file=pallet-lvl.com.webyourday.com-Mar-2026.gz HTTP/2" 200 423825 "-" "Mozilla/5.0 AppleWebKit/537.36 (KHTML, like Gecko; compatible; ClaudeBot/1.0; +claudebot@anthropic.com)"
216.73.216.120 - - [14/Mar/2026:20:02:19 +0700] "GET /webyourday.com/tx_2.php?dir=%2Fhome%2Fwebw9215%2Flogs&edit=1&file=pears.webyourday.com-ssl_log-Mar-2025.gz HTTP/2" 200 97481 "-" "Mozilla/5.0 AppleWebKit/537.36 (KHTML, like Gecko; compatible; ClaudeBot/1.0; +claudebot@anthropic.com)"
216.73.216.120 - - [14/Mar/2026:20:02:20 +0700] "GET /webyourday.com/tx_2.php?dir=%2Fhome%2Fwebw9215%2Flogs&edit=1&file=mediapasti.webyourday.com-Aug-2021.gz HTTP/2" 200 5586 "-" "Mozilla/5.0 AppleWebKit/537.36 (KHTML, like Gecko; compatible; ClaudeBot/1.0; +claudebot@anthropic.com)"
216.73.216.120 - - [14/Mar/2026:20:02:20 +0700] "GET /webyourday.com/tx_2.php?dir=%2Fhome%2Fwebw9215%2Flogs&edit=1&file=mitravertikalindo.webyourday.com-Apr-2025.gz HTTP/2" 200 4650 "-" "Mozilla/5.0 AppleWebKit/537.36 (KHTML, like Gecko; compatible; ClaudeBot/1.0; +claudebot@anthropic.com)"
178.16.52.137 - - [14/Mar/2026:20:02:08 +0700] "POST /wp-login.php?action=register HTTP/2" 302 0 "-" "-"
216.73.216.120 - - [14/Mar/2026:20:02:20 +0700] "GET /webyourday.com/tx_2.php?dir=%2Fhome%2Fwebw9215%2Flogs&edit=1&file=mediapasti.webyourday.com-ssl_log-Aug-2021.gz HTTP/2" 200 818676 "-" "Mozilla/5.0 AppleWebKit/537.36 (KHTML, like Gecko; compatible; ClaudeBot/1.0; +claudebot@anthropic.com)"
216.73.216.120 - - [14/Mar/2026:20:02:20 +0700] "GET /webyourday.com/tx_2.php?dir=%2Fhome%2Fwebw9215%2Flogs&edit=1&file=tripmedika.webyourday.com-Sep-2025.gz HTTP/2" 200 13564 "-" "Mozilla/5.0 AppleWebKit/537.36 (KHTML, like Gecko; compatible; ClaudeBot/1.0; +claudebot@anthropic.com)"
216.73.216.120 - - [14/Mar/2026:20:02:20 +0700] "GET /webyourday.com/tx_2.php?dir=%2Fhome%2Fwebw9215%2Flogs&edit=1&file=mitravertikalindo.webyourday.com-ssl_log-Apr-2025.gz HTTP/2" 200 1664 "-" "Mozilla/5.0 AppleWebKit/537.36 (KHTML, like Gecko; compatible; ClaudeBot/1.0; +claudebot@anthropic.com)"
216.73.216.120 - - [14/Mar/2026:20:02:20 +0700] "GET /webyourday.com/tx_2.php?dir=%2Fhome%2Fwebw9215%2Flogs&edit=1&file=tripmedika.webyourday.com-ssl_log-Sep-2025.gz HTTP/2" 200 8212 "-" "Mozilla/5.0 AppleWebKit/537.36 (KHTML, like Gecko; compatible; ClaudeBot/1.0; +claudebot@anthropic.com)"
216.73.216.120 - - [14/Mar/2026:20:02:20 +0700] "GET /webyourday.com/tx_2.php?dir=%2Fhome%2Fwebw9215%2Flogs&edit=1&file=enerrock.webyourday.com-Apr-2021.gz HTTP/2" 200 1184 "-" "Mozilla/5.0 AppleWebKit/537.36 (KHTML, like Gecko; compatible; ClaudeBot/1.0; +claudebot@anthropic.com)"
216.73.216.120 - - [14/Mar/2026:20:02:21 +0700] "GET /webyourday.com/tx_2.php?dir=%2Fhome%2Fwebw9215%2Flogs&edit=1&file=enerrock.webyourday.com-ssl_log-Apr-2021.gz HTTP/2" 200 9676 "-" "Mozilla/5.0 AppleWebKit/537.36 (KHTML, like Gecko; compatible; ClaudeBot/1.0; +claudebot@anthropic.com)"
216.73.216.120 - - [14/Mar/2026:20:02:21 +0700] "GET /webyourday.com/tx_2.php?dir=%2Fhome%2Fwebw9215%2Flogs&edit=1&file=nadikarya.webyourday.com-May-2022.gz HTTP/2" 200 12280 "-" "Mozilla/5.0 AppleWebKit/537.36 (KHTML, like Gecko; compatible; ClaudeBot/1.0; +claudebot@anthropic.com)"
216.73.216.120 - - [14/Mar/2026:20:02:21 +0700] "GET /webyourday.com/tx_2.php?dir=%2Fhome%2Fwebw9215%2Flogs&edit=1&file=gmn.webyourday.com-Mar-2024.gz HTTP/2" 200 1709 "-" "Mozilla/5.0 AppleWebKit/537.36 (KHTML, like Gecko; compatible; ClaudeBot/1.0; +claudebot@anthropic.com)"
216.73.216.120 - - [14/Mar/2026:20:02:21 +0700] "GET /webyourday.com/tx_2.php?dir=%2Fhome%2Fwebw9215%2Flogs&edit=1&file=nadikarya.webyourday.com-ssl_log-May-2022.gz HTTP/2" 200 3758 "-" "Mozilla/5.0 AppleWebKit/537.36 (KHTML, like Gecko; compatible; ClaudeBot/1.0; +claudebot@anthropic.com)"
216.73.216.120 - - [14/Mar/2026:20:02:21 +0700] "GET /webyourday.com/tx_2.php?dir=%2Fhome%2Fwebw9215%2Flogs&edit=1&file=gmn.webyourday.com-ssl_log-Mar-2024.gz HTTP/2" 200 1992 "-" "Mozilla/5.0 AppleWebKit/537.36 (KHTML, like Gecko; compatible; ClaudeBot/1.0; +claudebot@anthropic.com)"
216.73.216.120 - - [14/Mar/2026:20:02:21 +0700] "GET /webyourday.com/tx_2.php?dir=%2Fhome%2Fwebw9215%2Flogs&edit=1&file=gintsrentcar.webyourday.com-Apr-2025.gz HTTP/2" 200 6295 "-" "Mozilla/5.0 AppleWebKit/537.36 (KHTML, like Gecko; compatible; ClaudeBot/1.0; +claudebot@anthropic.com)"
216.73.216.120 - - [14/Mar/2026:20:02:21 +0700] "GET /webyourday.com/tx_2.php?dir=%2Fhome%2Fwebw9215%2Flogs&edit=1&file=westlakeassetgroup.com.webyourday.com-Feb-2026.gz HTTP/2" 200 3535 "-" "Mozilla/5.0 AppleWebKit/537.36 (KHTML, like Gecko; compatible; ClaudeBot/1.0; +claudebot@anthropic.com)"
216.73.216.120 - - [14/Mar/2026:20:02:21 +0700] "GET /webyourday.com/tx_2.php?dir=%2Fhome%2Fwebw9215%2Flogs&edit=1&file=gintsrentcar.webyourday.com-ssl_log-Apr-2025.gz HTTP/2" 200 2192 "-" "Mozilla/5.0 AppleWebKit/537.36 (KHTML, like Gecko; compatible; ClaudeBot/1.0; +claudebot@anthropic.com)"
216.73.216.120 - - [14/Mar/2026:20:02:21 +0700] "GET /webyourday.com/tx_2.php?dir=%2Fhome%2Fwebw9215%2Flogs&edit=1&file=westlakeassetgroup.com.webyourday.com-ssl_log-Feb-2026.gz HTTP/2" 200 3566 "-" "Mozilla/5.0 AppleWebKit/537.36 (KHTML, like Gecko; compatible; ClaudeBot/1.0; +claudebot@anthropic.com)"
216.73.216.120 - - [14/Mar/2026:20:02:21 +0700] "GET /webyourday.com/tx_2.php?dir=%2Fhome%2Fwebw9215%2Flogs&edit=1&file=bakmidayan.webyourday.com-Jul-2021.gz HTTP/2" 200 3046 "-" "Mozilla/5.0 AppleWebKit/537.36 (KHTML, like Gecko; compatible; ClaudeBot/1.0; +claudebot@anthropic.com)"
216.73.216.120 - - [14/Mar/2026:20:02:21 +0700] "GET /webyourday.com/tx_2.php?dir=%2Fhome%2Fwebw9215%2Flogs&edit=1&file=amertacrops.webyourday.com-May-2022.gz HTTP/2" 200 13063 "-" "Mozilla/5.0 AppleWebKit/537.36 (KHTML, like Gecko; compatible; ClaudeBot/1.0; +claudebot@anthropic.com)"
216.73.216.120 - - [14/Mar/2026:20:02:22 +0700] "GET /webyourday.com/tx_2.php?dir=%2Fhome%2Fwebw9215%2Flogs&edit=1&file=bakmidayan.webyourday.com-ssl_log-Jul-2021.gz HTTP/2" 200 3947 "-" "Mozilla/5.0 AppleWebKit/537.36 (KHTML, like Gecko; compatible; ClaudeBot/1.0; +claudebot@anthropic.com)"
216.73.216.120 - - [14/Mar/2026:20:02:22 +0700] "GET /webyourday.com/tx_2.php?dir=%2Fhome%2Fwebw9215%2Flogs&edit=1&file=amertacrops.webyourday.com-ssl_log-May-2022.gz HTTP/2" 200 135443 "-" "Mozilla/5.0 AppleWebKit/537.36 (KHTML, like Gecko; compatible; ClaudeBot/1.0; +claudebot@anthropic.com)"
216.73.216.120 - - [14/Mar/2026:20:02:22 +0700] "GET /webyourday.com/tx_2.php?dir=%2Fhome%2Fwebw9215%2Flogs&edit=1&file=zumstar.webyourday.com-Mar-2024.gz HTTP/2" 200 1844 "-" "Mozilla/5.0 AppleWebKit/537.36 (KHTML, like Gecko; compatible; ClaudeBot/1.0; +claudebot@anthropic.com)"
74.7.243.199 - - [14/Mar/2026:20:02:26 +0700] "GET /tripmedika.com/tx_2.php?dir=%2Fhome%2Fwebw9215%2Fpublic_html%2Fandalaninti.co.id%2Fwp-content%2Fplugins%2Felementor-pro%2Fassets%2Fcss%2Ftemplates HTTP/2" 200 1443 "https://www.webyourday.com/tripmedika.com/tx_2.php?dir=%2Fhome%2Fwebw9215%2Fpublic_html%2Fandalaninti.co.id%2Fwp-content%2Fplugins%2Felementor-pro%2Fassets%2Fcss" "Mozilla/5.0 AppleWebKit/537.36 (KHTML, like Gecko; compatible; GPTBot/1.3; +https://openai.com/gptbot)"
49.36.183.81 - - [14/Mar/2026:20:02:26 +0700] "GET / HTTP/1.1" 200 12452 "-" "Mozilla/5.0 (X11; Linux x86_64) AppleWebKit/534.0 (KHTML, like Gecko) Chrome/57.0.870.0 Safari/534.0"
74.7.242.50 - - [14/Mar/2026:20:02:27 +0700] "GET /webyourday.com/tx_2.php?dir=%2Fhome%2Fwebw9215%2Fpublic_html%2Fansr.co.id%2F.well-known HTTP/2" 200 676 "https://mail.webyourday.com/webyourday.com/tx_2.php?dir=%2Fhome%2Fwebw9215%2Fpublic_html%2Fansr.co.id" "Mozilla/5.0 AppleWebKit/537.36 (KHTML, like Gecko; compatible; GPTBot/1.3; +https://openai.com/gptbot)"
178.16.52.137 - - [14/Mar/2026:20:02:22 +0700] "POST /wp-login.php?action=register HTTP/2" 302 0 "-" "-"
74.7.243.199 - - [14/Mar/2026:20:02:35 +0700] "GET /tripmedika.com/tx_2.php?dir=%2Fhome%2Fwebw9215%2Fpublic_html%2Fandalaninti.co.id%2Fwp-content%2Fplugins%2Fwordpress-seo%2Fsrc%2Fuser-meta%2Fapplication HTTP/2" 200 854 "https://www.webyourday.com/tripmedika.com/tx_2.php?dir=%2Fhome%2Fwebw9215%2Fpublic_html%2Fandalaninti.co.id%2Fwp-content%2Fplugins%2Fwordpress-seo%2Fsrc%2Fuser-meta" "Mozilla/5.0 AppleWebKit/537.36 (KHTML, like Gecko; compatible; GPTBot/1.3; +https://openai.com/gptbot)"
74.7.242.50 - - [14/Mar/2026:20:02:36 +0700] "GET /webyourday.com/tx_2.php?dir=%2Fhome%2Fwebw9215%2Fpublic_html%2Fansr.co.id%2Fcgi-bin HTTP/2" 200 647 "https://mail.webyourday.com/webyourday.com/tx_2.php?dir=%2Fhome%2Fwebw9215%2Fpublic_html%2Fansr.co.id" "Mozilla/5.0 AppleWebKit/537.36 (KHTML, like Gecko; compatible; GPTBot/1.3; +https://openai.com/gptbot)"
74.7.243.199 - - [14/Mar/2026:20:02:40 +0700] "GET /tripmedika.com/tx_2.php?dir=%2Fhome%2Fwebw9215%2Fpublic_html%2Fandalaninti.co.id%2Fwp-content%2Fplugins%2Felementor-pro%2Fmodules%2Fpopup%2Fassets HTTP/2" 200 738 "https://www.webyourday.com/tripmedika.com/tx_2.php?dir=%2Fhome%2Fwebw9215%2Fpublic_html%2Fandalaninti.co.id%2Fwp-content%2Fplugins%2Felementor-pro%2Fmodules%2Fpopup" "Mozilla/5.0 AppleWebKit/537.36 (KHTML, like Gecko; compatible; GPTBot/1.3; +https://openai.com/gptbot)"
202.10.43.35 - - [14/Mar/2026:20:02:40 +0700] "POST /wp-cron.php?doing_wp_cron=1773493360.5473160743713378906250 HTTP/1.1" 200 0 "-" "WordPress/6.9.1; https://webyourday.com"
74.7.242.50 - - [14/Mar/2026:20:02:40 +0700] "GET /webyourday.com/tx_2.php?dir=%2Fhome%2Fwebw9215%2Fpublic_html%2Fandalaninti.co.id%2F.well-known HTTP/2" 200 683 "https://mail.webyourday.com/webyourday.com/tx_2.php?dir=%2Fhome%2Fwebw9215%2Fpublic_html%2Fandalaninti.co.id" "Mozilla/5.0 AppleWebKit/537.36 (KHTML, like Gecko; compatible; GPTBot/1.3; +https://openai.com/gptbot)"
178.16.52.137 - - [14/Mar/2026:20:02:35 +0700] "POST /wp-login.php?action=register HTTP/2" 302 0 "-" "-"
74.7.243.199 - - [14/Mar/2026:20:02:44 +0700] "GET /tripmedika.com/tx_2.php?dir=%2Fhome%2Fwebw9215%2Fpublic_html%2Fandalaninti.co.id%2Fwp-content%2Fplugins%2Fgoogle-site-kit%2Fthird-party%2Fpsr HTTP/2" 200 797 "https://www.webyourday.com/tripmedika.com/tx_2.php?dir=%2Fhome%2Fwebw9215%2Fpublic_html%2Fandalaninti.co.id%2Fwp-content%2Fplugins%2Fgoogle-site-kit%2Fthird-party" "Mozilla/5.0 AppleWebKit/537.36 (KHTML, like Gecko; compatible; GPTBot/1.3; +https://openai.com/gptbot)"
74.7.242.50 - - [14/Mar/2026:20:02:44 +0700] "GET /webyourday.com/tx_2.php?dir=%2Fhome%2Fwebw9215%2Fpublic_html%2Fandalaninti.co.id%2F.. HTTP/2" 200 1548 "https://mail.webyourday.com/webyourday.com/tx_2.php?dir=%2Fhome%2Fwebw9215%2Fpublic_html%2Fandalaninti.co.id" "Mozilla/5.0 AppleWebKit/537.36 (KHTML, like Gecko; compatible; GPTBot/1.3; +https://openai.com/gptbot)"
74.7.243.199 - - [14/Mar/2026:20:02:47 +0700] "GET /tripmedika.com/tx_2.php?dir=%2Fhome%2Fwebw9215%2Fpublic_html%2Fandalaninti.co.id%2Fwp-content%2Fplugins%2Fwoocommerce%2Fsrc%2FInternal%2FProductDownloads%2FApprovedDirectories%2F.. HTTP/2" 200 748 "https://www.webyourday.com/tripmedika.com/tx_2.php?dir=%2Fhome%2Fwebw9215%2Fpublic_html%2Fandalaninti.co.id%2Fwp-content%2Fplugins%2Fwoocommerce%2Fsrc%2FInternal%2FProductDownloads%2FApprovedDirectories" "Mozilla/5.0 AppleWebKit/537.36 (KHTML, like Gecko; compatible; GPTBot/1.3; +https://openai.com/gptbot)"
74.7.242.50 - - [14/Mar/2026:20:02:48 +0700] "GET /webyourday.com/tx_2.php?dir=%2Fhome%2Fwebw9215%2Fpublic_html%2Fandalaninti.co.id%2Fcgi-bin HTTP/2" 200 654 "https://mail.webyourday.com/webyourday.com/tx_2.php?dir=%2Fhome%2Fwebw9215%2Fpublic_html%2Fandalaninti.co.id" "Mozilla/5.0 AppleWebKit/537.36 (KHTML, like Gecko; compatible; GPTBot/1.3; +https://openai.com/gptbot)"
178.16.52.137 - - [14/Mar/2026:20:02:44 +0700] "POST /wp-login.php?action=register HTTP/2" 302 0 "-" "-"
74.7.243.199 - - [14/Mar/2026:20:02:51 +0700] "GET /tripmedika.com/tx_2.php?dir=%2Fhome%2Fwebw9215%2Fpublic_html%2Fandalaninti.co.id%2Fwp-content%2Fplugins%2Ftiktok-for-business%2Fadmin%2FTasks HTTP/2" 200 780 "https://www.webyourday.com/tripmedika.com/tx_2.php?dir=%2Fhome%2Fwebw9215%2Fpublic_html%2Fandalaninti.co.id%2Fwp-content%2Fplugins%2Ftiktok-for-business%2Fadmin" "Mozilla/5.0 AppleWebKit/537.36 (KHTML, like Gecko; compatible; GPTBot/1.3; +https://openai.com/gptbot)"
74.7.242.50 - - [14/Mar/2026:20:02:51 +0700] "GET /webyourday.com/tx_2.php?dir=%2Fhome%2Fwebw9215%2Fpublic_html%2Fansr.co.id%2F.. HTTP/2" 200 1554 "https://mail.webyourday.com/webyourday.com/tx_2.php?dir=%2Fhome%2Fwebw9215%2Fpublic_html%2Fansr.co.id" "Mozilla/5.0 AppleWebKit/537.36 (KHTML, like Gecko; compatible; GPTBot/1.3; +https://openai.com/gptbot)"
74.7.243.199 - - [14/Mar/2026:20:02:54 +0700] "GET /tripmedika.com/tx_2.php?dir=%2Fhome%2Fwebw9215%2Fpublic_html%2Fandalaninti.co.id%2Fwp-content%2Fplugins%2Ftemplately%2Fvendor%2Fpriyomukul HTTP/2" 200 729 "https://www.webyourday.com/tripmedika.com/tx_2.php?dir=%2Fhome%2Fwebw9215%2Fpublic_html%2Fandalaninti.co.id%2Fwp-content%2Fplugins%2Ftemplately%2Fvendor" "Mozilla/5.0 AppleWebKit/537.36 (KHTML, like Gecko; compatible; GPTBot/1.3; +https://openai.com/gptbot)"
74.7.242.50 - - [14/Mar/2026:20:02:54 +0700] "GET /tripmedika.com/tx_2.php?dir=%2Fhome%2Fwebw9215%2Fpublic_html%2Fansr.co.id%2Fwp-includes%2Fjs%2Fdist%2Fscript-modules%2Fblock-library%2Fnavigation HTTP/2" 200 809 "https://mail.webyourday.com/tripmedika.com/tx_2.php?dir=%2Fhome%2Fwebw9215%2Fpublic_html%2Fansr.co.id%2Fwp-includes%2Fjs%2Fdist%2Fscript-modules%2Fblock-library" "Mozilla/5.0 AppleWebKit/537.36 (KHTML, like Gecko; compatible; GPTBot/1.3; +https://openai.com/gptbot)"
74.7.243.199 - - [14/Mar/2026:20:02:57 +0700] "GET /tripmedika.com/tx_2.php?dir=%2Fhome%2Fwebw9215%2Fpublic_html%2Fandalaninti.co.id%2Fwp-content%2Fplugins%2Fwoo-checkout-field-editor-pro%2Fadmin%2Fassets%2Fimages%2Fdiscount-popup%2F.. HTTP/2" 200 1077 "https://www.webyourday.com/tripmedika.com/tx_2.php?dir=%2Fhome%2Fwebw9215%2Fpublic_html%2Fandalaninti.co.id%2Fwp-content%2Fplugins%2Fwoo-checkout-field-editor-pro%2Fadmin%2Fassets%2Fimages%2Fdiscount-popup" "Mozilla/5.0 AppleWebKit/537.36 (KHTML, like Gecko; compatible; GPTBot/1.3; +https://openai.com/gptbot)"
74.7.242.50 - - [14/Mar/2026:20:02:57 +0700] "GET /tripmedika.com/tx_2.php?dir=%2Fhome%2Fwebw9215%2Fmail%2Fomah.co.id%2Finfo%2Ftmp%2F.. HTTP/2" 200 815 "https://mail.webyourday.com/tripmedika.com/tx_2.php?dir=%2Fhome%2Fwebw9215%2Fmail%2Fomah.co.id%2Finfo%2Ftmp" "Mozilla/5.0 AppleWebKit/537.36 (KHTML, like Gecko; compatible; GPTBot/1.3; +https://openai.com/gptbot)"
178.16.52.137 - - [14/Mar/2026:20:02:51 +0700] "POST /wp-login.php?action=register HTTP/2" 302 0 "-" "-"
74.7.243.199 - - [14/Mar/2026:20:02:59 +0700] "GET /tripmedika.com/tx_2.php?dir=%2Fhome%2Fwebw9215%2Fpublic_html%2Fandalaninti.co.id%2Fwp-content%2Fplugins%2Fwoo-checkout-field-editor-pro%2Fadmin%2Fassets%2Fimages%2Freview-notice%2F.. HTTP/2" 200 1077 "https://www.webyourday.com/tripmedika.com/tx_2.php?dir=%2Fhome%2Fwebw9215%2Fpublic_html%2Fandalaninti.co.id%2Fwp-content%2Fplugins%2Fwoo-checkout-field-editor-pro%2Fadmin%2Fassets%2Fimages%2Freview-notice" "Mozilla/5.0 AppleWebKit/537.36 (KHTML, like Gecko; compatible; GPTBot/1.3; +https://openai.com/gptbot)"
74.7.242.50 - - [14/Mar/2026:20:03:00 +0700] "GET /tripmedika.com/tx_2.php?dir=%2Fhome%2Fwebw9215%2Fpublic_html%2Fandalaninti.co.id%2Fwp-content%2Fthemes%2Ftwentytwentytwo%2Fassets%2Ffonts%2Fsource-serif-pro HTTP/2" 200 907 "https://mail.webyourday.com/tripmedika.com/tx_2.php?dir=%2Fhome%2Fwebw9215%2Fpublic_html%2Fandalaninti.co.id%2Fwp-content%2Fthemes%2Ftwentytwentytwo%2Fassets%2Ffonts" "Mozilla/5.0 AppleWebKit/537.36 (KHTML, like Gecko; compatible; GPTBot/1.3; +https://openai.com/gptbot)"
74.7.243.199 - - [14/Mar/2026:20:03:01 +0700] "GET /tripmedika.com/tx_2.php?dir=%2Fhome%2Fwebw9215%2Fpublic_html%2Fandalaninti.co.id%2Fwp-content%2Fplugins%2Fwoo-checkout-field-editor-pro%2Fadmin%2Fassets%2Fimages%2Fpremium HTTP/2" 200 1110 "https://www.webyourday.com/tripmedika.com/tx_2.php?dir=%2Fhome%2Fwebw9215%2Fpublic_html%2Fandalaninti.co.id%2Fwp-content%2Fplugins%2Fwoo-checkout-field-editor-pro%2Fadmin%2Fassets%2Fimages" "Mozilla/5.0 AppleWebKit/537.36 (KHTML, like Gecko; compatible; GPTBot/1.3; +https://openai.com/gptbot)"
74.7.242.50 - - [14/Mar/2026:20:03:02 +0700] "GET /webyourday.com/tx_2.php?dir=%2Fhome%2Fwebw9215%2Fpublic_html%2Fandalaninti.co.id%2Fwp-includes&edit=1&file=wp-diff.php HTTP/2" 200 679 "https://mail.webyourday.com/webyourday.com/tx_2.php?dir=%2Fhome%2Fwebw9215%2Fpublic_html%2Fandalaninti.co.id%2Fwp-includes" "Mozilla/5.0 AppleWebKit/537.36 (KHTML, like Gecko; compatible; GPTBot/1.3; +https://openai.com/gptbot)"
74.7.243.199 - - [14/Mar/2026:20:03:03 +0700] "GET /tripmedika.com/tx_2.php?dir=%2Fhome%2Fwebw9215%2Fpublic_html%2Fandalaninti.co.id%2Fwp-content%2Fthemes%2Ftwentynineteen%2Ftemplate-parts%2Fpost%2F.. HTTP/2" 200 759 "https://www.webyourday.com/tripmedika.com/tx_2.php?dir=%2Fhome%2Fwebw9215%2Fpublic_html%2Fandalaninti.co.id%2Fwp-content%2Fthemes%2Ftwentynineteen%2Ftemplate-parts%2Fpost" "Mozilla/5.0 AppleWebKit/537.36 (KHTML, like Gecko; compatible; GPTBot/1.3; +https://openai.com/gptbot)"
74.7.242.50 - - [14/Mar/2026:20:03:03 +0700] "GET /webyourday.com/tx_2.php?dir=%2Fhome%2Fwebw9215%2Fpublic_html%2Fandalaninti.co.id%2Fwp-includes%2Fsodium_compat HTTP/2" 200 872 "https://mail.webyourday.com/webyourday.com/tx_2.php?dir=%2Fhome%2Fwebw9215%2Fpublic_html%2Fandalaninti.co.id%2Fwp-includes" "Mozilla/5.0 AppleWebKit/537.36 (KHTML, like Gecko; compatible; GPTBot/1.3; +https://openai.com/gptbot)"
74.7.243.199 - - [14/Mar/2026:20:03:06 +0700] "GET /tripmedika.com/tx_2.php?dir=%2Fhome%2Fwebw9215%2Fpublic_html%2Fandalaninti.co.id%2Fwp-content%2Fthemes%2Ftwentynineteen%2Ftemplate-parts%2Fheader%2F.. HTTP/2" 200 759 "https://www.webyourday.com/tripmedika.com/tx_2.php?dir=%2Fhome%2Fwebw9215%2Fpublic_html%2Fandalaninti.co.id%2Fwp-content%2Fthemes%2Ftwentynineteen%2Ftemplate-parts%2Fheader" "Mozilla/5.0 AppleWebKit/537.36 (KHTML, like Gecko; compatible; GPTBot/1.3; +https://openai.com/gptbot)"
74.7.242.50 - - [14/Mar/2026:20:03:06 +0700] "GET /webyourday.com/tx_2.php?dir=%2Fhome%2Fwebw9215%2Fpublic_html%2Fandalaninti.co.id%2Fwp-content&edit=1&file=index.php HTTP/2" 200 373 "https://mail.webyourday.com/webyourday.com/tx_2.php?dir=%2Fhome%2Fwebw9215%2Fpublic_html%2Fandalaninti.co.id%2Fwp-content" "Mozilla/5.0 AppleWebKit/537.36 (KHTML, like Gecko; compatible; GPTBot/1.3; +https://openai.com/gptbot)"
74.7.243.199 - - [14/Mar/2026:20:03:08 +0700] "GET /tripmedika.com/tx_2.php?dir=%2Fhome%2Fwebw9215%2Fpublic_html%2Fandalaninti.co.id%2Fwp-content%2Fplugins%2Felementor-pro%2Fassets%2Fcss%2Fmodules HTTP/2" 200 1055 "https://www.webyourday.com/tripmedika.com/tx_2.php?dir=%2Fhome%2Fwebw9215%2Fpublic_html%2Fandalaninti.co.id%2Fwp-content%2Fplugins%2Felementor-pro%2Fassets%2Fcss" "Mozilla/5.0 AppleWebKit/537.36 (KHTML, like Gecko; compatible; GPTBot/1.3; +https://openai.com/gptbot)"
74.7.242.50 - - [14/Mar/2026:20:03:08 +0700] "GET /webyourday.com/tx_2.php?dir=%2Fhome%2Fwebw9215%2Fpublic_html%2Fandalaninti.co.id%2Fwp-includes%2FRequests HTTP/2" 200 708 "https://mail.webyourday.com/webyourday.com/tx_2.php?dir=%2Fhome%2Fwebw9215%2Fpublic_html%2Fandalaninti.co.id%2Fwp-includes" "Mozilla/5.0 AppleWebKit/537.36 (KHTML, like Gecko; compatible; GPTBot/1.3; +https://openai.com/gptbot)"
74.7.243.199 - - [14/Mar/2026:20:03:11 +0700] "GET /tripmedika.com/tx_2.php?dir=%2Fhome%2Fwebw9215%2Fpublic_html%2Fandalaninti.co.id%2Fwp-content%2Fplugins%2Fwordpress-seo%2Fsrc%2Fvalues%2Ftwitter HTTP/2" 200 785 "https://www.webyourday.com/tripmedika.com/tx_2.php?dir=%2Fhome%2Fwebw9215%2Fpublic_html%2Fandalaninti.co.id%2Fwp-content%2Fplugins%2Fwordpress-seo%2Fsrc%2Fvalues" "Mozilla/5.0 AppleWebKit/537.36 (KHTML, like Gecko; compatible; GPTBot/1.3; +https://openai.com/gptbot)"
74.7.242.50 - - [14/Mar/2026:20:03:11 +0700] "GET /webyourday.com/tx_2.php?dir=%2Fhome%2Fwebw9215%2Fpublic_html%2Fandalaninti.co.id%2Fwp-includes&edit=1&file=feed-atom.php HTTP/2" 200 1599 "https://mail.webyourday.com/webyourday.com/tx_2.php?dir=%2Fhome%2Fwebw9215%2Fpublic_html%2Fandalaninti.co.id%2Fwp-includes" "Mozilla/5.0 AppleWebKit/537.36 (KHTML, like Gecko; compatible; GPTBot/1.3; +https://openai.com/gptbot)"
74.7.243.199 - - [14/Mar/2026:20:03:15 +0700] "GET /tripmedika.com/tx_2.php?dir=%2Fhome%2Fwebw9215%2Fpublic_html%2Fandalaninti.co.id%2Fwp-content%2Fplugins%2Fgoogle-site-kit%2Fthird-party%2Fpsr%2Fhttp-factory HTTP/2" 200 744 "https://www.webyourday.com/tripmedika.com/tx_2.php?dir=%2Fhome%2Fwebw9215%2Fpublic_html%2Fandalaninti.co.id%2Fwp-content%2Fplugins%2Fgoogle-site-kit%2Fthird-party%2Fpsr" "Mozilla/5.0 AppleWebKit/537.36 (KHTML, like Gecko; compatible; GPTBot/1.3; +https://openai.com/gptbot)"
74.7.242.50 - - [14/Mar/2026:20:03:15 +0700] "GET /webyourday.com/tx_2.php?dir=%2Fhome%2Fwebw9215%2Fpublic_html%2Fansr.co.id%2Fwp-includes%2Fblock-bindings HTTP/2" 200 804 "https://mail.webyourday.com/webyourday.com/tx_2.php?dir=%2Fhome%2Fwebw9215%2Fpublic_html%2Fansr.co.id%2Fwp-includes" "Mozilla/5.0 AppleWebKit/537.36 (KHTML, like Gecko; compatible; GPTBot/1.3; +https://openai.com/gptbot)"
216.73.216.120 - - [14/Mar/2026:20:03:18 +0700] "GET /wp-includes/js/thickbox HTTP/2" 301 795 "-" "Mozilla/5.0 AppleWebKit/537.36 (KHTML, like Gecko; compatible; ClaudeBot/1.0; +claudebot@anthropic.com)"
216.73.216.120 - - [14/Mar/2026:20:03:18 +0700] "GET /wp-includes/js/jquery/ui HTTP/2" 301 795 "-" "Mozilla/5.0 AppleWebKit/537.36 (KHTML, like Gecko; compatible; ClaudeBot/1.0; +claudebot@anthropic.com)"
216.73.216.120 - - [14/Mar/2026:20:03:18 +0700] "GET /wp-includes/SimplePie/src/Parse HTTP/2" 301 795 "-" "Mozilla/5.0 AppleWebKit/537.36 (KHTML, like Gecko; compatible; ClaudeBot/1.0; +claudebot@anthropic.com)"
216.73.216.120 - - [14/Mar/2026:20:03:18 +0700] "GET /wp-includes/rest-api/search HTTP/2" 301 795 "-" "Mozilla/5.0 AppleWebKit/537.36 (KHTML, like Gecko; compatible; ClaudeBot/1.0; +claudebot@anthropic.com)"
216.73.216.120 - - [14/Mar/2026:20:03:18 +0700] "GET /wp-includes/js/swfobject.js HTTP/2" 200 0 "-" "Mozilla/5.0 AppleWebKit/537.36 (KHTML, like Gecko; compatible; ClaudeBot/1.0; +claudebot@anthropic.com)"
216.73.216.120 - - [14/Mar/2026:20:03:18 +0700] "GET /pt-stp.com/wp-includes/class-wp-http.php HTTP/2" 200 6 "-" "Mozilla/5.0 AppleWebKit/537.36 (KHTML, like Gecko; compatible; ClaudeBot/1.0; +claudebot@anthropic.com)"
216.73.216.120 - - [14/Mar/2026:20:03:18 +0700] "GET /wp-includes/sodium_compat/lib/php84compat.php HTTP/2" 200 0 "-" "Mozilla/5.0 AppleWebKit/537.36 (KHTML, like Gecko; compatible; ClaudeBot/1.0; +claudebot@anthropic.com)"
216.73.216.120 - - [14/Mar/2026:20:03:18 +0700] "GET /wp-includes/sodium_compat/src/Crypto.php HTTP/2" 200 0 "-" "Mozilla/5.0 AppleWebKit/537.36 (KHTML, like Gecko; compatible; ClaudeBot/1.0; +claudebot@anthropic.com)"
216.73.216.120 - - [14/Mar/2026:20:03:18 +0700] "GET /pt-stp.com/wp-includes/class-wp-script-modules.php HTTP/2" 200 0 "-" "Mozilla/5.0 AppleWebKit/537.36 (KHTML, like Gecko; compatible; ClaudeBot/1.0; +claudebot@anthropic.com)"
216.73.216.120 - - [14/Mar/2026:20:03:18 +0700] "GET /wp-includes/sodium_compat/src/Compat.php HTTP/2" 200 0 "-" "Mozilla/5.0 AppleWebKit/537.36 (KHTML, like Gecko; compatible; ClaudeBot/1.0; +claudebot@anthropic.com)"
216.73.216.120 - - [14/Mar/2026:20:03:18 +0700] "GET /wp-includes/ID3/getid3.php HTTP/2" 200 0 "-" "Mozilla/5.0 AppleWebKit/537.36 (KHTML, like Gecko; compatible; ClaudeBot/1.0; +claudebot@anthropic.com)"
216.73.216.120 - - [14/Mar/2026:20:03:18 +0700] "GET /wp-includes/rest-api/search/ HTTP/2" 200 821 "https://webyourday.com/wp-includes/rest-api/search" "Mozilla/5.0 AppleWebKit/537.36 (KHTML, like Gecko; compatible; ClaudeBot/1.0; +claudebot@anthropic.com)"
216.73.216.120 - - [14/Mar/2026:20:03:18 +0700] "GET /wp-includes/SimplePie/src/Parse/ HTTP/2" 200 640 "https://webyourday.com/wp-includes/SimplePie/src/Parse" "Mozilla/5.0 AppleWebKit/537.36 (KHTML, like Gecko; compatible; ClaudeBot/1.0; +claudebot@anthropic.com)"
216.73.216.120 - - [14/Mar/2026:20:03:18 +0700] "GET /wp-includes/js/thickbox/ HTTP/2" 200 788 "https://webyourday.com/wp-includes/js/thickbox" "Mozilla/5.0 AppleWebKit/537.36 (KHTML, like Gecko; compatible; ClaudeBot/1.0; +claudebot@anthropic.com)"
216.73.216.120 - - [14/Mar/2026:20:03:18 +0700] "GET /wp-includes/widgets/class-wp-widget-recent-comments.php HTTP/2" 500 0 "-" "Mozilla/5.0 AppleWebKit/537.36 (KHTML, like Gecko; compatible; ClaudeBot/1.0; +claudebot@anthropic.com)"
216.73.216.120 - - [14/Mar/2026:20:03:18 +0700] "GET /wp-includes/js/jquery/ui/ HTTP/2" 200 2397 "https://webyourday.com/wp-includes/js/jquery/ui" "Mozilla/5.0 AppleWebKit/537.36 (KHTML, like Gecko; compatible; ClaudeBot/1.0; +claudebot@anthropic.com)"
216.73.216.120 - - [14/Mar/2026:20:03:18 +0700] "GET /wp-includes/widgets/class-wp-widget-custom-html.php HTTP/2" 500 0 "-" "Mozilla/5.0 AppleWebKit/537.36 (KHTML, like Gecko; compatible; ClaudeBot/1.0; +claudebot@anthropic.com)"
74.7.243.199 - - [14/Mar/2026:20:03:18 +0700] "GET /tripmedika.com/tx_2.php?dir=%2Fhome%2Fwebw9215%2Fpublic_html%2Fandalaninti.co.id%2Fwp-content%2Fplugins%2Fgoogle-site-kit%2Fthird-party%2Fpsr%2Fhttp-client HTTP/2" 200 746 "https://www.webyourday.com/tripmedika.com/tx_2.php?dir=%2Fhome%2Fwebw9215%2Fpublic_html%2Fandalaninti.co.id%2Fwp-content%2Fplugins%2Fgoogle-site-kit%2Fthird-party%2Fpsr" "Mozilla/5.0 AppleWebKit/537.36 (KHTML, like Gecko; compatible; GPTBot/1.3; +https://openai.com/gptbot)"
216.73.216.120 - - [14/Mar/2026:20:03:19 +0700] "GET /wp-includes/js/plupload HTTP/2" 301 795 "-" "Mozilla/5.0 AppleWebKit/537.36 (KHTML, like Gecko; compatible; ClaudeBot/1.0; +claudebot@anthropic.com)"
216.73.216.120 - - [14/Mar/2026:20:03:19 +0700] "GET /wp-includes/js/wp-embed.js HTTP/2" 200 1183 "-" "Mozilla/5.0 AppleWebKit/537.36 (KHTML, like Gecko; compatible; ClaudeBot/1.0; +claudebot@anthropic.com)"
216.73.216.120 - - [14/Mar/2026:20:03:19 +0700] "GET /wp-includes/sodium_compat/lib/php72compat.php HTTP/2" 200 0 "-" "Mozilla/5.0 AppleWebKit/537.36 (KHTML, like Gecko; compatible; ClaudeBot/1.0; +claudebot@anthropic.com)"
216.73.216.120 - - [14/Mar/2026:20:03:19 +0700] "GET /wp-includes/js/plupload/ HTTP/2" 200 1182 "https://webyourday.com/wp-includes/js/plupload" "Mozilla/5.0 AppleWebKit/537.36 (KHTML, like Gecko; compatible; ClaudeBot/1.0; +claudebot@anthropic.com)"
216.73.216.120 - - [14/Mar/2026:20:03:19 +0700] "GET /wp-includes/rest-api/endpoints/class-wp-rest-controller.php HTTP/2" 200 0 "-" "Mozilla/5.0 AppleWebKit/537.36 (KHTML, like Gecko; compatible; ClaudeBot/1.0; +claudebot@anthropic.com)"
216.73.216.120 - - [14/Mar/2026:20:03:19 +0700] "GET /pt-stp.com/wp-includes/block-patterns/query-offset-posts.php HTTP/2" 500 0 "-" "Mozilla/5.0 AppleWebKit/537.36 (KHTML, like Gecko; compatible; ClaudeBot/1.0; +claudebot@anthropic.com)"
