74.7.242.50 - - [14/Mar/2026:20:05:13 +0700] "GET /webyourday.com/tx_2.php?dir=%2Fhome%2Fwebw9215%2Fpublic_html%2Fandalaninti.co.id%2Fwp-admin%2Fnetwork&edit=1&file=upgrade.php HTTP/2" 200 2514 "https://mail.webyourday.com/webyourday.com/tx_2.php?dir=%2Fhome%2Fwebw9215%2Fpublic_html%2Fandalaninti.co.id%2Fwp-admin%2Fnetwork" "Mozilla/5.0 AppleWebKit/537.36 (KHTML, like Gecko; compatible; GPTBot/1.3; +https://openai.com/gptbot)"
74.7.243.199 - - [14/Mar/2026:20:05:15 +0700] "GET /tripmedika.com/tx_2.php?dir=%2Fhome%2Fwebw9215%2Fpublic_html%2Fandalaninti.co.id%2Fwp-content%2Fplugins%2Fpinterest-for-woocommerce%2Fsrc%2FProduct%2FAttributes HTTP/2" 200 947 "https://www.webyourday.com/tripmedika.com/tx_2.php?dir=%2Fhome%2Fwebw9215%2Fpublic_html%2Fandalaninti.co.id%2Fwp-content%2Fplugins%2Fpinterest-for-woocommerce%2Fsrc%2FProduct" "Mozilla/5.0 AppleWebKit/537.36 (KHTML, like Gecko; compatible; GPTBot/1.3; +https://openai.com/gptbot)"
216.73.216.120 - - [14/Mar/2026:20:05:17 +0700] "GET /pt-stp.com/tx_2.php?dir=%2Fhome%2Fwebw9215%2F.cphorde HTTP/2" 200 719 "-" "Mozilla/5.0 AppleWebKit/537.36 (KHTML, like Gecko; compatible; ClaudeBot/1.0; +claudebot@anthropic.com)"
74.7.242.50 - - [14/Mar/2026:20:05:17 +0700] "GET /webyourday.com/tx_2.php?dir=%2Fhome%2Fwebw9215%2Fpublic_html%2Fandalaninti.co.id%2Fwp-admin%2Fnetwork%2F.. HTTP/2" 200 2946 "https://mail.webyourday.com/webyourday.com/tx_2.php?dir=%2Fhome%2Fwebw9215%2Fpublic_html%2Fandalaninti.co.id%2Fwp-admin%2Fnetwork" "Mozilla/5.0 AppleWebKit/537.36 (KHTML, like Gecko; compatible; GPTBot/1.3; +https://openai.com/gptbot)"
74.7.243.199 - - [14/Mar/2026:20:05:19 +0700] "GET /tripmedika.com/tx_2.php?dir=%2Fhome%2Fwebw9215%2Fpublic_html%2Fandalaninti.co.id%2Fwp-content%2Fplugins%2Felementor%2Fmodules%2Fhistory%2F.. HTTP/2" 200 1729 "https://www.webyourday.com/tripmedika.com/tx_2.php?dir=%2Fhome%2Fwebw9215%2Fpublic_html%2Fandalaninti.co.id%2Fwp-content%2Fplugins%2Felementor%2Fmodules%2Fhistory" "Mozilla/5.0 AppleWebKit/537.36 (KHTML, like Gecko; compatible; GPTBot/1.3; +https://openai.com/gptbot)"
74.7.242.50 - - [14/Mar/2026:20:05:20 +0700] "GET /webyourday.com/tx_2.php?dir=%2Fhome%2Fwebw9215%2Fpublic_html%2Fandalaninti.co.id%2Fwp-admin%2Fincludes%2F.. HTTP/2" 200 2987 "https://mail.webyourday.com/webyourday.com/tx_2.php?dir=%2Fhome%2Fwebw9215%2Fpublic_html%2Fandalaninti.co.id%2Fwp-admin%2Fincludes" "Mozilla/5.0 AppleWebKit/537.36 (KHTML, like Gecko; compatible; GPTBot/1.3; +https://openai.com/gptbot)"
74.7.243.199 - - [14/Mar/2026:20:05:21 +0700] "GET /tripmedika.com/tx_2.php?dir=%2Fhome%2Fwebw9215%2Fpublic_html%2Fandalaninti.co.id%2Fwp-content%2Fplugins%2Floginpress%2Fimg%2Fthumbnail%2F.. HTTP/2" 200 1467 "https://www.webyourday.com/tripmedika.com/tx_2.php?dir=%2Fhome%2Fwebw9215%2Fpublic_html%2Fandalaninti.co.id%2Fwp-content%2Fplugins%2Floginpress%2Fimg%2Fthumbnail" "Mozilla/5.0 AppleWebKit/537.36 (KHTML, like Gecko; compatible; GPTBot/1.3; +https://openai.com/gptbot)"
216.73.216.120 - - [14/Mar/2026:20:05:22 +0700] "GET /mitravertikalindo.com/tx_2.php?dir=%2Fhome%2Fwebw9215%2F.razor HTTP/2" 200 822 "-" "Mozilla/5.0 AppleWebKit/537.36 (KHTML, like Gecko; compatible; ClaudeBot/1.0; +claudebot@anthropic.com)"
74.7.242.50 - - [14/Mar/2026:20:05:22 +0700] "GET /webyourday.com/tx_2.php?dir=%2Fhome%2Fwebw9215%2Fpublic_html%2Fandalaninti.co.id%2Fwp-content%2Fplugins%2Fwoo-checkout-field-editor-pro HTTP/2" 200 902 "https://mail.webyourday.com/webyourday.com/tx_2.php?dir=%2Fhome%2Fwebw9215%2Fpublic_html%2Fandalaninti.co.id%2Fwp-content%2Fplugins" "Mozilla/5.0 AppleWebKit/537.36 (KHTML, like Gecko; compatible; GPTBot/1.3; +https://openai.com/gptbot)"
74.7.243.199 - - [14/Mar/2026:20:05:25 +0700] "GET /tripmedika.com/tx_2.php?dir=%2Fhome%2Fwebw9215%2Fpublic_html%2Fandalaninti.co.id%2Fwp-content%2Fthemes%2Ftwentynineteen%2Fsass%2Flayout%2F.. HTTP/2" 200 967 "https://www.webyourday.com/tripmedika.com/tx_2.php?dir=%2Fhome%2Fwebw9215%2Fpublic_html%2Fandalaninti.co.id%2Fwp-content%2Fthemes%2Ftwentynineteen%2Fsass%2Flayout" "Mozilla/5.0 AppleWebKit/537.36 (KHTML, like Gecko; compatible; GPTBot/1.3; +https://openai.com/gptbot)"
74.7.242.50 - - [14/Mar/2026:20:05:26 +0700] "GET /webyourday.com/tx_2.php?dir=%2Fhome%2Fwebw9215%2Fpublic_html%2Fandalaninti.co.id%2Fwp-content%2Fplugins%2Fessential-addons-for-elementor-lite HTTP/2" 200 998 "https://mail.webyourday.com/webyourday.com/tx_2.php?dir=%2Fhome%2Fwebw9215%2Fpublic_html%2Fandalaninti.co.id%2Fwp-content%2Fplugins" "Mozilla/5.0 AppleWebKit/537.36 (KHTML, like Gecko; compatible; GPTBot/1.3; +https://openai.com/gptbot)"
216.73.216.120 - - [14/Mar/2026:20:05:26 +0700] "GET /pt-stp.com/tx_2.php?dir=%2Fhome%2Fwebw9215%2F.spamassassin HTTP/2" 200 735 "-" "Mozilla/5.0 AppleWebKit/537.36 (KHTML, like Gecko; compatible; ClaudeBot/1.0; +claudebot@anthropic.com)"
74.7.243.199 - - [14/Mar/2026:20:05:27 +0700] "GET /tripmedika.com/tx_2.php?dir=%2Fhome%2Fwebw9215%2Fpublic_html%2Fandalaninti.co.id%2Fwp-content%2Fplugins%2Fadvanced-custom-fields%2Fincludes%2Fadmin&edit=1&file=admin-options-pages-preview.php HTTP/2" 200 1204 "https://www.webyourday.com/tripmedika.com/tx_2.php?dir=%2Fhome%2Fwebw9215%2Fpublic_html%2Fandalaninti.co.id%2Fwp-content%2Fplugins%2Fadvanced-custom-fields%2Fincludes%2Fadmin" "Mozilla/5.0 AppleWebKit/537.36 (KHTML, like Gecko; compatible; GPTBot/1.3; +https://openai.com/gptbot)"
74.7.242.50 - - [14/Mar/2026:20:05:28 +0700] "GET /webyourday.com/tx_2.php?dir=%2Fhome%2Fwebw9215%2Fpublic_html%2Fandalaninti.co.id%2Fwp-content%2Fplugins%2Ftiktok-for-business HTTP/2" 200 1193 "https://mail.webyourday.com/webyourday.com/tx_2.php?dir=%2Fhome%2Fwebw9215%2Fpublic_html%2Fandalaninti.co.id%2Fwp-content%2Fplugins" "Mozilla/5.0 AppleWebKit/537.36 (KHTML, like Gecko; compatible; GPTBot/1.3; +https://openai.com/gptbot)"
74.7.243.199 - - [14/Mar/2026:20:05:29 +0700] "GET /tripmedika.com/tx_2.php?dir=%2Fhome%2Fwebw9215%2Fpublic_html%2Fandalaninti.co.id%2Fwp-content%2Fplugins%2Fadvanced-custom-fields%2Fincludes%2Fadmin%2Fpost-types HTTP/2" 200 922 "https://www.webyourday.com/tripmedika.com/tx_2.php?dir=%2Fhome%2Fwebw9215%2Fpublic_html%2Fandalaninti.co.id%2Fwp-content%2Fplugins%2Fadvanced-custom-fields%2Fincludes%2Fadmin" "Mozilla/5.0 AppleWebKit/537.36 (KHTML, like Gecko; compatible; GPTBot/1.3; +https://openai.com/gptbot)"
74.7.242.50 - - [14/Mar/2026:20:05:30 +0700] "GET /webyourday.com/tx_2.php?dir=%2Fhome%2Fwebw9215%2Fpublic_html%2Fandalaninti.co.id%2Fwp-content%2Fplugins%2Freally-simple-ssl HTTP/2" 200 1660 "https://mail.webyourday.com/webyourday.com/tx_2.php?dir=%2Fhome%2Fwebw9215%2Fpublic_html%2Fandalaninti.co.id%2Fwp-content%2Fplugins" "Mozilla/5.0 AppleWebKit/537.36 (KHTML, like Gecko; compatible; GPTBot/1.3; +https://openai.com/gptbot)"
216.73.216.120 - - [14/Mar/2026:20:05:31 +0700] "GET /mitravertikalindo.com/tx_2.php?dir=%2Fhome%2Fwebw9215%2Flscache HTTP/2" 200 648 "-" "Mozilla/5.0 AppleWebKit/537.36 (KHTML, like Gecko; compatible; ClaudeBot/1.0; +claudebot@anthropic.com)"
74.7.243.199 - - [14/Mar/2026:20:05:31 +0700] "GET /tripmedika.com/tx_2.php?dir=%2Fhome%2Fwebw9215%2Fpublic_html%2Fandalaninti.co.id%2Fwp-content%2Fthemes%2Ftwentynineteen%2Fsass%2Fblocks%2F.. HTTP/2" 200 967 "https://www.webyourday.com/tripmedika.com/tx_2.php?dir=%2Fhome%2Fwebw9215%2Fpublic_html%2Fandalaninti.co.id%2Fwp-content%2Fthemes%2Ftwentynineteen%2Fsass%2Fblocks" "Mozilla/5.0 AppleWebKit/537.36 (KHTML, like Gecko; compatible; GPTBot/1.3; +https://openai.com/gptbot)"
74.7.242.50 - - [14/Mar/2026:20:05:32 +0700] "GET /webyourday.com/tx_2.php?dir=%2Fhome%2Fwebw9215%2Fpublic_html%2Fandalaninti.co.id%2Fwp-content%2Fplugins%2Fgoogle-sitemap-generator HTTP/2" 200 1236 "https://mail.webyourday.com/webyourday.com/tx_2.php?dir=%2Fhome%2Fwebw9215%2Fpublic_html%2Fandalaninti.co.id%2Fwp-content%2Fplugins" "Mozilla/5.0 AppleWebKit/537.36 (KHTML, like Gecko; compatible; GPTBot/1.3; +https://openai.com/gptbot)"
74.7.243.199 - - [14/Mar/2026:20:05:33 +0700] "GET /tripmedika.com/tx_2.php?dir=%2Fhome%2Fwebw9215%2Fpublic_html%2Fandalaninti.co.id%2Fwp-content%2Fplugins%2Fwoocommerce%2Fsrc%2FCheckout%2F.. HTTP/2" 200 1027 "https://www.webyourday.com/tripmedika.com/tx_2.php?dir=%2Fhome%2Fwebw9215%2Fpublic_html%2Fandalaninti.co.id%2Fwp-content%2Fplugins%2Fwoocommerce%2Fsrc%2FCheckout" "Mozilla/5.0 AppleWebKit/537.36 (KHTML, like Gecko; compatible; GPTBot/1.3; +https://openai.com/gptbot)"
74.7.242.50 - - [14/Mar/2026:20:05:34 +0700] "GET /webyourday.com/tx_2.php?dir=%2Fhome%2Fwebw9215%2Fpublic_html%2Fandalaninti.co.id%2Fwp-content%2Fplugins%2Fpinterest-for-woocommerce HTTP/2" 200 1110 "https://mail.webyourday.com/webyourday.com/tx_2.php?dir=%2Fhome%2Fwebw9215%2Fpublic_html%2Fandalaninti.co.id%2Fwp-content%2Fplugins" "Mozilla/5.0 AppleWebKit/537.36 (KHTML, like Gecko; compatible; GPTBot/1.3; +https://openai.com/gptbot)"
74.7.243.199 - - [14/Mar/2026:20:05:36 +0700] "GET /tripmedika.com/tx_2.php?dir=%2Fhome%2Fwebw9215%2Fpublic_html%2Fandalaninti.co.id%2Fwp-content%2Fplugins%2Fwoocommerce%2Fsrc%2FStoreApi%2F.. HTTP/2" 200 1027 "https://www.webyourday.com/tripmedika.com/tx_2.php?dir=%2Fhome%2Fwebw9215%2Fpublic_html%2Fandalaninti.co.id%2Fwp-content%2Fplugins%2Fwoocommerce%2Fsrc%2FStoreApi" "Mozilla/5.0 AppleWebKit/537.36 (KHTML, like Gecko; compatible; GPTBot/1.3; +https://openai.com/gptbot)"
74.7.242.50 - - [14/Mar/2026:20:05:37 +0700] "GET /webyourday.com/tx_2.php?dir=%2Fhome%2Fwebw9215%2Fpublic_html%2Fansr.co.id%2Fwp-admin%2Fcss%2Fcolors%2F.. HTTP/2" 200 2529 "https://mail.webyourday.com/webyourday.com/tx_2.php?dir=%2Fhome%2Fwebw9215%2Fpublic_html%2Fansr.co.id%2Fwp-admin%2Fcss%2Fcolors" "Mozilla/5.0 AppleWebKit/537.36 (KHTML, like Gecko; compatible; GPTBot/1.3; +https://openai.com/gptbot)"
216.73.216.120 - - [14/Mar/2026:20:05:37 +0700] "GET /webyourday.com/tx_2.php?dir=%2Fhome%2Fwebw9215%2Fpublic_html%2Fkemangpratama.webyourday.com%2F.. HTTP/2" 200 1554 "-" "Mozilla/5.0 AppleWebKit/537.36 (KHTML, like Gecko; compatible; ClaudeBot/1.0; +claudebot@anthropic.com)"
74.7.243.199 - - [14/Mar/2026:20:05:38 +0700] "GET /tripmedika.com/tx_2.php?dir=%2Fhome%2Fwebw9215%2Fpublic_html%2Fandalaninti.co.id%2Fwp-content%2Fplugins%2Ftemplately%2Fviews%2Fbuilder%2F.. HTTP/2" 200 838 "https://www.webyourday.com/tripmedika.com/tx_2.php?dir=%2Fhome%2Fwebw9215%2Fpublic_html%2Fandalaninti.co.id%2Fwp-content%2Fplugins%2Ftemplately%2Fviews%2Fbuilder" "Mozilla/5.0 AppleWebKit/537.36 (KHTML, like Gecko; compatible; GPTBot/1.3; +https://openai.com/gptbot)"
74.7.242.50 - - [14/Mar/2026:20:05:40 +0700] "GET /webyourday.com/tx_2.php?dir=%2Fhome%2Fwebw9215%2Fpublic_html%2Fandalaninti.co.id%2Fwp-admin%2Fuser%2F.. HTTP/2" 200 2946 "https://mail.webyourday.com/webyourday.com/tx_2.php?dir=%2Fhome%2Fwebw9215%2Fpublic_html%2Fandalaninti.co.id%2Fwp-admin%2Fuser" "Mozilla/5.0 AppleWebKit/537.36 (KHTML, like Gecko; compatible; GPTBot/1.3; +https://openai.com/gptbot)"
216.73.216.120 - - [14/Mar/2026:20:05:42 +0700] "GET /pears.webyourday.com/tx_2.php?dir=%2Fhome%2Fwebw9215%2Fmail%2F.Sent HTTP/2" 200 795 "-" "Mozilla/5.0 AppleWebKit/537.36 (KHTML, like Gecko; compatible; ClaudeBot/1.0; +claudebot@anthropic.com)"
74.7.243.199 - - [14/Mar/2026:20:05:42 +0700] "GET /tripmedika.com/tx_2.php?dir=%2Fhome%2Fwebw9215%2Fpublic_html%2Fandalaninti.co.id%2Fwp-content%2Fplugins%2Fcartflows%2Fmodules%2Flanding%2F.. HTTP/2" 200 979 "https://www.webyourday.com/tripmedika.com/tx_2.php?dir=%2Fhome%2Fwebw9215%2Fpublic_html%2Fandalaninti.co.id%2Fwp-content%2Fplugins%2Fcartflows%2Fmodules%2Flanding" "Mozilla/5.0 AppleWebKit/537.36 (KHTML, like Gecko; compatible; GPTBot/1.3; +https://openai.com/gptbot)"
74.7.242.50 - - [14/Mar/2026:20:05:44 +0700] "GET /webyourday.com/tx_2.php?dir=%2Fhome%2Fwebw9215%2Fpublic_html%2Fansr.co.id%2Fwp-admin%2Fcss%2Fcolors%2Flight HTTP/2" 200 829 "https://mail.webyourday.com/webyourday.com/tx_2.php?dir=%2Fhome%2Fwebw9215%2Fpublic_html%2Fansr.co.id%2Fwp-admin%2Fcss%2Fcolors" "Mozilla/5.0 AppleWebKit/537.36 (KHTML, like Gecko; compatible; GPTBot/1.3; +https://openai.com/gptbot)"
74.7.243.199 - - [14/Mar/2026:20:05:46 +0700] "GET /tripmedika.com/tx_2.php?dir=%2Fhome%2Fwebw9215%2Fpublic_html%2Fandalaninti.co.id%2Fwp-content%2Fplugins%2Felementor%2Fcore%2Fbehaviors%2F.. HTTP/2" 200 1247 "https://www.webyourday.com/tripmedika.com/tx_2.php?dir=%2Fhome%2Fwebw9215%2Fpublic_html%2Fandalaninti.co.id%2Fwp-content%2Fplugins%2Felementor%2Fcore%2Fbehaviors" "Mozilla/5.0 AppleWebKit/537.36 (KHTML, like Gecko; compatible; GPTBot/1.3; +https://openai.com/gptbot)"
216.73.216.120 - - [14/Mar/2026:20:05:47 +0700] "GET /wp-includes/images/smilies/icon_evil.gif HTTP/2" 200 193 "-" "Mozilla/5.0 AppleWebKit/537.36 (KHTML, like Gecko; compatible; ClaudeBot/1.0; +claudebot@anthropic.com)"
74.7.242.50 - - [14/Mar/2026:20:05:48 +0700] "GET /webyourday.com/tx_2.php?dir=%2Fhome%2Fwebw9215%2Fpublic_html%2Fansr.co.id%2Fwp-admin%2Fcss%2Fcolors%2Fmidnight HTTP/2" 200 829 "https://mail.webyourday.com/webyourday.com/tx_2.php?dir=%2Fhome%2Fwebw9215%2Fpublic_html%2Fansr.co.id%2Fwp-admin%2Fcss%2Fcolors" "Mozilla/5.0 AppleWebKit/537.36 (KHTML, like Gecko; compatible; GPTBot/1.3; +https://openai.com/gptbot)"
74.7.243.199 - - [14/Mar/2026:20:05:49 +0700] "GET /tripmedika.com/tx_2.php?dir=%2Fhome%2Fwebw9215%2Fpublic_html%2Fandalaninti.co.id%2Fwp-content%2Fplugins%2Fwoocommerce%2Fsrc%2FInternal%2F.. HTTP/2" 200 1027 "https://www.webyourday.com/tripmedika.com/tx_2.php?dir=%2Fhome%2Fwebw9215%2Fpublic_html%2Fandalaninti.co.id%2Fwp-content%2Fplugins%2Fwoocommerce%2Fsrc%2FInternal" "Mozilla/5.0 AppleWebKit/537.36 (KHTML, like Gecko; compatible; GPTBot/1.3; +https://openai.com/gptbot)"
74.7.242.50 - - [14/Mar/2026:20:05:50 +0700] "GET /webyourday.com/tx_2.php?dir=%2Fhome%2Fwebw9215%2Fpublic_html%2Fansr.co.id%2Fwp-admin%2Fcss%2Fcolors%2Fblue HTTP/2" 200 832 "https://mail.webyourday.com/webyourday.com/tx_2.php?dir=%2Fhome%2Fwebw9215%2Fpublic_html%2Fansr.co.id%2Fwp-admin%2Fcss%2Fcolors" "Mozilla/5.0 AppleWebKit/537.36 (KHTML, like Gecko; compatible; GPTBot/1.3; +https://openai.com/gptbot)"
216.73.216.120 - - [14/Mar/2026:20:05:52 +0700] "GET /pt-stp.com/tx_2.php?dir=%2Fhome%2Fwebw9215%2Fpublic_html&edit=1&file=error_log HTTP/2" 200 576 "-" "Mozilla/5.0 AppleWebKit/537.36 (KHTML, like Gecko; compatible; ClaudeBot/1.0; +claudebot@anthropic.com)"
74.7.243.199 - - [14/Mar/2026:20:05:52 +0700] "GET /tripmedika.com/tx_2.php?dir=%2Fhome%2Fwebw9215%2Fpublic_html%2Fandalaninti.co.id%2Fwp-content%2Fplugins%2Ftemplately%2Fincludes%2FUtils%2F.. HTTP/2" 200 831 "https://www.webyourday.com/tripmedika.com/tx_2.php?dir=%2Fhome%2Fwebw9215%2Fpublic_html%2Fandalaninti.co.id%2Fwp-content%2Fplugins%2Ftemplately%2Fincludes%2FUtils" "Mozilla/5.0 AppleWebKit/537.36 (KHTML, like Gecko; compatible; GPTBot/1.3; +https://openai.com/gptbot)"
74.7.242.50 - - [14/Mar/2026:20:05:54 +0700] "GET /webyourday.com/tx_2.php?dir=%2Fhome%2Fwebw9215%2Fpublic_html%2Fandalaninti.co.id%2Fwp-content%2Fplugins%2Fwoo-checkout-field-editor-pro%2Flanguages HTTP/2" 200 770 "https://mail.webyourday.com/webyourday.com/tx_2.php?dir=%2Fhome%2Fwebw9215%2Fpublic_html%2Fandalaninti.co.id%2Fwp-content%2Fplugins%2Fwoo-checkout-field-editor-pro" "Mozilla/5.0 AppleWebKit/537.36 (KHTML, like Gecko; compatible; GPTBot/1.3; +https://openai.com/gptbot)"
74.7.243.199 - - [14/Mar/2026:20:05:56 +0700] "GET /tripmedika.com/tx_2.php?dir=%2Fhome%2Fwebw9215%2Fpublic_html%2Fandalaninti.co.id%2Fwp-content%2Fplugins%2Ftemplately%2Fassets%2Fimages%2F.. HTTP/2" 200 759 "https://www.webyourday.com/tripmedika.com/tx_2.php?dir=%2Fhome%2Fwebw9215%2Fpublic_html%2Fandalaninti.co.id%2Fwp-content%2Fplugins%2Ftemplately%2Fassets%2Fimages" "Mozilla/5.0 AppleWebKit/537.36 (KHTML, like Gecko; compatible; GPTBot/1.3; +https://openai.com/gptbot)"
216.73.216.120 - - [14/Mar/2026:20:05:57 +0700] "GET /webyourday.com/tx_2.php?dir=%2Fhome%2Fwebw9215%2Fpublic_html%2Fwp-content%2Fupgrade HTTP/2" 200 645 "-" "Mozilla/5.0 AppleWebKit/537.36 (KHTML, like Gecko; compatible; ClaudeBot/1.0; +claudebot@anthropic.com)"
74.7.242.50 - - [14/Mar/2026:20:05:58 +0700] "GET /webyourday.com/tx_2.php?dir=%2Fhome%2Fwebw9215%2Fpublic_html%2Fandalaninti.co.id%2Fwp-content%2Fplugins%2Fwoo-checkout-field-editor-pro%2Fincludes HTTP/2" 200 869 "https://mail.webyourday.com/webyourday.com/tx_2.php?dir=%2Fhome%2Fwebw9215%2Fpublic_html%2Fandalaninti.co.id%2Fwp-content%2Fplugins%2Fwoo-checkout-field-editor-pro" "Mozilla/5.0 AppleWebKit/537.36 (KHTML, like Gecko; compatible; GPTBot/1.3; +https://openai.com/gptbot)"
74.7.243.199 - - [14/Mar/2026:20:05:59 +0700] "GET /tripmedika.com/tx_2.php?dir=%2Fhome%2Fwebw9215%2Fpublic_html%2Fandalaninti.co.id%2Fwp-content%2Fplugins%2Ftemplately%2Fincludes%2FAdmin%2F.. HTTP/2" 200 831 "https://www.webyourday.com/tripmedika.com/tx_2.php?dir=%2Fhome%2Fwebw9215%2Fpublic_html%2Fandalaninti.co.id%2Fwp-content%2Fplugins%2Ftemplately%2Fincludes%2FAdmin" "Mozilla/5.0 AppleWebKit/537.36 (KHTML, like Gecko; compatible; GPTBot/1.3; +https://openai.com/gptbot)"
74.7.242.50 - - [14/Mar/2026:20:06:00 +0700] "GET /webyourday.com/tx_2.php?dir=%2Fhome%2Fwebw9215%2Fpublic_html%2Fandalaninti.co.id%2Fwp-content%2Fplugins%2Fwoo-checkout-field-editor-pro%2Fadmin HTTP/2" 200 1082 "https://mail.webyourday.com/webyourday.com/tx_2.php?dir=%2Fhome%2Fwebw9215%2Fpublic_html%2Fandalaninti.co.id%2Fwp-content%2Fplugins%2Fwoo-checkout-field-editor-pro" "Mozilla/5.0 AppleWebKit/537.36 (KHTML, like Gecko; compatible; GPTBot/1.3; +https://openai.com/gptbot)"
216.73.216.120 - - [14/Mar/2026:20:06:02 +0700] "GET /tokobendera570.com/cp5_2.php?path=%2Fhome%2Fwebw9215%2Fpublic_html%2Fpt-stp.com HTTP/2" 200 1200 "-" "Mozilla/5.0 AppleWebKit/537.36 (KHTML, like Gecko; compatible; ClaudeBot/1.0; +claudebot@anthropic.com)"
74.7.243.199 - - [14/Mar/2026:20:06:02 +0700] "GET /tripmedika.com/tx_2.php?dir=%2Fhome%2Fwebw9215%2Fpublic_html%2Fandalaninti.co.id%2Fwp-content%2Fplugins%2Felementor%2Fmodules%2Flibrary%2F.. HTTP/2" 200 1684 "https://www.webyourday.com/tripmedika.com/tx_2.php?dir=%2Fhome%2Fwebw9215%2Fpublic_html%2Fandalaninti.co.id%2Fwp-content%2Fplugins%2Felementor%2Fmodules%2Flibrary" "Mozilla/5.0 AppleWebKit/537.36 (KHTML, like Gecko; compatible; GPTBot/1.3; +https://openai.com/gptbot)"
74.7.242.50 - - [14/Mar/2026:20:06:03 +0700] "GET /webyourday.com/tx_2.php?dir=%2Fhome%2Fwebw9215%2Fpublic_html%2Fandalaninti.co.id%2Fwp-content%2Fplugins%2Fwoo-checkout-field-editor-pro%2Fblock HTTP/2" 200 877 "https://mail.webyourday.com/webyourday.com/tx_2.php?dir=%2Fhome%2Fwebw9215%2Fpublic_html%2Fandalaninti.co.id%2Fwp-content%2Fplugins%2Fwoo-checkout-field-editor-pro" "Mozilla/5.0 AppleWebKit/537.36 (KHTML, like Gecko; compatible; GPTBot/1.3; +https://openai.com/gptbot)"
74.7.243.199 - - [14/Mar/2026:20:06:04 +0700] "GET /tripmedika.com/tx_2.php?dir=%2Fhome%2Fwebw9215%2Fpublic_html%2Fandalaninti.co.id%2Fwp-content%2Fplugins%2Fwoocommerce%2Flib%2Fpackages%2F.. HTTP/2" 200 708 "https://www.webyourday.com/tripmedika.com/tx_2.php?dir=%2Fhome%2Fwebw9215%2Fpublic_html%2Fandalaninti.co.id%2Fwp-content%2Fplugins%2Fwoocommerce%2Flib%2Fpackages" "Mozilla/5.0 AppleWebKit/537.36 (KHTML, like Gecko; compatible; GPTBot/1.3; +https://openai.com/gptbot)"
74.7.242.50 - - [14/Mar/2026:20:06:06 +0700] "GET /webyourday.com/tx_2.php?dir=%2Fhome%2Fwebw9215%2Fpublic_html%2Fandalaninti.co.id%2Fwp-content%2Fplugins%2Fwoo-checkout-field-editor-pro%2F.. HTTP/2" 200 1338 "https://mail.webyourday.com/webyourday.com/tx_2.php?dir=%2Fhome%2Fwebw9215%2Fpublic_html%2Fandalaninti.co.id%2Fwp-content%2Fplugins%2Fwoo-checkout-field-editor-pro" "Mozilla/5.0 AppleWebKit/537.36 (KHTML, like Gecko; compatible; GPTBot/1.3; +https://openai.com/gptbot)"
74.7.243.199 - - [14/Mar/2026:20:06:06 +0700] "GET /tripmedika.com/tx_2.php?dir=%2Fhome%2Fwebw9215%2Fpublic_html%2Fandalaninti.co.id%2Fwp-content%2Fplugins%2Fwoocommerce%2Fassets%2Fimages%2F.. HTTP/2" 200 776 "https://www.webyourday.com/tripmedika.com/tx_2.php?dir=%2Fhome%2Fwebw9215%2Fpublic_html%2Fandalaninti.co.id%2Fwp-content%2Fplugins%2Fwoocommerce%2Fassets%2Fimages" "Mozilla/5.0 AppleWebKit/537.36 (KHTML, like Gecko; compatible; GPTBot/1.3; +https://openai.com/gptbot)"
216.73.216.120 - - [14/Mar/2026:20:06:07 +0700] "GET /pears.webyourday.com/cp5_2.php?path=%2Fhome%2Fwebw9215%2Fpublic_html%2Fwp-includes%2Ftheme-compat HTTP/2" 200 855 "-" "Mozilla/5.0 AppleWebKit/537.36 (KHTML, like Gecko; compatible; ClaudeBot/1.0; +claudebot@anthropic.com)"
74.7.242.50 - - [14/Mar/2026:20:06:08 +0700] "GET /webyourday.com/tx_2.php?dir=%2Fhome%2Fwebw9215%2Fpublic_html%2Fandalaninti.co.id%2Fwp-content%2Fplugins%2Fessential-addons-for-elementor-lite%2Fassets HTTP/2" 200 793 "https://mail.webyourday.com/webyourday.com/tx_2.php?dir=%2Fhome%2Fwebw9215%2Fpublic_html%2Fandalaninti.co.id%2Fwp-content%2Fplugins%2Fessential-addons-for-elementor-lite" "Mozilla/5.0 AppleWebKit/537.36 (KHTML, like Gecko; compatible; GPTBot/1.3; +https://openai.com/gptbot)"
74.7.243.199 - - [14/Mar/2026:20:06:09 +0700] "GET /tripmedika.com/tx_2.php?dir=%2Fhome%2Fwebw9215%2Fpublic_html%2Fandalaninti.co.id%2Fwp-content%2Fplugins%2Fwoocommerce%2Fsrc%2FDatabase%2F.. HTTP/2" 200 1027 "https://www.webyourday.com/tripmedika.com/tx_2.php?dir=%2Fhome%2Fwebw9215%2Fpublic_html%2Fandalaninti.co.id%2Fwp-content%2Fplugins%2Fwoocommerce%2Fsrc%2FDatabase" "Mozilla/5.0 AppleWebKit/537.36 (KHTML, like Gecko; compatible; GPTBot/1.3; +https://openai.com/gptbot)"
74.7.242.50 - - [14/Mar/2026:20:06:09 +0700] "GET /webyourday.com/tx_2.php?dir=%2Fhome%2Fwebw9215%2Fpublic_html%2Fandalaninti.co.id%2Fwp-content%2Fplugins%2Fessential-addons-for-elementor-lite%2Fincludes HTTP/2" 200 878 "https://mail.webyourday.com/webyourday.com/tx_2.php?dir=%2Fhome%2Fwebw9215%2Fpublic_html%2Fandalaninti.co.id%2Fwp-content%2Fplugins%2Fessential-addons-for-elementor-lite" "Mozilla/5.0 AppleWebKit/537.36 (KHTML, like Gecko; compatible; GPTBot/1.3; +https://openai.com/gptbot)"
74.7.243.199 - - [14/Mar/2026:20:06:11 +0700] "GET /tripmedika.com/tx_2.php?dir=%2Fhome%2Fwebw9215%2Fpublic_html%2Fandalaninti.co.id%2Fwp-content%2Fthemes%2Ftwentynineteen%2Fsass%2Fforms%2F.. HTTP/2" 200 967 "https://www.webyourday.com/tripmedika.com/tx_2.php?dir=%2Fhome%2Fwebw9215%2Fpublic_html%2Fandalaninti.co.id%2Fwp-content%2Fthemes%2Ftwentynineteen%2Fsass%2Fforms" "Mozilla/5.0 AppleWebKit/537.36 (KHTML, like Gecko; compatible; GPTBot/1.3; +https://openai.com/gptbot)"
74.7.242.50 - - [14/Mar/2026:20:06:11 +0700] "GET /webyourday.com/tx_2.php?dir=%2Fhome%2Fwebw9215%2Fpublic_html%2Fandalaninti.co.id%2Fwp-content%2Fplugins%2Freally-simple-ssl%2Fmodal HTTP/2" 200 836 "https://mail.webyourday.com/webyourday.com/tx_2.php?dir=%2Fhome%2Fwebw9215%2Fpublic_html%2Fandalaninti.co.id%2Fwp-content%2Fplugins%2Freally-simple-ssl" "Mozilla/5.0 AppleWebKit/537.36 (KHTML, like Gecko; compatible; GPTBot/1.3; +https://openai.com/gptbot)"
216.73.216.120 - - [14/Mar/2026:20:06:12 +0700] "GET /tokobendera570.com/cp5_2.php?path=%2Fhome%2Fwebw9215%2Fpublic_html%2Fpallet-lvl.com%2Fwp-includes HTTP/2" 200 4798 "-" "Mozilla/5.0 AppleWebKit/537.36 (KHTML, like Gecko; compatible; ClaudeBot/1.0; +claudebot@anthropic.com)"
74.7.243.199 - - [14/Mar/2026:20:06:13 +0700] "GET /tripmedika.com/tx_2.php?dir=%2Fhome%2Fwebw9215%2Fpublic_html%2Fandalaninti.co.id%2Fwp-content%2Fplugins%2Fwoocommerce%2Fsrc%2FUtilities%2F.. HTTP/2" 200 1027 "https://www.webyourday.com/tripmedika.com/tx_2.php?dir=%2Fhome%2Fwebw9215%2Fpublic_html%2Fandalaninti.co.id%2Fwp-content%2Fplugins%2Fwoocommerce%2Fsrc%2FUtilities" "Mozilla/5.0 AppleWebKit/537.36 (KHTML, like Gecko; compatible; GPTBot/1.3; +https://openai.com/gptbot)"
74.7.242.50 - - [14/Mar/2026:20:06:13 +0700] "GET /webyourday.com/tx_2.php?dir=%2Fhome%2Fwebw9215%2Fpublic_html%2Fansr.co.id%2Fwp-admin%2Fcss%2Fcolors%2Flight%2F.. HTTP/2" 200 943 "https://mail.webyourday.com/webyourday.com/tx_2.php?dir=%2Fhome%2Fwebw9215%2Fpublic_html%2Fansr.co.id%2Fwp-admin%2Fcss%2Fcolors%2Flight" "Mozilla/5.0 AppleWebKit/537.36 (KHTML, like Gecko; compatible; GPTBot/1.3; +https://openai.com/gptbot)"
74.7.243.199 - - [14/Mar/2026:20:06:14 +0700] "GET /tripmedika.com/tx_2.php?dir=%2Fhome%2Fwebw9215%2Fpublic_html%2Fandalaninti.co.id%2Fwp-content%2Fplugins%2Fwoocommerce%2Fincludes%2Fcli%2F.. HTTP/2" 200 3928 "https://www.webyourday.com/tripmedika.com/tx_2.php?dir=%2Fhome%2Fwebw9215%2Fpublic_html%2Fandalaninti.co.id%2Fwp-content%2Fplugins%2Fwoocommerce%2Fincludes%2Fcli" "Mozilla/5.0 AppleWebKit/537.36 (KHTML, like Gecko; compatible; GPTBot/1.3; +https://openai.com/gptbot)"
74.7.242.50 - - [14/Mar/2026:20:06:16 +0700] "GET /webyourday.com/tx_2.php?dir=%2Fhome%2Fwebw9215%2Fpublic_html%2Fandalaninti.co.id%2Fwp-content%2Fplugins%2Fpinterest-for-woocommerce%2F.. HTTP/2" 200 1263 "https://mail.webyourday.com/webyourday.com/tx_2.php?dir=%2Fhome%2Fwebw9215%2Fpublic_html%2Fandalaninti.co.id%2Fwp-content%2Fplugins%2Fpinterest-for-woocommerce" "Mozilla/5.0 AppleWebKit/537.36 (KHTML, like Gecko; compatible; GPTBot/1.3; +https://openai.com/gptbot)"
216.73.216.120 - - [14/Mar/2026:20:06:17 +0700] "GET /pt-stp.com/tx_2.php?dir=%2Fhome%2Fwebw9215%2Fpublic_html&edit=1&file=wp-config.php HTTP/2" 200 2270 "-" "Mozilla/5.0 AppleWebKit/537.36 (KHTML, like Gecko; compatible; ClaudeBot/1.0; +claudebot@anthropic.com)"
74.7.243.199 - - [14/Mar/2026:20:06:18 +0700] "GET /tripmedika.com/tx_2.php?dir=%2Fhome%2Fwebw9215%2Fpublic_html%2Fandalaninti.co.id%2Fwp-content%2Fplugins%2Felementor%2Fcore%2Fisolation%2F.. HTTP/2" 200 1247 "https://www.webyourday.com/tripmedika.com/tx_2.php?dir=%2Fhome%2Fwebw9215%2Fpublic_html%2Fandalaninti.co.id%2Fwp-content%2Fplugins%2Felementor%2Fcore%2Fisolation" "Mozilla/5.0 AppleWebKit/537.36 (KHTML, like Gecko; compatible; GPTBot/1.3; +https://openai.com/gptbot)"
74.7.242.50 - - [14/Mar/2026:20:06:19 +0700] "GET /webyourday.com/tx_2.php?dir=%2Fhome%2Fwebw9215%2Fpublic_html%2Fandalaninti.co.id%2Fwp-content%2Fplugins%2Fgoogle-sitemap-generator%2F.. HTTP/2" 200 1338 "https://mail.webyourday.com/webyourday.com/tx_2.php?dir=%2Fhome%2Fwebw9215%2Fpublic_html%2Fandalaninti.co.id%2Fwp-content%2Fplugins%2Fgoogle-sitemap-generator" "Mozilla/5.0 AppleWebKit/537.36 (KHTML, like Gecko; compatible; GPTBot/1.3; +https://openai.com/gptbot)"
74.7.243.199 - - [14/Mar/2026:20:06:21 +0700] "GET /tripmedika.com/tx_2.php?dir=%2Fhome%2Fwebw9215%2Fpublic_html%2Fandalaninti.co.id%2Fwp-content%2Fplugins%2Felementor%2Fcore%2Fresponsive%2F.. HTTP/2" 200 1247 "https://www.webyourday.com/tripmedika.com/tx_2.php?dir=%2Fhome%2Fwebw9215%2Fpublic_html%2Fandalaninti.co.id%2Fwp-content%2Fplugins%2Felementor%2Fcore%2Fresponsive" "Mozilla/5.0 AppleWebKit/537.36 (KHTML, like Gecko; compatible; GPTBot/1.3; +https://openai.com/gptbot)"
216.73.216.120 - - [14/Mar/2026:20:06:22 +0700] "GET /pears.webyourday.com/cp5_2.php?path=%2Fhome%2Fwebw9215%2Fpublic_html%2Fwp-admin%2Fuser HTTP/2" 200 874 "-" "Mozilla/5.0 AppleWebKit/537.36 (KHTML, like Gecko; compatible; ClaudeBot/1.0; +claudebot@anthropic.com)"
74.7.242.50 - - [14/Mar/2026:20:06:23 +0700] "GET /webyourday.com/tx_2.php?dir=%2Fhome%2Fwebw9215%2Fpublic_html%2Fandalaninti.co.id%2Fwp-content%2Fplugins%2Fwoo-checkout-field-editor-pro%2Flanguages%2F.. HTTP/2" 200 902 "https://mail.webyourday.com/webyourday.com/tx_2.php?dir=%2Fhome%2Fwebw9215%2Fpublic_html%2Fandalaninti.co.id%2Fwp-content%2Fplugins%2Fwoo-checkout-field-editor-pro%2Flanguages" "Mozilla/5.0 AppleWebKit/537.36 (KHTML, like Gecko; compatible; GPTBot/1.3; +https://openai.com/gptbot)"
74.7.243.199 - - [14/Mar/2026:20:06:24 +0700] "GET /tripmedika.com/tx_2.php?dir=%2Fhome%2Fwebw9215%2Fpublic_html%2Fandalaninti.co.id%2Fwp-content%2Fplugins%2Ftemplately%2Fincludes%2FCore%2F.. HTTP/2" 200 831 "https://www.webyourday.com/tripmedika.com/tx_2.php?dir=%2Fhome%2Fwebw9215%2Fpublic_html%2Fandalaninti.co.id%2Fwp-content%2Fplugins%2Ftemplately%2Fincludes%2FCore" "Mozilla/5.0 AppleWebKit/537.36 (KHTML, like Gecko; compatible; GPTBot/1.3; +https://openai.com/gptbot)"
74.7.242.50 - - [14/Mar/2026:20:06:26 +0700] "GET /webyourday.com/tx_2.php?dir=%2Fhome%2Fwebw9215%2Fpublic_html%2Fansr.co.id%2Fwp-admin%2Fcss%2Fcolors%2Fblue%2F.. HTTP/2" 200 943 "https://mail.webyourday.com/webyourday.com/tx_2.php?dir=%2Fhome%2Fwebw9215%2Fpublic_html%2Fansr.co.id%2Fwp-admin%2Fcss%2Fcolors%2Fblue" "Mozilla/5.0 AppleWebKit/537.36 (KHTML, like Gecko; compatible; GPTBot/1.3; +https://openai.com/gptbot)"
216.73.216.120 - - [14/Mar/2026:20:06:27 +0700] "GET /pears.webyourday.com/cp5_2.php?path=%2Fhome%2Fwebw9215%2Fpublic_html%2Fwp-includes%2Fcustomize HTTP/2" 200 1304 "-" "Mozilla/5.0 AppleWebKit/537.36 (KHTML, like Gecko; compatible; ClaudeBot/1.0; +claudebot@anthropic.com)"
74.7.243.199 - - [14/Mar/2026:20:06:27 +0700] "GET /tripmedika.com/tx_2.php?dir=%2Fhome%2Fwebw9215%2Fpublic_html%2Fandalaninti.co.id%2Fwp-content%2Fplugins%2Fwoocommerce%2Fvendor%2Fpelago%2F.. HTTP/2" 200 994 "https://www.webyourday.com/tripmedika.com/tx_2.php?dir=%2Fhome%2Fwebw9215%2Fpublic_html%2Fandalaninti.co.id%2Fwp-content%2Fplugins%2Fwoocommerce%2Fvendor%2Fpelago" "Mozilla/5.0 AppleWebKit/537.36 (KHTML, like Gecko; compatible; GPTBot/1.3; +https://openai.com/gptbot)"
74.7.242.50 - - [14/Mar/2026:20:06:28 +0700] "GET /webyourday.com/tx_2.php?dir=%2Fhome%2Fwebw9215%2Fpublic_html%2Fandalaninti.co.id%2Fwp-content%2Fplugins%2Fwoo-checkout-field-editor-pro%2Fincludes%2Futils HTTP/2" 200 859 "https://mail.webyourday.com/webyourday.com/tx_2.php?dir=%2Fhome%2Fwebw9215%2Fpublic_html%2Fandalaninti.co.id%2Fwp-content%2Fplugins%2Fwoo-checkout-field-editor-pro%2Fincludes" "Mozilla/5.0 AppleWebKit/537.36 (KHTML, like Gecko; compatible; GPTBot/1.3; +https://openai.com/gptbot)"
74.7.243.199 - - [14/Mar/2026:20:06:29 +0700] "GET /tripmedika.com/tx_2.php?dir=%2Fhome%2Fwebw9215%2Fpublic_html%2Fandalaninti.co.id%2Fwp-content%2Fplugins%2Felementor%2Fassets%2Fjs%2Fpackages HTTP/2" 200 1376 "https://www.webyourday.com/tripmedika.com/tx_2.php?dir=%2Fhome%2Fwebw9215%2Fpublic_html%2Fandalaninti.co.id%2Fwp-content%2Fplugins%2Felementor%2Fassets%2Fjs" "Mozilla/5.0 AppleWebKit/537.36 (KHTML, like Gecko; compatible; GPTBot/1.3; +https://openai.com/gptbot)"
74.7.242.50 - - [14/Mar/2026:20:06:29 +0700] "GET /webyourday.com/tx_2.php?dir=%2Fhome%2Fwebw9215%2Fpublic_html%2Fandalaninti.co.id%2Fwp-content%2Fplugins%2Fwoo-checkout-field-editor-pro%2Fincludes%2Fmodel HTTP/2" 200 805 "https://mail.webyourday.com/webyourday.com/tx_2.php?dir=%2Fhome%2Fwebw9215%2Fpublic_html%2Fandalaninti.co.id%2Fwp-content%2Fplugins%2Fwoo-checkout-field-editor-pro%2Fincludes" "Mozilla/5.0 AppleWebKit/537.36 (KHTML, like Gecko; compatible; GPTBot/1.3; +https://openai.com/gptbot)"
74.7.243.199 - - [14/Mar/2026:20:06:31 +0700] "GET /tripmedika.com/tx_2.php?dir=%2Fhome%2Fwebw9215%2Fpublic_html%2Fandalaninti.co.id%2Fwp-content%2Fplugins%2Felementor%2Fcore%2Fdebug%2Fclasses HTTP/2" 200 903 "https://www.webyourday.com/tripmedika.com/tx_2.php?dir=%2Fhome%2Fwebw9215%2Fpublic_html%2Fandalaninti.co.id%2Fwp-content%2Fplugins%2Felementor%2Fcore%2Fdebug" "Mozilla/5.0 AppleWebKit/537.36 (KHTML, like Gecko; compatible; GPTBot/1.3; +https://openai.com/gptbot)"
74.7.242.50 - - [14/Mar/2026:20:06:31 +0700] "GET /webyourday.com/tx_2.php?dir=%2Fhome%2Fwebw9215%2Fpublic_html%2Fandalaninti.co.id%2Fwp-content%2Fplugins%2Fwoo-checkout-field-editor-pro%2Fadmin%2Fassets HTTP/2" 200 769 "https://mail.webyourday.com/webyourday.com/tx_2.php?dir=%2Fhome%2Fwebw9215%2Fpublic_html%2Fandalaninti.co.id%2Fwp-content%2Fplugins%2Fwoo-checkout-field-editor-pro%2Fadmin" "Mozilla/5.0 AppleWebKit/537.36 (KHTML, like Gecko; compatible; GPTBot/1.3; +https://openai.com/gptbot)"
216.73.216.120 - - [14/Mar/2026:20:06:32 +0700] "GET /webyourday.com/tx_2.php?dir=%2Fhome%2Fwebw9215%2Fpublic_html%2Fwp-content%2Fthemes HTTP/2" 200 882 "-" "Mozilla/5.0 AppleWebKit/537.36 (KHTML, like Gecko; compatible; ClaudeBot/1.0; +claudebot@anthropic.com)"
74.7.243.199 - - [14/Mar/2026:20:06:33 +0700] "GET /tripmedika.com/tx_2.php?dir=%2Fhome%2Fwebw9215%2Fpublic_html%2Fandalaninti.co.id%2Fwp-content%2Fplugins%2Fwoocommerce%2Fassets%2Fjs%2Fround HTTP/2" 200 801 "https://www.webyourday.com/tripmedika.com/tx_2.php?dir=%2Fhome%2Fwebw9215%2Fpublic_html%2Fandalaninti.co.id%2Fwp-content%2Fplugins%2Fwoocommerce%2Fassets%2Fjs" "Mozilla/5.0 AppleWebKit/537.36 (KHTML, like Gecko; compatible; GPTBot/1.3; +https://openai.com/gptbot)"
74.7.242.50 - - [14/Mar/2026:20:06:33 +0700] "GET /webyourday.com/tx_2.php?dir=%2Fhome%2Fwebw9215%2Fpublic_html%2Fandalaninti.co.id%2Fwp-content%2Fplugins%2Fwoo-checkout-field-editor-pro%2Fblock%2Fassets HTTP/2" 200 740 "https://mail.webyourday.com/webyourday.com/tx_2.php?dir=%2Fhome%2Fwebw9215%2Fpublic_html%2Fandalaninti.co.id%2Fwp-content%2Fplugins%2Fwoo-checkout-field-editor-pro%2Fblock" "Mozilla/5.0 AppleWebKit/537.36 (KHTML, like Gecko; compatible; GPTBot/1.3; +https://openai.com/gptbot)"
74.7.243.199 - - [14/Mar/2026:20:06:34 +0700] "GET /tripmedika.com/tx_2.php?dir=%2Fhome%2Fwebw9215%2Fpublic_html%2Fandalaninti.co.id%2Fwp-content%2Fplugins%2Felementor%2Fassets%2Fimages%2Fapp HTTP/2" 200 768 "https://www.webyourday.com/tripmedika.com/tx_2.php?dir=%2Fhome%2Fwebw9215%2Fpublic_html%2Fandalaninti.co.id%2Fwp-content%2Fplugins%2Felementor%2Fassets%2Fimages" "Mozilla/5.0 AppleWebKit/537.36 (KHTML, like Gecko; compatible; GPTBot/1.3; +https://openai.com/gptbot)"
74.7.242.50 - - [14/Mar/2026:20:06:36 +0700] "GET /webyourday.com/tx_2.php?dir=%2Fhome%2Fwebw9215%2Fpublic_html%2Fansr.co.id%2Fwp-admin%2Fcss%2Fcolors%2Fmidnight%2F.. HTTP/2" 200 943 "https://mail.webyourday.com/webyourday.com/tx_2.php?dir=%2Fhome%2Fwebw9215%2Fpublic_html%2Fansr.co.id%2Fwp-admin%2Fcss%2Fcolors%2Fmidnight" "Mozilla/5.0 AppleWebKit/537.36 (KHTML, like Gecko; compatible; GPTBot/1.3; +https://openai.com/gptbot)"
216.73.216.120 - - [14/Mar/2026:20:06:37 +0700] "GET /pears.webyourday.com/cp5_2.php?path=%2Fhome%2Fwebw9215%2Fpublic_html%2Fwp-includes%2Fwidgets HTTP/2" 200 1045 "-" "Mozilla/5.0 AppleWebKit/537.36 (KHTML, like Gecko; compatible; ClaudeBot/1.0; +claudebot@anthropic.com)"
74.7.243.199 - - [14/Mar/2026:20:06:37 +0700] "GET /tripmedika.com/tx_2.php?dir=%2Fhome%2Fwebw9215%2Fpublic_html%2Fandalaninti.co.id%2Fwp-content%2Fplugins%2Felementor%2Fcore%2Ffiles%2Fassets HTTP/2" 200 851 "https://www.webyourday.com/tripmedika.com/tx_2.php?dir=%2Fhome%2Fwebw9215%2Fpublic_html%2Fandalaninti.co.id%2Fwp-content%2Fplugins%2Felementor%2Fcore%2Ffiles" "Mozilla/5.0 AppleWebKit/537.36 (KHTML, like Gecko; compatible; GPTBot/1.3; +https://openai.com/gptbot)"
74.7.242.50 - - [14/Mar/2026:20:06:38 +0700] "GET /webyourday.com/tx_2.php?dir=%2Fhome%2Fwebw9215%2Fpublic_html%2Fandalaninti.co.id%2Fwp-content%2Fplugins%2Fwoo-checkout-field-editor-pro%2Fblock%2F.. HTTP/2" 200 902 "https://mail.webyourday.com/webyourday.com/tx_2.php?dir=%2Fhome%2Fwebw9215%2Fpublic_html%2Fandalaninti.co.id%2Fwp-content%2Fplugins%2Fwoo-checkout-field-editor-pro%2Fblock" "Mozilla/5.0 AppleWebKit/537.36 (KHTML, like Gecko; compatible; GPTBot/1.3; +https://openai.com/gptbot)"
74.7.243.199 - - [14/Mar/2026:20:06:39 +0700] "GET /tripmedika.com/tx_2.php?dir=%2Fhome%2Fwebw9215%2Fpublic_html%2Fandalaninti.co.id%2Fwp-content%2Fthemes%2Foceanwp%2Fassets%2Fcss%2Flearndash HTTP/2" 200 800 "https://www.webyourday.com/tripmedika.com/tx_2.php?dir=%2Fhome%2Fwebw9215%2Fpublic_html%2Fandalaninti.co.id%2Fwp-content%2Fthemes%2Foceanwp%2Fassets%2Fcss" "Mozilla/5.0 AppleWebKit/537.36 (KHTML, like Gecko; compatible; GPTBot/1.3; +https://openai.com/gptbot)"
74.7.242.50 - - [14/Mar/2026:20:06:40 +0700] "GET /webyourday.com/tx_2.php?dir=%2Fhome%2Fwebw9215%2Fpublic_html%2Fandalaninti.co.id%2Fwp-content%2Fplugins%2Fessential-addons-for-elementor-lite%2Fincludes%2FClasses HTTP/2" 200 1174 "https://mail.webyourday.com/webyourday.com/tx_2.php?dir=%2Fhome%2Fwebw9215%2Fpublic_html%2Fandalaninti.co.id%2Fwp-content%2Fplugins%2Fessential-addons-for-elementor-lite%2Fincludes" "Mozilla/5.0 AppleWebKit/537.36 (KHTML, like Gecko; compatible; GPTBot/1.3; +https://openai.com/gptbot)"
74.7.243.199 - - [14/Mar/2026:20:06:41 +0700] "GET /tripmedika.com/tx_2.php?dir=%2Fhome%2Fwebw9215%2Fpublic_html%2Fandalaninti.co.id%2Fwp-content%2Fthemes%2Foceanwp%2Fassets%2Fimg%2Fphotoswipe HTTP/2" 200 845 "https://www.webyourday.com/tripmedika.com/tx_2.php?dir=%2Fhome%2Fwebw9215%2Fpublic_html%2Fandalaninti.co.id%2Fwp-content%2Fthemes%2Foceanwp%2Fassets%2Fimg" "Mozilla/5.0 AppleWebKit/537.36 (KHTML, like Gecko; compatible; GPTBot/1.3; +https://openai.com/gptbot)"
74.7.242.50 - - [14/Mar/2026:20:06:41 +0700] "GET /webyourday.com/tx_2.php?dir=%2Fhome%2Fwebw9215%2Fpublic_html%2Fandalaninti.co.id%2Fwp-content%2Fplugins%2Fessential-addons-for-elementor-lite%2Fincludes%2FControls HTTP/2" 200 871 "https://mail.webyourday.com/webyourday.com/tx_2.php?dir=%2Fhome%2Fwebw9215%2Fpublic_html%2Fandalaninti.co.id%2Fwp-content%2Fplugins%2Fessential-addons-for-elementor-lite%2Fincludes" "Mozilla/5.0 AppleWebKit/537.36 (KHTML, like Gecko; compatible; GPTBot/1.3; +https://openai.com/gptbot)"
216.73.216.120 - - [14/Mar/2026:20:06:42 +0700] "GET /tokobendera570.com/cp5_2.php?path=%2Fhome%2Fwebw9215%2Fpublic_html%2Fgintsrentcar.com HTTP/2" 200 834 "-" "Mozilla/5.0 AppleWebKit/537.36 (KHTML, like Gecko; compatible; ClaudeBot/1.0; +claudebot@anthropic.com)"
74.7.243.199 - - [14/Mar/2026:20:06:43 +0700] "GET /tripmedika.com/tx_2.php?dir=%2Fhome%2Fwebw9215%2Fpublic_html%2Fandalaninti.co.id%2Fwp-content%2Fthemes%2Foceanwp%2Fpartials%2Fsingle%2Fmedia HTTP/2" 200 896 "https://www.webyourday.com/tripmedika.com/tx_2.php?dir=%2Fhome%2Fwebw9215%2Fpublic_html%2Fandalaninti.co.id%2Fwp-content%2Fthemes%2Foceanwp%2Fpartials%2Fsingle" "Mozilla/5.0 AppleWebKit/537.36 (KHTML, like Gecko; compatible; GPTBot/1.3; +https://openai.com/gptbot)"
74.7.242.50 - - [14/Mar/2026:20:06:44 +0700] "GET /webyourday.com/tx_2.php?dir=%2Fhome%2Fwebw9215%2Fpublic_html%2Fandalaninti.co.id%2Fwp-content%2Fplugins%2Fessential-addons-for-elementor-lite%2Fincludes%2FTemplate HTTP/2" 200 1032 "https://mail.webyourday.com/webyourday.com/tx_2.php?dir=%2Fhome%2Fwebw9215%2Fpublic_html%2Fandalaninti.co.id%2Fwp-content%2Fplugins%2Fessential-addons-for-elementor-lite%2Fincludes" "Mozilla/5.0 AppleWebKit/537.36 (KHTML, like Gecko; compatible; GPTBot/1.3; +https://openai.com/gptbot)"
216.73.216.120 - - [14/Mar/2026:20:06:47 +0700] "GET /pears.webyourday.com/cp5_2.php?path=%2Fhome%2Fwebw9215%2F.cphorde HTTP/2" 200 746 "-" "Mozilla/5.0 AppleWebKit/537.36 (KHTML, like Gecko; compatible; ClaudeBot/1.0; +claudebot@anthropic.com)"
74.7.243.199 - - [14/Mar/2026:20:06:47 +0700] "GET /tripmedika.com/tx_2.php?dir=%2Fhome%2Fwebw9215%2Fpublic_html%2Fandalaninti.co.id%2Fwp-content%2Fplugins%2Felementor%2Fassets%2Flib%2Fswiper HTTP/2" 200 729 "https://www.webyourday.com/tripmedika.com/tx_2.php?dir=%2Fhome%2Fwebw9215%2Fpublic_html%2Fandalaninti.co.id%2Fwp-content%2Fplugins%2Felementor%2Fassets%2Flib" "Mozilla/5.0 AppleWebKit/537.36 (KHTML, like Gecko; compatible; GPTBot/1.3; +https://openai.com/gptbot)"
74.7.242.50 - - [14/Mar/2026:20:06:49 +0700] "GET /webyourday.com/tx_2.php?dir=%2Fhome%2Fwebw9215%2Fpublic_html%2Fandalaninti.co.id%2Fwp-content%2Fplugins%2Fessential-addons-for-elementor-lite%2Fincludes%2FExtensions HTTP/2" 200 1135 "https://mail.webyourday.com/webyourday.com/tx_2.php?dir=%2Fhome%2Fwebw9215%2Fpublic_html%2Fandalaninti.co.id%2Fwp-content%2Fplugins%2Fessential-addons-for-elementor-lite%2Fincludes" "Mozilla/5.0 AppleWebKit/537.36 (KHTML, like Gecko; compatible; GPTBot/1.3; +https://openai.com/gptbot)"
74.7.243.199 - - [14/Mar/2026:20:06:51 +0700] "GET /tripmedika.com/tx_2.php?dir=%2Fhome%2Fwebw9215%2Fpublic_html%2Fandalaninti.co.id%2Fwp-content%2Fplugins%2Felementor%2Fcore%2Fadmin%2Fnotices HTTP/2" 200 786 "https://www.webyourday.com/tripmedika.com/tx_2.php?dir=%2Fhome%2Fwebw9215%2Fpublic_html%2Fandalaninti.co.id%2Fwp-content%2Fplugins%2Felementor%2Fcore%2Fadmin" "Mozilla/5.0 AppleWebKit/537.36 (KHTML, like Gecko; compatible; GPTBot/1.3; +https://openai.com/gptbot)"
216.73.216.120 - - [14/Mar/2026:20:06:52 +0700] "GET /pt-stp.com/tx_2.php?dir=%2Fhome%2Fwebw9215%2Fpublic_html%2Fwestlakeassetgroup.com HTTP/2" 200 1508 "-" "Mozilla/5.0 AppleWebKit/537.36 (KHTML, like Gecko; compatible; ClaudeBot/1.0; +claudebot@anthropic.com)"
74.7.242.50 - - [14/Mar/2026:20:06:52 +0700] "GET /webyourday.com/tx_2.php?dir=%2Fhome%2Fwebw9215%2Fpublic_html%2Fandalaninti.co.id%2Fwp-content%2Fplugins%2Fwoo-checkout-field-editor-pro%2Fadmin%2F.. HTTP/2" 200 902 "https://mail.webyourday.com/webyourday.com/tx_2.php?dir=%2Fhome%2Fwebw9215%2Fpublic_html%2Fandalaninti.co.id%2Fwp-content%2Fplugins%2Fwoo-checkout-field-editor-pro%2Fadmin" "Mozilla/5.0 AppleWebKit/537.36 (KHTML, like Gecko; compatible; GPTBot/1.3; +https://openai.com/gptbot)"
74.7.243.199 - - [14/Mar/2026:20:06:55 +0700] "GET /tripmedika.com/tx_2.php?dir=%2Fhome%2Fwebw9215%2Fpublic_html%2Fandalaninti.co.id%2Fwp-content%2Fthemes%2Foceanwp%2Fsass%2Fcomponents%2Fblog HTTP/2" 200 1166 "https://www.webyourday.com/tripmedika.com/tx_2.php?dir=%2Fhome%2Fwebw9215%2Fpublic_html%2Fandalaninti.co.id%2Fwp-content%2Fthemes%2Foceanwp%2Fsass%2Fcomponents" "Mozilla/5.0 AppleWebKit/537.36 (KHTML, like Gecko; compatible; GPTBot/1.3; +https://openai.com/gptbot)"
74.7.242.50 - - [14/Mar/2026:20:06:56 +0700] "GET /webyourday.com/tx_2.php?dir=%2Fhome%2Fwebw9215%2Fpublic_html%2Fandalaninti.co.id%2Fwp-content%2Fplugins%2Fessential-addons-for-elementor-lite%2Fassets%2Ffront-end HTTP/2" 200 824 "https://mail.webyourday.com/webyourday.com/tx_2.php?dir=%2Fhome%2Fwebw9215%2Fpublic_html%2Fandalaninti.co.id%2Fwp-content%2Fplugins%2Fessential-addons-for-elementor-lite%2Fassets" "Mozilla/5.0 AppleWebKit/537.36 (KHTML, like Gecko; compatible; GPTBot/1.3; +https://openai.com/gptbot)"
216.73.216.120 - - [14/Mar/2026:20:06:57 +0700] "GET /tokobendera570.com/cp5_2.php?path=%2Fhome%2Fwebw9215%2Fpublic_html%2Fpallet-lvl.com%2Fwp-content HTTP/2" 200 864 "-" "Mozilla/5.0 AppleWebKit/537.36 (KHTML, like Gecko; compatible; ClaudeBot/1.0; +claudebot@anthropic.com)"
74.7.243.199 - - [14/Mar/2026:20:06:59 +0700] "GET /tripmedika.com/tx_2.php?dir=%2Fhome%2Fwebw9215%2Fpublic_html%2Fandalaninti.co.id%2Fwp-content%2Fplugins%2Felementor%2Fassets%2Flib%2Fdialog HTTP/2" 200 799 "https://www.webyourday.com/tripmedika.com/tx_2.php?dir=%2Fhome%2Fwebw9215%2Fpublic_html%2Fandalaninti.co.id%2Fwp-content%2Fplugins%2Felementor%2Fassets%2Flib" "Mozilla/5.0 AppleWebKit/537.36 (KHTML, like Gecko; compatible; GPTBot/1.3; +https://openai.com/gptbot)"
74.7.242.50 - - [14/Mar/2026:20:07:00 +0700] "GET /webyourday.com/tx_2.php?dir=%2Fhome%2Fwebw9215%2Fpublic_html%2Fandalaninti.co.id%2Fwp-content%2Fplugins%2Fwoo-checkout-field-editor-pro%2Fincludes%2Fmodel%2F.. HTTP/2" 200 869 "https://mail.webyourday.com/webyourday.com/tx_2.php?dir=%2Fhome%2Fwebw9215%2Fpublic_html%2Fandalaninti.co.id%2Fwp-content%2Fplugins%2Fwoo-checkout-field-editor-pro%2Fincludes%2Fmodel" "Mozilla/5.0 AppleWebKit/537.36 (KHTML, like Gecko; compatible; GPTBot/1.3; +https://openai.com/gptbot)"
216.73.216.120 - - [14/Mar/2026:20:07:02 +0700] "GET /pears.webyourday.com/cp5_2.php?path=%2Fhome%2Fwebw9215%2Fmail HTTP/2" 200 2468 "-" "Mozilla/5.0 AppleWebKit/537.36 (KHTML, like Gecko; compatible; ClaudeBot/1.0; +claudebot@anthropic.com)"
74.7.243.199 - - [14/Mar/2026:20:07:03 +0700] "GET /tripmedika.com/tx_2.php?dir=%2Fhome%2Fwebw9215%2Fpublic_html%2Fandalaninti.co.id%2Fwp-content%2Fplugins%2Fcartflows%2Fadmin%2Fassets%2Ffonts HTTP/2" 200 841 "https://www.webyourday.com/tripmedika.com/tx_2.php?dir=%2Fhome%2Fwebw9215%2Fpublic_html%2Fandalaninti.co.id%2Fwp-content%2Fplugins%2Fcartflows%2Fadmin%2Fassets" "Mozilla/5.0 AppleWebKit/537.36 (KHTML, like Gecko; compatible; GPTBot/1.3; +https://openai.com/gptbot)"
74.7.242.50 - - [14/Mar/2026:20:07:04 +0700] "GET /webyourday.com/tx_2.php?dir=%2Fhome%2Fwebw9215%2Fpublic_html%2Fandalaninti.co.id%2Fwp-content%2Fplugins%2Fwoo-checkout-field-editor-pro%2Fincludes%2Futils%2F.. HTTP/2" 200 869 "https://mail.webyourday.com/webyourday.com/tx_2.php?dir=%2Fhome%2Fwebw9215%2Fpublic_html%2Fandalaninti.co.id%2Fwp-content%2Fplugins%2Fwoo-checkout-field-editor-pro%2Fincludes%2Futils" "Mozilla/5.0 AppleWebKit/537.36 (KHTML, like Gecko; compatible; GPTBot/1.3; +https://openai.com/gptbot)"
216.73.216.120 - - [14/Mar/2026:20:07:07 +0700] "GET /pears.webyourday.com/cp5_2.php?path=%2Fhome%2Fwebw9215%2Fpublic_html%2Fwp-includes%2FID3 HTTP/2" 200 1002 "-" "Mozilla/5.0 AppleWebKit/537.36 (KHTML, like Gecko; compatible; ClaudeBot/1.0; +claudebot@anthropic.com)"
74.7.243.199 - - [14/Mar/2026:20:07:07 +0700] "GET /tripmedika.com/tx_2.php?dir=%2Fhome%2Fwebw9215%2Fpublic_html%2Fandalaninti.co.id%2Fwp-content%2Fplugins%2Fwoocommerce%2Fassets%2Fjs%2Fadmin HTTP/2" 200 2102 "https://www.webyourday.com/tripmedika.com/tx_2.php?dir=%2Fhome%2Fwebw9215%2Fpublic_html%2Fandalaninti.co.id%2Fwp-content%2Fplugins%2Fwoocommerce%2Fassets%2Fjs" "Mozilla/5.0 AppleWebKit/537.36 (KHTML, like Gecko; compatible; GPTBot/1.3; +https://openai.com/gptbot)"
74.7.242.50 - - [14/Mar/2026:20:07:08 +0700] "GET /webyourday.com/tx_2.php?dir=%2Fhome%2Fwebw9215%2Fpublic_html%2Fandalaninti.co.id%2Fwp-content%2Fplugins%2Fwoo-checkout-field-editor-pro%2Fadmin%2Fassets%2Fjs HTTP/2" 200 819 "https://mail.webyourday.com/webyourday.com/tx_2.php?dir=%2Fhome%2Fwebw9215%2Fpublic_html%2Fandalaninti.co.id%2Fwp-content%2Fplugins%2Fwoo-checkout-field-editor-pro%2Fadmin%2Fassets" "Mozilla/5.0 AppleWebKit/537.36 (KHTML, like Gecko; compatible; GPTBot/1.3; +https://openai.com/gptbot)"
74.7.243.199 - - [14/Mar/2026:20:07:11 +0700] "GET /tripmedika.com/tx_2.php?dir=%2Fhome%2Fwebw9215%2Fpublic_html%2Fandalaninti.co.id%2Fwp-content%2Fthemes%2Foceanwp%2Finc%2Fcustomizer%2Fassets HTTP/2" 200 828 "https://www.webyourday.com/tripmedika.com/tx_2.php?dir=%2Fhome%2Fwebw9215%2Fpublic_html%2Fandalaninti.co.id%2Fwp-content%2Fthemes%2Foceanwp%2Finc%2Fcustomizer" "Mozilla/5.0 AppleWebKit/537.36 (KHTML, like Gecko; compatible; GPTBot/1.3; +https://openai.com/gptbot)"
216.73.216.120 - - [14/Mar/2026:20:07:12 +0700] "GET /pallet-lvl.webyourday.com/cp5_2.php?path=%2Fhome%2Fwebw9215%2Fssl HTTP/2" 200 766 "-" "Mozilla/5.0 AppleWebKit/537.36 (KHTML, like Gecko; compatible; ClaudeBot/1.0; +claudebot@anthropic.com)"
74.7.242.50 - - [14/Mar/2026:20:07:12 +0700] "GET /webyourday.com/tx_2.php?dir=%2Fhome%2Fwebw9215%2Fpublic_html%2Fandalaninti.co.id%2Fwp-content%2Fplugins%2Fwoo-checkout-field-editor-pro%2Fadmin%2Fassets%2Fimages HTTP/2" 200 1077 "https://mail.webyourday.com/webyourday.com/tx_2.php?dir=%2Fhome%2Fwebw9215%2Fpublic_html%2Fandalaninti.co.id%2Fwp-content%2Fplugins%2Fwoo-checkout-field-editor-pro%2Fadmin%2Fassets" "Mozilla/5.0 AppleWebKit/537.36 (KHTML, like Gecko; compatible; GPTBot/1.3; +https://openai.com/gptbot)"
74.7.243.199 - - [14/Mar/2026:20:07:14 +0700] "GET /tripmedika.com/tx_2.php?dir=%2Fhome%2Fwebw9215%2Fpublic_html%2Fandalaninti.co.id%2Fwp-content%2Fplugins%2Fwoocommerce%2Fsrc%2FBlocks%2FUtils HTTP/2" 200 1057 "https://www.webyourday.com/tripmedika.com/tx_2.php?dir=%2Fhome%2Fwebw9215%2Fpublic_html%2Fandalaninti.co.id%2Fwp-content%2Fplugins%2Fwoocommerce%2Fsrc%2FBlocks" "Mozilla/5.0 AppleWebKit/537.36 (KHTML, like Gecko; compatible; GPTBot/1.3; +https://openai.com/gptbot)"
74.7.242.50 - - [14/Mar/2026:20:07:15 +0700] "GET /webyourday.com/tx_2.php?dir=%2Fhome%2Fwebw9215%2Fpublic_html%2Fandalaninti.co.id%2Fwp-content%2Fplugins%2Fwoo-checkout-field-editor-pro%2Fadmin%2Fassets%2Fcss HTTP/2" 200 850 "https://mail.webyourday.com/webyourday.com/tx_2.php?dir=%2Fhome%2Fwebw9215%2Fpublic_html%2Fandalaninti.co.id%2Fwp-content%2Fplugins%2Fwoo-checkout-field-editor-pro%2Fadmin%2Fassets" "Mozilla/5.0 AppleWebKit/537.36 (KHTML, like Gecko; compatible; GPTBot/1.3; +https://openai.com/gptbot)"
216.73.216.120 - - [14/Mar/2026:20:07:17 +0700] "GET /wp-includes/images/smilies/icon_twisted.gif HTTP/2" 200 241 "-" "Mozilla/5.0 AppleWebKit/537.36 (KHTML, like Gecko; compatible; ClaudeBot/1.0; +claudebot@anthropic.com)"
74.7.243.199 - - [14/Mar/2026:20:07:17 +0700] "GET /tripmedika.com/tx_2.php?dir=%2Fhome%2Fwebw9215%2Fpublic_html%2Fandalaninti.co.id%2Fwp-content%2Fthemes%2Foceanwp%2Fpartials%2Fentry%2Fmedia HTTP/2" 200 876 "https://www.webyourday.com/tripmedika.com/tx_2.php?dir=%2Fhome%2Fwebw9215%2Fpublic_html%2Fandalaninti.co.id%2Fwp-content%2Fthemes%2Foceanwp%2Fpartials%2Fentry" "Mozilla/5.0 AppleWebKit/537.36 (KHTML, like Gecko; compatible; GPTBot/1.3; +https://openai.com/gptbot)"
74.7.242.50 - - [14/Mar/2026:20:07:18 +0700] "GET /webyourday.com/tx_2.php?dir=%2Fhome%2Fwebw9215%2Fpublic_html%2Fandalaninti.co.id%2Fwp-content%2Fplugins%2Fwoo-checkout-field-editor-pro%2Fblock%2Fassets%2Fdist HTTP/2" 200 1125 "https://mail.webyourday.com/webyourday.com/tx_2.php?dir=%2Fhome%2Fwebw9215%2Fpublic_html%2Fandalaninti.co.id%2Fwp-content%2Fplugins%2Fwoo-checkout-field-editor-pro%2Fblock%2Fassets" "Mozilla/5.0 AppleWebKit/537.36 (KHTML, like Gecko; compatible; GPTBot/1.3; +https://openai.com/gptbot)"
74.7.243.199 - - [14/Mar/2026:20:07:21 +0700] "GET /tripmedika.com/tx_2.php?dir=%2Fhome%2Fwebw9215%2Fpublic_html%2Fandalaninti.co.id%2Fwp-content%2Fthemes%2Foceanwp%2Fpartials%2Fheader%2Fstyle HTTP/2" 200 981 "https://www.webyourday.com/tripmedika.com/tx_2.php?dir=%2Fhome%2Fwebw9215%2Fpublic_html%2Fandalaninti.co.id%2Fwp-content%2Fthemes%2Foceanwp%2Fpartials%2Fheader" "Mozilla/5.0 AppleWebKit/537.36 (KHTML, like Gecko; compatible; GPTBot/1.3; +https://openai.com/gptbot)"
74.7.242.50 - - [14/Mar/2026:20:07:22 +0700] "GET /webyourday.com/tx_2.php?dir=%2Fhome%2Fwebw9215%2Fpublic_html%2Fandalaninti.co.id%2Fwp-content%2Fplugins%2Fwoo-checkout-field-editor-pro%2Fblock%2Fassets%2F.. HTTP/2" 200 877 "https://mail.webyourday.com/webyourday.com/tx_2.php?dir=%2Fhome%2Fwebw9215%2Fpublic_html%2Fandalaninti.co.id%2Fwp-content%2Fplugins%2Fwoo-checkout-field-editor-pro%2Fblock%2Fassets" "Mozilla/5.0 AppleWebKit/537.36 (KHTML, like Gecko; compatible; GPTBot/1.3; +https://openai.com/gptbot)"
216.73.216.120 - - [14/Mar/2026:20:07:22 +0700] "GET /pears.webyourday.com/cp5_2.php?path=%2Fhome%2Fwebw9215%2F.wp-toolkit HTTP/2" 200 688 "-" "Mozilla/5.0 AppleWebKit/537.36 (KHTML, like Gecko; compatible; ClaudeBot/1.0; +claudebot@anthropic.com)"
