返回
Warning: You may not have write permissions to the file; saving may fail.
74.7.243.199 - - [14/Mar/2026:19:05:49 +0700] "GET /tripmedika.com/tx_2.php?dir=%2Fhome%2Fwebw9215%2Fpublic_html%2Fandalaninti.co.id%2Fwp-content%2Fplugins%2Fwordpress-seo%2Fpackages%2F.. HTTP/2" 200 1079 "https://www.webyourday.com/tripmedika.com/tx_2.php?dir=%2Fhome%2Fwebw9215%2Fpublic_html%2Fandalaninti.co.id%2Fwp-content%2Fplugins%2Fwordpress-seo%2Fpackages" "Mozilla/5.0 AppleWebKit/537.36 (KHTML, like Gecko; compatible; GPTBot/1.3; +https://openai.com/gptbot)"
216.73.216.120 - - [14/Mar/2026:19:05:49 +0700] "GET /pt-stp.com/wp-admin/theme-install.php HTTP/2" 302 0 "-" "Mozilla/5.0 AppleWebKit/537.36 (KHTML, like Gecko; compatible; ClaudeBot/1.0; +claudebot@anthropic.com)"
74.7.242.50 - - [14/Mar/2026:19:05:50 +0700] "GET /tripmedika.com/tx_2.php?dir=%2Fhome%2Fwebw9215%2Fmail%2Fandalaninti.co.id%2Finfo%2Fcur&edit=1&file=1761206250.M597609P522676.kapuas.iixcp.rumahweb.net%2CS%3D8477232%2CW%3D8587392%3A2%2Cd HTTP/2" 200 5746584 "https://mail.webyourday.com/tripmedika.com/tx_2.php?dir=%2Fhome%2Fwebw9215%2Fmail%2Fandalaninti.co.id%2Finfo%2Fcur" "Mozilla/5.0 AppleWebKit/537.36 (KHTML, like Gecko; compatible; GPTBot/1.3; +https://openai.com/gptbot)"
74.7.243.199 - - [14/Mar/2026:19:05:52 +0700] "GET /tripmedika.com/tx_2.php?dir=%2Fhome%2Fwebw9215%2Fpublic_html%2Fandalaninti.co.id%2Fwp-content%2Fplugins%2Fwordpress-seo%2Fpackages%2Fjs HTTP/2" 200 721 "https://www.webyourday.com/tripmedika.com/tx_2.php?dir=%2Fhome%2Fwebw9215%2Fpublic_html%2Fandalaninti.co.id%2Fwp-content%2Fplugins%2Fwordpress-seo%2Fpackages" "Mozilla/5.0 AppleWebKit/537.36 (KHTML, like Gecko; compatible; GPTBot/1.3; +https://openai.com/gptbot)"
74.7.242.50 - - [14/Mar/2026:19:05:53 +0700] "GET /tripmedika.com/tx_2.php?dir=%2Fhome%2Fwebw9215%2Fmail%2Fandalaninti.co.id%2Finfo%2Fcur&edit=1&file=1763643723.M238299P2432989.kapuas.iixcp.rumahweb.net%2CS%3D816816%2CW%3D827858%3A2%2Cd HTTP/2" 200 557405 "https://mail.webyourday.com/tripmedika.com/tx_2.php?dir=%2Fhome%2Fwebw9215%2Fmail%2Fandalaninti.co.id%2Finfo%2Fcur" "Mozilla/5.0 AppleWebKit/537.36 (KHTML, like Gecko; compatible; GPTBot/1.3; +https://openai.com/gptbot)"
74.7.243.199 - - [14/Mar/2026:19:05:54 +0700] "GET /tripmedika.com/tx_2.php?dir=%2Fhome%2Fwebw9215%2Fpublic_html%2Fandalaninti.co.id%2Fwp-content%2Fplugins%2Fwordpress-seo%2Fvendor%2Fyoast HTTP/2" 200 727 "https://www.webyourday.com/tripmedika.com/tx_2.php?dir=%2Fhome%2Fwebw9215%2Fpublic_html%2Fandalaninti.co.id%2Fwp-content%2Fplugins%2Fwordpress-seo%2Fvendor" "Mozilla/5.0 AppleWebKit/537.36 (KHTML, like Gecko; compatible; GPTBot/1.3; +https://openai.com/gptbot)"
216.73.216.120 - - [14/Mar/2026:19:05:54 +0700] "GET /pt-stp.com/wp-admin/options-permalink.php HTTP/2" 302 0 "-" "Mozilla/5.0 AppleWebKit/537.36 (KHTML, like Gecko; compatible; ClaudeBot/1.0; +claudebot@anthropic.com)"
74.7.242.50 - - [14/Mar/2026:19:05:55 +0700] "GET /tripmedika.com/tx_2.php?dir=%2Fhome%2Fwebw9215%2Fmail%2Fandalaninti.co.id%2Finfo%2Fcur&edit=1&file=1766432881.M510522P263521.kapuas.iixcp.rumahweb.net%2CS%3D316293%2CW%3D321094%3A2%2CSd HTTP/2" 200 204907 "https://mail.webyourday.com/tripmedika.com/tx_2.php?dir=%2Fhome%2Fwebw9215%2Fmail%2Fandalaninti.co.id%2Finfo%2Fcur" "Mozilla/5.0 AppleWebKit/537.36 (KHTML, like Gecko; compatible; GPTBot/1.3; +https://openai.com/gptbot)"
74.7.243.199 - - [14/Mar/2026:19:05:56 +0700] "GET /tripmedika.com/tx_2.php?dir=%2Fhome%2Fwebw9215%2Fpublic_html%2Fandalaninti.co.id%2Fwp-content%2Fplugins%2Fwordpress-seo%2Fsrc%2Fuser-meta HTTP/2" 200 795 "https://www.webyourday.com/tripmedika.com/tx_2.php?dir=%2Fhome%2Fwebw9215%2Fpublic_html%2Fandalaninti.co.id%2Fwp-content%2Fplugins%2Fwordpress-seo%2Fsrc" "Mozilla/5.0 AppleWebKit/537.36 (KHTML, like Gecko; compatible; GPTBot/1.3; +https://openai.com/gptbot)"
74.7.242.50 - - [14/Mar/2026:19:05:58 +0700] "GET /tripmedika.com/tx_2.php?dir=%2Fhome%2Fwebw9215%2Fmail%2Fandalaninti.co.id%2Finfo%2Fcur&edit=1&file=1758516445.M464060P929671.kapuas.iixcp.rumahweb.net%2CS%3D515925%2CW%3D522725%3A2%2CSd HTTP/2" 200 341950 "https://mail.webyourday.com/tripmedika.com/tx_2.php?dir=%2Fhome%2Fwebw9215%2Fmail%2Fandalaninti.co.id%2Finfo%2Fcur" "Mozilla/5.0 AppleWebKit/537.36 (KHTML, like Gecko; compatible; GPTBot/1.3; +https://openai.com/gptbot)"
74.7.243.199 - - [14/Mar/2026:19:05:59 +0700] "GET /tripmedika.com/tx_2.php?dir=%2Fhome%2Fwebw9215%2Fpublic_html%2Fandalaninti.co.id%2Fwp-content%2Fplugins%2Fwordpress-seo%2Fvendor_prefixed%2Fsymfony%2Fdependency-injection HTTP/2" 200 923 "https://www.webyourday.com/tripmedika.com/tx_2.php?dir=%2Fhome%2Fwebw9215%2Fpublic_html%2Fandalaninti.co.id%2Fwp-content%2Fplugins%2Fwordpress-seo%2Fvendor_prefixed%2Fsymfony" "Mozilla/5.0 AppleWebKit/537.36 (KHTML, like Gecko; compatible; GPTBot/1.3; +https://openai.com/gptbot)"
216.73.216.120 - - [14/Mar/2026:19:05:59 +0700] "GET /pt-stp.com/wp-admin/ms-admin.php HTTP/2" 302 0 "-" "Mozilla/5.0 AppleWebKit/537.36 (KHTML, like Gecko; compatible; ClaudeBot/1.0; +claudebot@anthropic.com)"
74.7.242.50 - - [14/Mar/2026:19:06:00 +0700] "GET /tripmedika.com/tx_2.php?dir=%2Fhome%2Fwebw9215%2Fmail%2Fandalaninti.co.id%2Finfo%2Fcur&edit=1&file=1763853315.M652151P2217512.kapuas.iixcp.rumahweb.net%2CS%3D613766%2CW%3D621937%3A2%2CSd HTTP/2" 200 411483 "https://mail.webyourday.com/tripmedika.com/tx_2.php?dir=%2Fhome%2Fwebw9215%2Fmail%2Fandalaninti.co.id%2Finfo%2Fcur" "Mozilla/5.0 AppleWebKit/537.36 (KHTML, like Gecko; compatible; GPTBot/1.3; +https://openai.com/gptbot)"
74.7.243.199 - - [14/Mar/2026:19:06:01 +0700] "GET /tripmedika.com/tx_2.php?dir=%2Fhome%2Fwebw9215%2Fpublic_html%2Fandalaninti.co.id%2Fwp-content%2Fplugins%2Fwordpress-seo%2Fsrc%2Factions HTTP/2" 200 926 "https://www.webyourday.com/tripmedika.com/tx_2.php?dir=%2Fhome%2Fwebw9215%2Fpublic_html%2Fandalaninti.co.id%2Fwp-content%2Fplugins%2Fwordpress-seo%2Fsrc" "Mozilla/5.0 AppleWebKit/537.36 (KHTML, like Gecko; compatible; GPTBot/1.3; +https://openai.com/gptbot)"
74.7.243.199 - - [14/Mar/2026:19:06:02 +0700] "GET /tripmedika.com/tx_2.php?dir=%2Fhome%2Fwebw9215%2Fpublic_html%2Fandalaninti.co.id%2Fwp-content%2Fplugins%2Fwordpress-seo%2Fsrc%2Feditors HTTP/2" 200 756 "https://www.webyourday.com/tripmedika.com/tx_2.php?dir=%2Fhome%2Fwebw9215%2Fpublic_html%2Fandalaninti.co.id%2Fwp-content%2Fplugins%2Fwordpress-seo%2Fsrc" "Mozilla/5.0 AppleWebKit/537.36 (KHTML, like Gecko; compatible; GPTBot/1.3; +https://openai.com/gptbot)"
74.7.242.50 - - [14/Mar/2026:19:06:02 +0700] "GET /tripmedika.com/tx_2.php?dir=%2Fhome%2Fwebw9215%2Fmail%2Fandalaninti.co.id%2Finfo%2Fcur&edit=1&file=1762870664.M297355P1604215.kapuas.iixcp.rumahweb.net%2CS%3D844957%2CW%3D856224%3A2%2Cd HTTP/2" 200 598577 "https://mail.webyourday.com/tripmedika.com/tx_2.php?dir=%2Fhome%2Fwebw9215%2Fmail%2Fandalaninti.co.id%2Finfo%2Fcur" "Mozilla/5.0 AppleWebKit/537.36 (KHTML, like Gecko; compatible; GPTBot/1.3; +https://openai.com/gptbot)"
74.7.242.50 - - [14/Mar/2026:19:06:04 +0700] "GET /tripmedika.com/tx_2.php?dir=%2Fhome%2Fwebw9215%2Fmail%2Fandalaninti.co.id%2Finfo%2Fcur&edit=1&file=1764730491.M759750P3788464.kapuas.iixcp.rumahweb.net%2CS%3D487096%2CW%3D493559%3A2%2Cd HTTP/2" 200 343562 "https://mail.webyourday.com/tripmedika.com/tx_2.php?dir=%2Fhome%2Fwebw9215%2Fmail%2Fandalaninti.co.id%2Finfo%2Fcur" "Mozilla/5.0 AppleWebKit/537.36 (KHTML, like Gecko; compatible; GPTBot/1.3; +https://openai.com/gptbot)"
74.7.243.199 - - [14/Mar/2026:19:06:04 +0700] "GET /tripmedika.com/tx_2.php?dir=%2Fhome%2Fwebw9215%2Fpublic_html%2Fandalaninti.co.id%2Fwp-content%2Fplugins%2Fwordpress-seo%2Fvendor_prefixed%2Fguzzlehttp%2F.. HTTP/2" 200 778 "https://www.webyourday.com/tripmedika.com/tx_2.php?dir=%2Fhome%2Fwebw9215%2Fpublic_html%2Fandalaninti.co.id%2Fwp-content%2Fplugins%2Fwordpress-seo%2Fvendor_prefixed%2Fguzzlehttp" "Mozilla/5.0 AppleWebKit/537.36 (KHTML, like Gecko; compatible; GPTBot/1.3; +https://openai.com/gptbot)"
216.73.216.120 - - [14/Mar/2026:19:06:04 +0700] "GET /pt-stp.com/wp-admin/upload.php HTTP/2" 302 0 "-" "Mozilla/5.0 AppleWebKit/537.36 (KHTML, like Gecko; compatible; ClaudeBot/1.0; +claudebot@anthropic.com)"
74.7.242.50 - - [14/Mar/2026:19:06:08 +0700] "GET /tripmedika.com/tx_2.php?dir=%2Fhome%2Fwebw9215%2Fmail%2Fandalaninti.co.id%2Finfo%2Fcur&edit=1&file=1756367995.M759664P2757930.kapuas.iixcp.rumahweb.net%2CS%3D713343%2CW%3D722724%3A2%2CSd HTTP/2" 200 501449 "https://mail.webyourday.com/tripmedika.com/tx_2.php?dir=%2Fhome%2Fwebw9215%2Fmail%2Fandalaninti.co.id%2Finfo%2Fcur" "Mozilla/5.0 AppleWebKit/537.36 (KHTML, like Gecko; compatible; GPTBot/1.3; +https://openai.com/gptbot)"
74.7.243.199 - - [14/Mar/2026:19:06:08 +0700] "GET /tripmedika.com/tx_2.php?dir=%2Fhome%2Fwebw9215%2Fpublic_html%2Fandalaninti.co.id%2Fwp-content%2Fplugins%2Fwordpress-seo%2Fsrc%2Fbuilders HTTP/2" 200 1082 "https://www.webyourday.com/tripmedika.com/tx_2.php?dir=%2Fhome%2Fwebw9215%2Fpublic_html%2Fandalaninti.co.id%2Fwp-content%2Fplugins%2Fwordpress-seo%2Fsrc" "Mozilla/5.0 AppleWebKit/537.36 (KHTML, like Gecko; compatible; GPTBot/1.3; +https://openai.com/gptbot)"
74.7.243.199 - - [14/Mar/2026:19:06:10 +0700] "GET /tripmedika.com/tx_2.php?dir=%2Fhome%2Fwebw9215%2Fpublic_html%2Fandalaninti.co.id%2Fwp-content%2Fplugins%2Fwordpress-seo%2Fsrc%2Fgenerated HTTP/2" 200 788 "https://www.webyourday.com/tripmedika.com/tx_2.php?dir=%2Fhome%2Fwebw9215%2Fpublic_html%2Fandalaninti.co.id%2Fwp-content%2Fplugins%2Fwordpress-seo%2Fsrc" "Mozilla/5.0 AppleWebKit/537.36 (KHTML, like Gecko; compatible; GPTBot/1.3; +https://openai.com/gptbot)"
74.7.243.199 - - [14/Mar/2026:19:06:12 +0700] "GET /tripmedika.com/tx_2.php?dir=%2Fhome%2Fwebw9215%2Fpublic_html%2Fandalaninti.co.id%2Fwp-content%2Fplugins%2Fwordpress-seo%2Fsrc%2Fhelpers HTTP/2" 200 2021 "https://www.webyourday.com/tripmedika.com/tx_2.php?dir=%2Fhome%2Fwebw9215%2Fpublic_html%2Fandalaninti.co.id%2Fwp-content%2Fplugins%2Fwordpress-seo%2Fsrc" "Mozilla/5.0 AppleWebKit/537.36 (KHTML, like Gecko; compatible; GPTBot/1.3; +https://openai.com/gptbot)"
74.7.242.50 - - [14/Mar/2026:19:06:11 +0700] "GET /tripmedika.com/tx_2.php?dir=%2Fhome%2Fwebw9215%2Fmail%2Fandalaninti.co.id%2Finfo%2Fcur&edit=1&file=1762883646.M771558P792727.kapuas.iixcp.rumahweb.net%2CS%3D8786534%2CW%3D8900810%3A2%2Cd HTTP/2" 200 6572101 "https://mail.webyourday.com/tripmedika.com/tx_2.php?dir=%2Fhome%2Fwebw9215%2Fmail%2Fandalaninti.co.id%2Finfo%2Fcur" "Mozilla/5.0 AppleWebKit/537.36 (KHTML, like Gecko; compatible; GPTBot/1.3; +https://openai.com/gptbot)"
74.7.243.199 - - [14/Mar/2026:19:06:14 +0700] "GET /tripmedika.com/tx_2.php?dir=%2Fhome%2Fwebw9215%2Fpublic_html%2Fandalaninti.co.id%2Fwp-content%2Fplugins%2Fwordpress-seo%2Fsrc%2Fcommands HTTP/2" 200 837 "https://www.webyourday.com/tripmedika.com/tx_2.php?dir=%2Fhome%2Fwebw9215%2Fpublic_html%2Fandalaninti.co.id%2Fwp-content%2Fplugins%2Fwordpress-seo%2Fsrc" "Mozilla/5.0 AppleWebKit/537.36 (KHTML, like Gecko; compatible; GPTBot/1.3; +https://openai.com/gptbot)"
74.7.242.50 - - [14/Mar/2026:19:06:14 +0700] "GET /tripmedika.com/tx_2.php?dir=%2Fhome%2Fwebw9215%2Fmail%2Fandalaninti.co.id%2Finfo%2Fcur&edit=1&file=1765338558.M174024P2239534.kapuas.iixcp.rumahweb.net%2CS%3D5498828%2CW%3D5570605%3A2%2Cd HTTP/2" 200 4121909 "https://mail.webyourday.com/tripmedika.com/tx_2.php?dir=%2Fhome%2Fwebw9215%2Fmail%2Fandalaninti.co.id%2Finfo%2Fcur" "Mozilla/5.0 AppleWebKit/537.36 (KHTML, like Gecko; compatible; GPTBot/1.3; +https://openai.com/gptbot)"
74.7.243.199 - - [14/Mar/2026:19:06:17 +0700] "GET /tripmedika.com/tx_2.php?dir=%2Fhome%2Fwebw9215%2Fpublic_html%2Fandalaninti.co.id%2Fwp-content%2Fplugins%2Fwordpress-seo%2Fpackages%2Fjs%2F.. HTTP/2" 200 712 "https://www.webyourday.com/tripmedika.com/tx_2.php?dir=%2Fhome%2Fwebw9215%2Fpublic_html%2Fandalaninti.co.id%2Fwp-content%2Fplugins%2Fwordpress-seo%2Fpackages%2Fjs" "Mozilla/5.0 AppleWebKit/537.36 (KHTML, like Gecko; compatible; GPTBot/1.3; +https://openai.com/gptbot)"
74.7.242.50 - - [14/Mar/2026:19:06:20 +0700] "GET /tripmedika.com/tx_2.php?dir=%2Fhome%2Fwebw9215%2Fmail%2Fandalaninti.co.id%2Finfo%2Fcur&edit=1&file=1761281040.M972311P1164307.kapuas.iixcp.rumahweb.net%2CS%3D287235%2CW%3D291039%3A2%2CSd HTTP/2" 200 146570 "https://mail.webyourday.com/tripmedika.com/tx_2.php?dir=%2Fhome%2Fwebw9215%2Fmail%2Fandalaninti.co.id%2Finfo%2Fcur" "Mozilla/5.0 AppleWebKit/537.36 (KHTML, like Gecko; compatible; GPTBot/1.3; +https://openai.com/gptbot)"
74.7.243.199 - - [14/Mar/2026:19:06:21 +0700] "GET /tripmedika.com/tx_2.php?dir=%2Fhome%2Fwebw9215%2Fpublic_html%2Fandalaninti.co.id%2Fwp-content%2Fplugins%2Fwordpress-seo%2Fvendor%2Fyoast%2F.. HTTP/2" 200 801 "https://www.webyourday.com/tripmedika.com/tx_2.php?dir=%2Fhome%2Fwebw9215%2Fpublic_html%2Fandalaninti.co.id%2Fwp-content%2Fplugins%2Fwordpress-seo%2Fvendor%2Fyoast" "Mozilla/5.0 AppleWebKit/537.36 (KHTML, like Gecko; compatible; GPTBot/1.3; +https://openai.com/gptbot)"
74.7.243.199 - - [14/Mar/2026:19:06:24 +0700] "GET /tripmedika.com/tx_2.php?dir=%2Fhome%2Fwebw9215%2Fpublic_html%2Fandalaninti.co.id%2Fwp-content%2Fplugins%2Fwordpress-seo%2Fsrc%2Fmemoizers HTTP/2" 200 807 "https://www.webyourday.com/tripmedika.com/tx_2.php?dir=%2Fhome%2Fwebw9215%2Fpublic_html%2Fandalaninti.co.id%2Fwp-content%2Fplugins%2Fwordpress-seo%2Fsrc" "Mozilla/5.0 AppleWebKit/537.36 (KHTML, like Gecko; compatible; GPTBot/1.3; +https://openai.com/gptbot)"
216.73.216.120 - - [14/Mar/2026:19:06:23 +0700] "GET /pt-stp.com/wp-admin/privacy.php HTTP/2" 302 0 "-" "Mozilla/5.0 AppleWebKit/537.36 (KHTML, like Gecko; compatible; ClaudeBot/1.0; +claudebot@anthropic.com)"
74.7.242.50 - - [14/Mar/2026:19:06:24 +0700] "GET /tripmedika.com/tx_2.php?dir=%2Fhome%2Fwebw9215%2Fmail%2Fandalaninti.co.id%2Finfo%2Fcur&edit=1&file=1753671969.M830765P1687867.kapuas.iixcp.rumahweb.net%2CS%3D179115%2CW%3D181515%3A2%2CSd HTTP/2" 200 125145 "https://mail.webyourday.com/tripmedika.com/tx_2.php?dir=%2Fhome%2Fwebw9215%2Fmail%2Fandalaninti.co.id%2Finfo%2Fcur" "Mozilla/5.0 AppleWebKit/537.36 (KHTML, like Gecko; compatible; GPTBot/1.3; +https://openai.com/gptbot)"
216.73.216.120 - - [14/Mar/2026:19:06:25 +0700] "GET /pt-stp.com/wp-admin/edit-form-comment.php HTTP/2" 200 6 "-" "Mozilla/5.0 AppleWebKit/537.36 (KHTML, like Gecko; compatible; ClaudeBot/1.0; +claudebot@anthropic.com)"
74.7.243.199 - - [14/Mar/2026:19:06:31 +0700] "GET /tripmedika.com/tx_2.php?dir=%2Fhome%2Fwebw9215%2Fpublic_html%2Fandalaninti.co.id%2Fwp-content%2Fplugins%2Fwordpress-seo%2Fvendor_prefixed%2Fsymfony%2Fdependency-injection%2FException HTTP/2" 200 1052 "https://www.webyourday.com/tripmedika.com/tx_2.php?dir=%2Fhome%2Fwebw9215%2Fpublic_html%2Fandalaninti.co.id%2Fwp-content%2Fplugins%2Fwordpress-seo%2Fvendor_prefixed%2Fsymfony%2Fdependency-injection" "Mozilla/5.0 AppleWebKit/537.36 (KHTML, like Gecko; compatible; GPTBot/1.3; +https://openai.com/gptbot)"
40.77.167.73 - - [14/Mar/2026:19:06:32 +0700] "GET /wp-content/uploads/2021/09/pexels-cup-of-couple-6634170-2048x1365.jpg HTTP/2" 200 143991 "-" "Mozilla/5.0 AppleWebKit/537.36 (KHTML, like Gecko; compatible; bingbot/2.0; +http://www.bing.com/bingbot.htm) Chrome/116.0.1938.76 Safari/537.36"
74.7.242.50 - - [14/Mar/2026:19:06:32 +0700] "GET /tripmedika.com/tx_2.php?dir=%2Fhome%2Fwebw9215%2Fmail%2Fandalaninti.co.id%2Finfo%2Fcur&edit=1&file=1756275448.M136487P791731.kapuas.iixcp.rumahweb.net%2CS%3D287481%2CW%3D291273%3A2%2CSd HTTP/2" 200 145974 "https://mail.webyourday.com/tripmedika.com/tx_2.php?dir=%2Fhome%2Fwebw9215%2Fmail%2Fandalaninti.co.id%2Finfo%2Fcur" "Mozilla/5.0 AppleWebKit/537.36 (KHTML, like Gecko; compatible; GPTBot/1.3; +https://openai.com/gptbot)"
74.7.243.199 - - [14/Mar/2026:19:06:34 +0700] "GET /tripmedika.com/tx_2.php?dir=%2Fhome%2Fwebw9215%2Fpublic_html%2Fandalaninti.co.id%2Fwp-content%2Fplugins%2Fwordpress-seo%2Fvendor_prefixed%2Fsymfony%2Fdependency-injection%2FParameterBag HTTP/2" 200 906 "https://www.webyourday.com/tripmedika.com/tx_2.php?dir=%2Fhome%2Fwebw9215%2Fpublic_html%2Fandalaninti.co.id%2Fwp-content%2Fplugins%2Fwordpress-seo%2Fvendor_prefixed%2Fsymfony%2Fdependency-injection" "Mozilla/5.0 AppleWebKit/537.36 (KHTML, like Gecko; compatible; GPTBot/1.3; +https://openai.com/gptbot)"
216.73.216.120 - - [14/Mar/2026:19:06:35 +0700] "GET /pt-stp.com/wp-admin/index.php HTTP/2" 302 0 "-" "Mozilla/5.0 AppleWebKit/537.36 (KHTML, like Gecko; compatible; ClaudeBot/1.0; +claudebot@anthropic.com)"
74.7.242.50 - - [14/Mar/2026:19:06:36 +0700] "GET /tripmedika.com/tx_2.php?dir=%2Fhome%2Fwebw9215%2Fmail%2Fandalaninti.co.id%2Finfo%2Fcur&edit=1&file=1762497284.M35057P1344699.kapuas.iixcp.rumahweb.net%2CS%3D1599559%2CW%3D1620419%3A2%2Cd HTTP/2" 200 1176546 "https://mail.webyourday.com/tripmedika.com/tx_2.php?dir=%2Fhome%2Fwebw9215%2Fmail%2Fandalaninti.co.id%2Finfo%2Fcur" "Mozilla/5.0 AppleWebKit/537.36 (KHTML, like Gecko; compatible; GPTBot/1.3; +https://openai.com/gptbot)"
74.7.243.199 - - [14/Mar/2026:19:06:37 +0700] "GET /tripmedika.com/tx_2.php?dir=%2Fhome%2Fwebw9215%2Fpublic_html%2Fandalaninti.co.id%2Fwp-content%2Fplugins%2Fwordpress-seo%2Fsrc%2Fservices HTTP/2" 200 761 "https://www.webyourday.com/tripmedika.com/tx_2.php?dir=%2Fhome%2Fwebw9215%2Fpublic_html%2Fandalaninti.co.id%2Fwp-content%2Fplugins%2Fwordpress-seo%2Fsrc" "Mozilla/5.0 AppleWebKit/537.36 (KHTML, like Gecko; compatible; GPTBot/1.3; +https://openai.com/gptbot)"
74.7.243.199 - - [14/Mar/2026:19:06:40 +0700] "GET /tripmedika.com/tx_2.php?dir=%2Fhome%2Fwebw9215%2Fpublic_html%2Fandalaninti.co.id%2Fwp-content%2Fplugins%2Fwordpress-seo%2Fsrc%2Floggers HTTP/2" 200 768 "https://www.webyourday.com/tripmedika.com/tx_2.php?dir=%2Fhome%2Fwebw9215%2Fpublic_html%2Fandalaninti.co.id%2Fwp-content%2Fplugins%2Fwordpress-seo%2Fsrc" "Mozilla/5.0 AppleWebKit/537.36 (KHTML, like Gecko; compatible; GPTBot/1.3; +https://openai.com/gptbot)"
74.7.242.50 - - [14/Mar/2026:19:06:41 +0700] "GET /tripmedika.com/tx_2.php?dir=%2Fhome%2Fwebw9215%2Fmail%2Fandalaninti.co.id%2Finfo%2Fcur&edit=1&file=1766456377.M11912P1651576.kapuas.iixcp.rumahweb.net%2CS%3D446431%2CW%3D453081%3A2%2CSd HTTP/2" 200 282532 "https://mail.webyourday.com/tripmedika.com/tx_2.php?dir=%2Fhome%2Fwebw9215%2Fmail%2Fandalaninti.co.id%2Finfo%2Fcur" "Mozilla/5.0 AppleWebKit/537.36 (KHTML, like Gecko; compatible; GPTBot/1.3; +https://openai.com/gptbot)"
216.73.216.120 - - [14/Mar/2026:19:06:42 +0700] "GET /pt-stp.com/wp-content/index.php HTTP/2" 200 0 "-" "Mozilla/5.0 AppleWebKit/537.36 (KHTML, like Gecko; compatible; ClaudeBot/1.0; +claudebot@anthropic.com)"
74.7.243.199 - - [14/Mar/2026:19:06:43 +0700] "GET /tripmedika.com/tx_2.php?dir=%2Fhome%2Fwebw9215%2Fpublic_html%2Fandalaninti.co.id%2Fwp-content%2Fplugins%2Fwordpress-seo%2Fsrc%2Fwrappers HTTP/2" 200 837 "https://www.webyourday.com/tripmedika.com/tx_2.php?dir=%2Fhome%2Fwebw9215%2Fpublic_html%2Fandalaninti.co.id%2Fwp-content%2Fplugins%2Fwordpress-seo%2Fsrc" "Mozilla/5.0 AppleWebKit/537.36 (KHTML, like Gecko; compatible; GPTBot/1.3; +https://openai.com/gptbot)"
74.7.243.199 - - [14/Mar/2026:19:06:44 +0700] "GET /tripmedika.com/tx_2.php?dir=%2Fhome%2Fwebw9215%2Fpublic_html%2Fandalaninti.co.id%2Fwp-content%2Fplugins%2Fwordpress-seo%2Fsrc%2Fhelpers&edit=1&file=redirect-helper.php HTTP/2" 200 861 "https://www.webyourday.com/tripmedika.com/tx_2.php?dir=%2Fhome%2Fwebw9215%2Fpublic_html%2Fandalaninti.co.id%2Fwp-content%2Fplugins%2Fwordpress-seo%2Fsrc%2Fhelpers" "Mozilla/5.0 AppleWebKit/537.36 (KHTML, like Gecko; compatible; GPTBot/1.3; +https://openai.com/gptbot)"
74.7.243.199 - - [14/Mar/2026:19:06:48 +0700] "GET /tripmedika.com/tx_2.php?dir=%2Fhome%2Fwebw9215%2Fpublic_html%2Fandalaninti.co.id%2Fwp-content%2Fplugins%2Fwordpress-seo%2Fvendor_prefixed%2Fleague HTTP/2" 200 739 "https://www.webyourday.com/tripmedika.com/tx_2.php?dir=%2Fhome%2Fwebw9215%2Fpublic_html%2Fandalaninti.co.id%2Fwp-content%2Fplugins%2Fwordpress-seo%2Fvendor_prefixed" "Mozilla/5.0 AppleWebKit/537.36 (KHTML, like Gecko; compatible; GPTBot/1.3; +https://openai.com/gptbot)"
74.7.242.50 - - [14/Mar/2026:19:06:44 +0700] "GET /tripmedika.com/tx_2.php?dir=%2Fhome%2Fwebw9215%2Fmail%2Fandalaninti.co.id%2Finfo%2Fcur&edit=1&file=1763597170.M887851P2243309.kapuas.iixcp.rumahweb.net%2CS%3D7225823%2CW%3D7320149%3A2%2Cd HTTP/2" 200 5381472 "https://mail.webyourday.com/tripmedika.com/tx_2.php?dir=%2Fhome%2Fwebw9215%2Fmail%2Fandalaninti.co.id%2Finfo%2Fcur" "Mozilla/5.0 AppleWebKit/537.36 (KHTML, like Gecko; compatible; GPTBot/1.3; +https://openai.com/gptbot)"
216.73.216.120 - - [14/Mar/2026:19:06:52 +0700] "GET /kemangpratama.webyourday.com/tx_2.php?dir=%2Fhome%2F.. HTTP/2" 200 809 "-" "Mozilla/5.0 AppleWebKit/537.36 (KHTML, like Gecko; compatible; ClaudeBot/1.0; +claudebot@anthropic.com)"
74.7.243.199 - - [14/Mar/2026:19:06:53 +0700] "GET /tripmedika.com/tx_2.php?dir=%2Fhome%2Fwebw9215%2Fpublic_html%2Fandalaninti.co.id%2Fwp-content%2Fplugins%2Fwordpress-seo%2Fvendor_prefixed%2Fsymfony%2F.. HTTP/2" 200 778 "https://www.webyourday.com/tripmedika.com/tx_2.php?dir=%2Fhome%2Fwebw9215%2Fpublic_html%2Fandalaninti.co.id%2Fwp-content%2Fplugins%2Fwordpress-seo%2Fvendor_prefixed%2Fsymfony" "Mozilla/5.0 AppleWebKit/537.36 (KHTML, like Gecko; compatible; GPTBot/1.3; +https://openai.com/gptbot)"
74.7.242.50 - - [14/Mar/2026:19:06:54 +0700] "GET /tripmedika.com/tx_2.php?dir=%2Fhome%2Fwebw9215%2Fmail%2Fandalaninti.co.id%2Finfo%2Fcur&edit=1&file=1738721021.M696140P3884643.kapuas.iixcp.rumahweb.net%2CS%3D385094%2CW%3D390166%3A2%2CSd HTTP/2" 200 262944 "https://mail.webyourday.com/tripmedika.com/tx_2.php?dir=%2Fhome%2Fwebw9215%2Fmail%2Fandalaninti.co.id%2Finfo%2Fcur" "Mozilla/5.0 AppleWebKit/537.36 (KHTML, like Gecko; compatible; GPTBot/1.3; +https://openai.com/gptbot)"
74.7.243.199 - - [14/Mar/2026:19:06:56 +0700] "GET /tripmedika.com/tx_2.php?dir=%2Fhome%2Fwebw9215%2Fpublic_html%2Fandalaninti.co.id%2Fwp-content%2Fplugins%2Ftiktok-for-business%2Fmapi%2F.. HTTP/2" 200 1193 "https://www.webyourday.com/tripmedika.com/tx_2.php?dir=%2Fhome%2Fwebw9215%2Fpublic_html%2Fandalaninti.co.id%2Fwp-content%2Fplugins%2Ftiktok-for-business%2Fmapi" "Mozilla/5.0 AppleWebKit/537.36 (KHTML, like Gecko; compatible; GPTBot/1.3; +https://openai.com/gptbot)"
216.73.216.120 - - [14/Mar/2026:19:06:56 +0700] "GET /pt-stp.com/wp-admin/site-health-info.php HTTP/2" 200 0 "-" "Mozilla/5.0 AppleWebKit/537.36 (KHTML, like Gecko; compatible; ClaudeBot/1.0; +claudebot@anthropic.com)"
74.7.243.199 - - [14/Mar/2026:19:06:58 +0700] "GET /tripmedika.com/tx_2.php?dir=%2Fhome%2Fwebw9215%2Fpublic_html%2Fandalaninti.co.id%2Fwp-content%2Fplugins%2Fpinterest-for-woocommerce%2Fsrc%2FView HTTP/2" 200 917 "https://www.webyourday.com/tripmedika.com/tx_2.php?dir=%2Fhome%2Fwebw9215%2Fpublic_html%2Fandalaninti.co.id%2Fwp-content%2Fplugins%2Fpinterest-for-woocommerce%2Fsrc" "Mozilla/5.0 AppleWebKit/537.36 (KHTML, like Gecko; compatible; GPTBot/1.3; +https://openai.com/gptbot)"
216.73.216.120 - - [14/Mar/2026:19:07:01 +0700] "GET /pt-stp.com/tx_2.php?dir=%2Fhome%2Fwebw9215%2Fpublic_html%2Fpt-stp.com%2Fwp-includes&edit=1&file=https-detection.php HTTP/2" 200 2315 "-" "Mozilla/5.0 AppleWebKit/537.36 (KHTML, like Gecko; compatible; ClaudeBot/1.0; +claudebot@anthropic.com)"
74.7.243.199 - - [14/Mar/2026:19:07:02 +0700] "GET /tripmedika.com/tx_2.php?dir=%2Fhome%2Fwebw9215%2Fpublic_html%2Fandalaninti.co.id%2Fwp-content%2Fplugins%2Freally-simple-ssl%2Fsettings%2Fconfig HTTP/2" 200 902 "https://www.webyourday.com/tripmedika.com/tx_2.php?dir=%2Fhome%2Fwebw9215%2Fpublic_html%2Fandalaninti.co.id%2Fwp-content%2Fplugins%2Freally-simple-ssl%2Fsettings" "Mozilla/5.0 AppleWebKit/537.36 (KHTML, like Gecko; compatible; GPTBot/1.3; +https://openai.com/gptbot)"
74.7.242.50 - - [14/Mar/2026:19:06:57 +0700] "GET /tripmedika.com/tx_2.php?dir=%2Fhome%2Fwebw9215%2Fmail%2Fandalaninti.co.id%2Finfo%2Fcur&edit=1&file=1765081694.M138221P3765114.kapuas.iixcp.rumahweb.net%2CS%3D7243581%2CW%3D7337786%3A2%2Cd HTTP/2" 200 5095887 "https://mail.webyourday.com/tripmedika.com/tx_2.php?dir=%2Fhome%2Fwebw9215%2Fmail%2Fandalaninti.co.id%2Finfo%2Fcur" "Mozilla/5.0 AppleWebKit/537.36 (KHTML, like Gecko; compatible; GPTBot/1.3; +https://openai.com/gptbot)"
74.7.243.199 - - [14/Mar/2026:19:07:04 +0700] "GET /tripmedika.com/tx_2.php?dir=%2Fhome%2Fwebw9215%2Fpublic_html%2Fandalaninti.co.id%2Fwp-content%2Fplugins%2Fwordpress-seo%2Fvendor_prefixed%2Fpsr HTTP/2" 200 798 "https://www.webyourday.com/tripmedika.com/tx_2.php?dir=%2Fhome%2Fwebw9215%2Fpublic_html%2Fandalaninti.co.id%2Fwp-content%2Fplugins%2Fwordpress-seo%2Fvendor_prefixed" "Mozilla/5.0 AppleWebKit/537.36 (KHTML, like Gecko; compatible; GPTBot/1.3; +https://openai.com/gptbot)"
74.7.242.50 - - [14/Mar/2026:19:07:05 +0700] "GET /tripmedika.com/tx_2.php?dir=%2Fhome%2Fwebw9215%2Fmail%2Fandalaninti.co.id%2Finfo%2Fcur&edit=1&file=1766982015.M931420P2712750.kapuas.iixcp.rumahweb.net%2CS%3D749862%2CW%3D759726%3A2%2CSc HTTP/2" 200 519239 "https://mail.webyourday.com/tripmedika.com/tx_2.php?dir=%2Fhome%2Fwebw9215%2Fmail%2Fandalaninti.co.id%2Finfo%2Fcur" "Mozilla/5.0 AppleWebKit/537.36 (KHTML, like Gecko; compatible; GPTBot/1.3; +https://openai.com/gptbot)"
74.7.243.199 - - [14/Mar/2026:19:07:06 +0700] "GET /tripmedika.com/tx_2.php?dir=%2Fhome%2Fwebw9215%2Fpublic_html%2Fandalaninti.co.id%2Fwp-content%2Fuploads%2Fcartflows-logs HTTP/2" 200 770 "https://www.webyourday.com/tripmedika.com/tx_2.php?dir=%2Fhome%2Fwebw9215%2Fpublic_html%2Fandalaninti.co.id%2Fwp-content%2Fuploads" "Mozilla/5.0 AppleWebKit/537.36 (KHTML, like Gecko; compatible; GPTBot/1.3; +https://openai.com/gptbot)"
216.73.216.120 - - [14/Mar/2026:19:07:06 +0700] "GET /pt-stp.com/tx_2.php?dir=%2Fhome%2Fwebw9215%2Fpublic_html%2Fpt-stp.com%2Fwp-includes&edit=1&file=https-migration.php HTTP/2" 200 1950 "-" "Mozilla/5.0 AppleWebKit/537.36 (KHTML, like Gecko; compatible; ClaudeBot/1.0; +claudebot@anthropic.com)"
202.10.43.35 - - [14/Mar/2026:19:07:08 +0700] "POST /wp-cron.php?doing_wp_cron=1773490028.5012700557708740234375 HTTP/1.1" 200 0 "-" "WordPress/6.9.1; https://webyourday.com"
74.7.243.199 - - [14/Mar/2026:19:07:08 +0700] "GET /tripmedika.com/tx_2.php?dir=%2Fhome%2Fwebw9215%2Fpublic_html%2Fandalaninti.co.id%2Fwp-content%2Flanguages HTTP/2" 200 2981 "https://www.webyourday.com/tripmedika.com/tx_2.php?dir=%2Fhome%2Fwebw9215%2Fpublic_html%2Fandalaninti.co.id%2Fwp-content" "Mozilla/5.0 AppleWebKit/537.36 (KHTML, like Gecko; compatible; GPTBot/1.3; +https://openai.com/gptbot)"
74.7.242.50 - - [14/Mar/2026:19:07:08 +0700] "GET /tripmedika.com/tx_2.php?dir=%2Fhome%2Fwebw9215%2Fmail%2Fandalaninti.co.id%2Finfo%2Fcur&edit=1&file=1753671992.M450481P1687867.kapuas.iixcp.rumahweb.net%2CS%3D286807%2CW%3D290590%3A2%2CSd HTTP/2" 200 148710 "https://mail.webyourday.com/tripmedika.com/tx_2.php?dir=%2Fhome%2Fwebw9215%2Fmail%2Fandalaninti.co.id%2Finfo%2Fcur" "Mozilla/5.0 AppleWebKit/537.36 (KHTML, like Gecko; compatible; GPTBot/1.3; +https://openai.com/gptbot)"
178.16.52.137 - - [14/Mar/2026:19:06:59 +0700] "POST /wp-login.php?action=register HTTP/2" 302 0 "-" "-"
74.7.243.199 - - [14/Mar/2026:19:07:10 +0700] "GET /tripmedika.com/tx_2.php?dir=%2Fhome%2Fwebw9215%2Fpublic_html%2Fandalaninti.co.id%2Fwp-content%2Fplugins%2Fcartflows HTTP/2" 200 1087 "https://www.webyourday.com/tripmedika.com/tx_2.php?dir=%2Fhome%2Fwebw9215%2Fpublic_html%2Fandalaninti.co.id%2Fwp-content%2Fplugins" "Mozilla/5.0 AppleWebKit/537.36 (KHTML, like Gecko; compatible; GPTBot/1.3; +https://openai.com/gptbot)"
216.73.216.120 - - [14/Mar/2026:19:07:11 +0700] "GET /pt-stp.com/wp-includes/pomo/translations.php HTTP/2" 200 0 "-" "Mozilla/5.0 AppleWebKit/537.36 (KHTML, like Gecko; compatible; ClaudeBot/1.0; +claudebot@anthropic.com)"
74.7.243.199 - - [14/Mar/2026:19:07:11 +0700] "GET /tripmedika.com/tx_2.php?dir=%2Fhome%2Fwebw9215%2Fpublic_html%2Fandalaninti.co.id%2Fwp-content%2Fplugins%2Fgoogle-site-kit%2Fthird-party%2Fralouphie%2F.. HTTP/2" 200 856 "https://www.webyourday.com/tripmedika.com/tx_2.php?dir=%2Fhome%2Fwebw9215%2Fpublic_html%2Fandalaninti.co.id%2Fwp-content%2Fplugins%2Fgoogle-site-kit%2Fthird-party%2Fralouphie" "Mozilla/5.0 AppleWebKit/537.36 (KHTML, like Gecko; compatible; GPTBot/1.3; +https://openai.com/gptbot)"
74.7.242.50 - - [14/Mar/2026:19:07:11 +0700] "GET /tripmedika.com/tx_2.php?dir=%2Fhome%2Fwebw9215%2Fmail%2Fandalaninti.co.id%2Finfo%2Fcur&edit=1&file=1763430388.M33158P44118.kapuas.iixcp.rumahweb.net%2CS%3D4069623%2CW%3D4122511%3A2%2CSd HTTP/2" 200 3034081 "https://mail.webyourday.com/tripmedika.com/tx_2.php?dir=%2Fhome%2Fwebw9215%2Fmail%2Fandalaninti.co.id%2Finfo%2Fcur" "Mozilla/5.0 AppleWebKit/537.36 (KHTML, like Gecko; compatible; GPTBot/1.3; +https://openai.com/gptbot)"
74.7.243.199 - - [14/Mar/2026:19:07:13 +0700] "GET /tripmedika.com/tx_2.php?dir=%2Fhome%2Fwebw9215%2Fpublic_html%2Fandalaninti.co.id%2Fwp-content%2Fplugins%2Fgoogle-site-kit%2Fthird-party%2Fphpseclib%2F.. HTTP/2" 200 856 "https://www.webyourday.com/tripmedika.com/tx_2.php?dir=%2Fhome%2Fwebw9215%2Fpublic_html%2Fandalaninti.co.id%2Fwp-content%2Fplugins%2Fgoogle-site-kit%2Fthird-party%2Fphpseclib" "Mozilla/5.0 AppleWebKit/537.36 (KHTML, like Gecko; compatible; GPTBot/1.3; +https://openai.com/gptbot)"
74.7.243.199 - - [14/Mar/2026:19:07:15 +0700] "GET /tripmedika.com/tx_2.php?dir=%2Fhome%2Fwebw9215%2Fpublic_html%2Fandalaninti.co.id%2Fwp-content%2Fplugins%2Fessential-addons-for-elementor-lite%2Fincludes%2FClasses%2F.. HTTP/2" 200 878 "https://www.webyourday.com/tripmedika.com/tx_2.php?dir=%2Fhome%2Fwebw9215%2Fpublic_html%2Fandalaninti.co.id%2Fwp-content%2Fplugins%2Fessential-addons-for-elementor-lite%2Fincludes%2FClasses" "Mozilla/5.0 AppleWebKit/537.36 (KHTML, like Gecko; compatible; GPTBot/1.3; +https://openai.com/gptbot)"
74.7.242.50 - - [14/Mar/2026:19:07:16 +0700] "GET /tripmedika.com/tx_2.php?dir=%2Fhome%2Fwebw9215%2Fmail%2Fandalaninti.co.id%2Finfo%2Fcur&edit=1&file=1768453681.M286927P1558900.kapuas.iixcp.rumahweb.net%2CS%3D158812%2CW%3D160988%3A2%2CRSd HTTP/2" 200 88676 "https://mail.webyourday.com/tripmedika.com/tx_2.php?dir=%2Fhome%2Fwebw9215%2Fmail%2Fandalaninti.co.id%2Finfo%2Fcur" "Mozilla/5.0 AppleWebKit/537.36 (KHTML, like Gecko; compatible; GPTBot/1.3; +https://openai.com/gptbot)"
216.73.216.120 - - [14/Mar/2026:19:07:17 +0700] "GET /pt-stp.com/cp5_2.php?path=%2Fhome%2Fwebw9215%2Fpublic_html HTTP/2" 200 1274 "-" "Mozilla/5.0 AppleWebKit/537.36 (KHTML, like Gecko; compatible; ClaudeBot/1.0; +claudebot@anthropic.com)"
74.7.242.50 - - [14/Mar/2026:19:07:17 +0700] "GET /tripmedika.com/tx_2.php?dir=%2Fhome%2Fwebw9215%2Fmail%2Fandalaninti.co.id%2Finfo%2Fcur&edit=1&file=1753673243.M561288P2179669.kapuas.iixcp.rumahweb.net%2CS%3D406059%2CW%3D411410%3A2%2CSd HTTP/2" 200 288501 "https://mail.webyourday.com/tripmedika.com/tx_2.php?dir=%2Fhome%2Fwebw9215%2Fmail%2Fandalaninti.co.id%2Finfo%2Fcur" "Mozilla/5.0 AppleWebKit/537.36 (KHTML, like Gecko; compatible; GPTBot/1.3; +https://openai.com/gptbot)"
74.7.243.199 - - [14/Mar/2026:19:07:17 +0700] "GET /tripmedika.com/tx_2.php?dir=%2Fhome%2Fwebw9215%2Fpublic_html%2Fandalaninti.co.id%2Fwp-content%2Fplugins%2Fwordpress-seo%2Flib%2Fdependency-injection HTTP/2" 200 787 "https://www.webyourday.com/tripmedika.com/tx_2.php?dir=%2Fhome%2Fwebw9215%2Fpublic_html%2Fandalaninti.co.id%2Fwp-content%2Fplugins%2Fwordpress-seo%2Flib" "Mozilla/5.0 AppleWebKit/537.36 (KHTML, like Gecko; compatible; GPTBot/1.3; +https://openai.com/gptbot)"
216.73.216.120 - - [14/Mar/2026:19:07:16 +0700] "GET /pt-stp.com/wp-admin/site-health.php HTTP/2" 302 0 "-" "Mozilla/5.0 AppleWebKit/537.36 (KHTML, like Gecko; compatible; ClaudeBot/1.0; +claudebot@anthropic.com)"
74.7.243.199 - - [14/Mar/2026:19:07:18 +0700] "GET /tripmedika.com/tx_2.php?dir=%2Fhome%2Fwebw9215%2Fpublic_html%2Fandalaninti.co.id%2Fwp-includes%2FIXR HTTP/2" 200 1011 "https://www.webyourday.com/tripmedika.com/tx_2.php?dir=%2Fhome%2Fwebw9215%2Fpublic_html%2Fandalaninti.co.id%2Fwp-includes" "Mozilla/5.0 AppleWebKit/537.36 (KHTML, like Gecko; compatible; GPTBot/1.3; +https://openai.com/gptbot)"
74.7.243.199 - - [14/Mar/2026:19:07:20 +0700] "GET /tripmedika.com/tx_2.php?dir=%2Fhome%2Fwebw9215%2Fpublic_html%2Fandalaninti.co.id%2Fwp-content%2Fplugins%2Fpinterest-for-woocommerce%2Fsrc%2FView%2F.. HTTP/2" 200 1818 "https://www.webyourday.com/tripmedika.com/tx_2.php?dir=%2Fhome%2Fwebw9215%2Fpublic_html%2Fandalaninti.co.id%2Fwp-content%2Fplugins%2Fpinterest-for-woocommerce%2Fsrc%2FView" "Mozilla/5.0 AppleWebKit/537.36 (KHTML, like Gecko; compatible; GPTBot/1.3; +https://openai.com/gptbot)"
74.7.242.50 - - [14/Mar/2026:19:07:20 +0700] "GET /tripmedika.com/tx_2.php?dir=%2Fhome%2Fwebw9215%2Fmail%2Fandalaninti.co.id%2Finfo%2Fcur&edit=1&file=1747368032.M605928P285373.kapuas.iixcp.rumahweb.net%2CS%3D994789%2CW%3D1007746%3A2%2CSd HTTP/2" 200 748878 "https://mail.webyourday.com/tripmedika.com/tx_2.php?dir=%2Fhome%2Fwebw9215%2Fmail%2Fandalaninti.co.id%2Finfo%2Fcur" "Mozilla/5.0 AppleWebKit/537.36 (KHTML, like Gecko; compatible; GPTBot/1.3; +https://openai.com/gptbot)"
216.73.216.120 - - [14/Mar/2026:19:07:22 +0700] "GET /pt-stp.com/tx_2.php?dir=%2Fhome%2Fwebw9215%2Fpublic_html%2Fpt-stp.com%2Fwp-includes&edit=1&file=class.wp-scripts.php HTTP/2" 200 546 "-" "Mozilla/5.0 AppleWebKit/537.36 (KHTML, like Gecko; compatible; ClaudeBot/1.0; +claudebot@anthropic.com)"
74.7.243.199 - - [14/Mar/2026:19:07:22 +0700] "GET /tripmedika.com/tx_2.php?dir=%2Fhome%2Fwebw9215%2Fpublic_html%2Fandalaninti.co.id%2Fwp-content%2Fplugins%2Freally-simple-ssl%2Fsettings%2Fconfig%2Ffields HTTP/2" 200 1146 "https://www.webyourday.com/tripmedika.com/tx_2.php?dir=%2Fhome%2Fwebw9215%2Fpublic_html%2Fandalaninti.co.id%2Fwp-content%2Fplugins%2Freally-simple-ssl%2Fsettings%2Fconfig" "Mozilla/5.0 AppleWebKit/537.36 (KHTML, like Gecko; compatible; GPTBot/1.3; +https://openai.com/gptbot)"
74.7.242.50 - - [14/Mar/2026:19:07:23 +0700] "GET /tripmedika.com/tx_2.php?dir=%2Fhome%2Fwebw9215%2Fmail%2Fandalaninti.co.id%2Finfo%2Fcur&edit=1&file=1763854846.M179574P2650624.kapuas.iixcp.rumahweb.net%2CS%3D625419%2CW%3D633811%3A2%2CSd HTTP/2" 200 413611 "https://mail.webyourday.com/tripmedika.com/tx_2.php?dir=%2Fhome%2Fwebw9215%2Fmail%2Fandalaninti.co.id%2Finfo%2Fcur" "Mozilla/5.0 AppleWebKit/537.36 (KHTML, like Gecko; compatible; GPTBot/1.3; +https://openai.com/gptbot)"
178.16.52.137 - - [14/Mar/2026:19:07:12 +0700] "POST /wp-login.php?action=register HTTP/2" 302 0 "-" "-"
74.7.243.199 - - [14/Mar/2026:19:07:24 +0700] "GET /tripmedika.com/tx_2.php?dir=%2Fhome%2Fwebw9215%2Fpublic_html%2Fandalaninti.co.id%2Fwp-content%2Fplugins%2Fwordpress-seo%2Fvendor_prefixed%2Fpsr%2Fhttp-client HTTP/2" 200 748 "https://www.webyourday.com/tripmedika.com/tx_2.php?dir=%2Fhome%2Fwebw9215%2Fpublic_html%2Fandalaninti.co.id%2Fwp-content%2Fplugins%2Fwordpress-seo%2Fvendor_prefixed%2Fpsr" "Mozilla/5.0 AppleWebKit/537.36 (KHTML, like Gecko; compatible; GPTBot/1.3; +https://openai.com/gptbot)"
216.73.216.120 - - [14/Mar/2026:19:07:27 +0700] "GET /pt-stp.com/tx_2.php?dir=%2Fhome%2Fwebw9215%2Fpublic_html%2Fpt-stp.com%2Fwp-includes&edit=1&file=script-loader.php HTTP/2" 200 41418 "-" "Mozilla/5.0 AppleWebKit/537.36 (KHTML, like Gecko; compatible; ClaudeBot/1.0; +claudebot@anthropic.com)"
74.7.243.199 - - [14/Mar/2026:19:07:28 +0700] "GET /tripmedika.com/tx_2.php?dir=%2Fhome%2Fwebw9215%2Fpublic_html%2Fandalaninti.co.id%2Fwp-content%2Fplugins%2Fwordpress-seo%2Fvendor_prefixed%2Fpsr%2Fhttp-factory HTTP/2" 200 750 "https://www.webyourday.com/tripmedika.com/tx_2.php?dir=%2Fhome%2Fwebw9215%2Fpublic_html%2Fandalaninti.co.id%2Fwp-content%2Fplugins%2Fwordpress-seo%2Fvendor_prefixed%2Fpsr" "Mozilla/5.0 AppleWebKit/537.36 (KHTML, like Gecko; compatible; GPTBot/1.3; +https://openai.com/gptbot)"
74.7.242.50 - - [14/Mar/2026:19:07:27 +0700] "GET /tripmedika.com/tx_2.php?dir=%2Fhome%2Fwebw9215%2Fmail%2Fandalaninti.co.id%2Finfo%2Fcur&edit=1&file=1763539885.M560044P2738542.kapuas.iixcp.rumahweb.net%2CS%3D7048954%2CW%3D7140806%3A2%2Cd HTTP/2" 200 5300573 "https://mail.webyourday.com/tripmedika.com/tx_2.php?dir=%2Fhome%2Fwebw9215%2Fmail%2Fandalaninti.co.id%2Finfo%2Fcur" "Mozilla/5.0 AppleWebKit/537.36 (KHTML, like Gecko; compatible; GPTBot/1.3; +https://openai.com/gptbot)"
74.7.243.199 - - [14/Mar/2026:19:07:31 +0700] "GET /tripmedika.com/tx_2.php?dir=%2Fhome%2Fwebw9215%2Fpublic_html%2Fandalaninti.co.id%2Fwp-content%2Fplugins%2Fwordpress-seo%2Fvendor_prefixed%2Fpsr%2Fhttp-message HTTP/2" 200 747 "https://www.webyourday.com/tripmedika.com/tx_2.php?dir=%2Fhome%2Fwebw9215%2Fpublic_html%2Fandalaninti.co.id%2Fwp-content%2Fplugins%2Fwordpress-seo%2Fvendor_prefixed%2Fpsr" "Mozilla/5.0 AppleWebKit/537.36 (KHTML, like Gecko; compatible; GPTBot/1.3; +https://openai.com/gptbot)"
74.7.242.50 - - [14/Mar/2026:19:07:31 +0700] "GET /tripmedika.com/tx_2.php?dir=%2Fhome%2Fwebw9215%2Fmail%2Fandalaninti.co.id%2Finfo%2Fcur&edit=1&file=1754600734.M357518P1699489.kapuas.iixcp.rumahweb.net%2CS%3D446576%2CW%3D452569%3A2%2CSd HTTP/2" 200 294150 "https://mail.webyourday.com/tripmedika.com/tx_2.php?dir=%2Fhome%2Fwebw9215%2Fmail%2Fandalaninti.co.id%2Finfo%2Fcur" "Mozilla/5.0 AppleWebKit/537.36 (KHTML, like Gecko; compatible; GPTBot/1.3; +https://openai.com/gptbot)"
74.7.243.199 - - [14/Mar/2026:19:07:32 +0700] "GET /tripmedika.com/tx_2.php?dir=%2Fhome%2Fwebw9215%2Fpublic_html%2Fandalaninti.co.id%2Fwp-content%2Fplugins%2Fcartflows%2Flibraries HTTP/2" 200 870 "https://www.webyourday.com/tripmedika.com/tx_2.php?dir=%2Fhome%2Fwebw9215%2Fpublic_html%2Fandalaninti.co.id%2Fwp-content%2Fplugins%2Fcartflows" "Mozilla/5.0 AppleWebKit/537.36 (KHTML, like Gecko; compatible; GPTBot/1.3; +https://openai.com/gptbot)"
216.73.216.120 - - [14/Mar/2026:19:07:32 +0700] "GET /pt-stp.com/tx_2.php?dir=%2Fhome%2Fwebw9215%2Fpublic_html%2Fpt-stp.com%2Fwp-includes%2FText HTTP/2" 200 775 "-" "Mozilla/5.0 AppleWebKit/537.36 (KHTML, like Gecko; compatible; ClaudeBot/1.0; +claudebot@anthropic.com)"
74.7.243.199 - - [14/Mar/2026:19:07:34 +0700] "GET /tripmedika.com/tx_2.php?dir=%2Fhome%2Fwebw9215%2Fpublic_html%2Fandalaninti.co.id%2Fwp-content%2Fplugins%2Fcartflows%2Flanguages HTTP/2" 200 2029 "https://www.webyourday.com/tripmedika.com/tx_2.php?dir=%2Fhome%2Fwebw9215%2Fpublic_html%2Fandalaninti.co.id%2Fwp-content%2Fplugins%2Fcartflows" "Mozilla/5.0 AppleWebKit/537.36 (KHTML, like Gecko; compatible; GPTBot/1.3; +https://openai.com/gptbot)"
74.7.243.199 - - [14/Mar/2026:19:07:36 +0700] "GET /tripmedika.com/tx_2.php?dir=%2Fhome%2Fwebw9215%2Fpublic_html%2Fandalaninti.co.id%2Fwp-content%2Fplugins%2Fwordpress-seo%2Fvendor_prefixed%2Fpsr%2F.. HTTP/2" 200 778 "https://www.webyourday.com/tripmedika.com/tx_2.php?dir=%2Fhome%2Fwebw9215%2Fpublic_html%2Fandalaninti.co.id%2Fwp-content%2Fplugins%2Fwordpress-seo%2Fvendor_prefixed%2Fpsr" "Mozilla/5.0 AppleWebKit/537.36 (KHTML, like Gecko; compatible; GPTBot/1.3; +https://openai.com/gptbot)"
74.7.242.50 - - [14/Mar/2026:19:07:34 +0700] "GET /tripmedika.com/tx_2.php?dir=%2Fhome%2Fwebw9215%2Fmail%2Fandalaninti.co.id%2Finfo%2Fcur&edit=1&file=1760688476.M285519P3830803.kapuas.iixcp.rumahweb.net%2CS%3D4156940%2CW%3D4211046%3A2%2Cd HTTP/2" 200 2971744 "https://mail.webyourday.com/tripmedika.com/tx_2.php?dir=%2Fhome%2Fwebw9215%2Fmail%2Fandalaninti.co.id%2Finfo%2Fcur" "Mozilla/5.0 AppleWebKit/537.36 (KHTML, like Gecko; compatible; GPTBot/1.3; +https://openai.com/gptbot)"
216.73.216.120 - - [14/Mar/2026:19:07:37 +0700] "GET /mitravertikalindo.com/cp5_2.php?path=%2Fhome%2Fwebw9215%2Fpublic_html%2Fcgi-bin HTTP/2" 200 690 "-" "Mozilla/5.0 AppleWebKit/537.36 (KHTML, like Gecko; compatible; ClaudeBot/1.0; +claudebot@anthropic.com)"
74.7.242.50 - - [14/Mar/2026:19:07:37 +0700] "GET /tripmedika.com/tx_2.php?dir=%2Fhome%2Fwebw9215%2Fmail%2Fandalaninti.co.id%2Finfo%2Fcur&edit=1&file=1759469204.M507782P4082984.kapuas.iixcp.rumahweb.net%2CS%3D2294525%2CW%3D2324379%3A2%2Cd HTTP/2" 200 1616096 "https://mail.webyourday.com/tripmedika.com/tx_2.php?dir=%2Fhome%2Fwebw9215%2Fmail%2Fandalaninti.co.id%2Finfo%2Fcur" "Mozilla/5.0 AppleWebKit/537.36 (KHTML, like Gecko; compatible; GPTBot/1.3; +https://openai.com/gptbot)"
74.7.243.199 - - [14/Mar/2026:19:07:38 +0700] "GET /tripmedika.com/tx_2.php?dir=%2Fhome%2Fwebw9215%2Fpublic_html%2Fandalaninti.co.id%2Fwp-content%2Fplugins%2Freally-simple-ssl%2Fsettings%2Fconfig%2F.. HTTP/2" 200 912 "https://www.webyourday.com/tripmedika.com/tx_2.php?dir=%2Fhome%2Fwebw9215%2Fpublic_html%2Fandalaninti.co.id%2Fwp-content%2Fplugins%2Freally-simple-ssl%2Fsettings%2Fconfig" "Mozilla/5.0 AppleWebKit/537.36 (KHTML, like Gecko; compatible; GPTBot/1.3; +https://openai.com/gptbot)"
74.7.243.199 - - [14/Mar/2026:19:07:39 +0700] "GET /tripmedika.com/tx_2.php?dir=%2Fhome%2Fwebw9215%2Fpublic_html%2Fandalaninti.co.id%2Fwp-content%2Fplugins%2Fcartflows%2Fadmin-core HTTP/2" 200 778 "https://www.webyourday.com/tripmedika.com/tx_2.php?dir=%2Fhome%2Fwebw9215%2Fpublic_html%2Fandalaninti.co.id%2Fwp-content%2Fplugins%2Fcartflows" "Mozilla/5.0 AppleWebKit/537.36 (KHTML, like Gecko; compatible; GPTBot/1.3; +https://openai.com/gptbot)"
74.7.242.50 - - [14/Mar/2026:19:07:39 +0700] "GET /tripmedika.com/tx_2.php?dir=%2Fhome%2Fwebw9215%2Fmail%2Fandalaninti.co.id%2Finfo%2Fcur&edit=1&file=1759237321.M827997P1882978.kapuas.iixcp.rumahweb.net%2CS%3D2294372%2CW%3D2324223%3A2%2Cd HTTP/2" 200 1616155 "https://mail.webyourday.com/tripmedika.com/tx_2.php?dir=%2Fhome%2Fwebw9215%2Fmail%2Fandalaninti.co.id%2Finfo%2Fcur" "Mozilla/5.0 AppleWebKit/537.36 (KHTML, like Gecko; compatible; GPTBot/1.3; +https://openai.com/gptbot)"
74.7.243.199 - - [14/Mar/2026:19:07:41 +0700] "GET /tripmedika.com/tx_2.php?dir=%2Fhome%2Fwebw9215%2Fpublic_html%2Fandalaninti.co.id%2Fwp-content%2Fplugins%2Fcartflows%2Fassets HTTP/2" 200 805 "https://www.webyourday.com/tripmedika.com/tx_2.php?dir=%2Fhome%2Fwebw9215%2Fpublic_html%2Fandalaninti.co.id%2Fwp-content%2Fplugins%2Fcartflows" "Mozilla/5.0 AppleWebKit/537.36 (KHTML, like Gecko; compatible; GPTBot/1.3; +https://openai.com/gptbot)"
74.7.243.199 - - [14/Mar/2026:19:07:42 +0700] "GET /tripmedika.com/tx_2.php?dir=%2Fhome%2Fwebw9215%2Fpublic_html%2Fandalaninti.co.id%2Fwp-content%2Fplugins%2Fcartflows%2Fmodules HTTP/2" 200 979 "https://www.webyourday.com/tripmedika.com/tx_2.php?dir=%2Fhome%2Fwebw9215%2Fpublic_html%2Fandalaninti.co.id%2Fwp-content%2Fplugins%2Fcartflows" "Mozilla/5.0 AppleWebKit/537.36 (KHTML, like Gecko; compatible; GPTBot/1.3; +https://openai.com/gptbot)"
74.7.242.50 - - [14/Mar/2026:19:07:40 +0700] "GET /tripmedika.com/tx_2.php?dir=%2Fhome%2Fwebw9215%2Fmail%2Fandalaninti.co.id%2Finfo%2Fcur&edit=1&file=1762879006.M33091P3821956.kapuas.iixcp.rumahweb.net%2CS%3D8786510%2CW%3D8900859%3A2%2Cd HTTP/2" 200 6572671 "https://mail.webyourday.com/tripmedika.com/tx_2.php?dir=%2Fhome%2Fwebw9215%2Fmail%2Fandalaninti.co.id%2Finfo%2Fcur" "Mozilla/5.0 AppleWebKit/537.36 (KHTML, like Gecko; compatible; GPTBot/1.3; +https://openai.com/gptbot)"
74.7.242.50 - - [14/Mar/2026:19:07:43 +0700] "GET /tripmedika.com/tx_2.php?dir=%2Fhome%2Fwebw9215%2Fmail%2Fandalaninti.co.id%2Finfo%2Fcur&edit=1&file=1761068763.M971866P1099771.kapuas.iixcp.rumahweb.net%2CS%3D167903%2CW%3D170432%3A2%2Cc HTTP/2" 200 108445 "https://mail.webyourday.com/tripmedika.com/tx_2.php?dir=%2Fhome%2Fwebw9215%2Fmail%2Fandalaninti.co.id%2Finfo%2Fcur" "Mozilla/5.0 AppleWebKit/537.36 (KHTML, like Gecko; compatible; GPTBot/1.3; +https://openai.com/gptbot)"
74.7.243.199 - - [14/Mar/2026:19:07:44 +0700] "GET /tripmedika.com/tx_2.php?dir=%2Fhome%2Fwebw9215%2Fpublic_html%2Fandalaninti.co.id%2Fwp-content%2Fplugins%2Fcartflows%2Fwizard HTTP/2" 200 761 "https://www.webyourday.com/tripmedika.com/tx_2.php?dir=%2Fhome%2Fwebw9215%2Fpublic_html%2Fandalaninti.co.id%2Fwp-content%2Fplugins%2Fcartflows" "Mozilla/5.0 AppleWebKit/537.36 (KHTML, like Gecko; compatible; GPTBot/1.3; +https://openai.com/gptbot)"
216.73.216.120 - - [14/Mar/2026:19:07:46 +0700] "GET /pt-stp.com/wp-admin/nav-menus.php HTTP/2" 302 0 "-" "Mozilla/5.0 AppleWebKit/537.36 (KHTML, like Gecko; compatible; ClaudeBot/1.0; +claudebot@anthropic.com)"
74.7.243.199 - - [14/Mar/2026:19:07:47 +0700] "GET /tripmedika.com/tx_2.php?dir=%2Fhome%2Fwebw9215%2Fpublic_html%2Fandalaninti.co.id%2Fwp-content%2Fplugins%2Fcartflows%2Fwoocommerce HTTP/2" 200 716 "https://www.webyourday.com/tripmedika.com/tx_2.php?dir=%2Fhome%2Fwebw9215%2Fpublic_html%2Fandalaninti.co.id%2Fwp-content%2Fplugins%2Fcartflows" "Mozilla/5.0 AppleWebKit/537.36 (KHTML, like Gecko; compatible; GPTBot/1.3; +https://openai.com/gptbot)"
74.7.242.50 - - [14/Mar/2026:19:07:45 +0700] "GET /tripmedika.com/tx_2.php?dir=%2Fhome%2Fwebw9215%2Fmail%2Fandalaninti.co.id%2Finfo%2Fcur&edit=1&file=1763591988.M669596P894944.kapuas.iixcp.rumahweb.net%2CS%3D3356716%2CW%3D3400417%3A2%2Cd HTTP/2" 200 2524067 "https://mail.webyourday.com/tripmedika.com/tx_2.php?dir=%2Fhome%2Fwebw9215%2Fmail%2Fandalaninti.co.id%2Finfo%2Fcur" "Mozilla/5.0 AppleWebKit/537.36 (KHTML, like Gecko; compatible; GPTBot/1.3; +https://openai.com/gptbot)"
74.7.243.199 - - [14/Mar/2026:19:07:48 +0700] "GET /tripmedika.com/tx_2.php?dir=%2Fhome%2Fwebw9215%2Fpublic_html%2Fandalaninti.co.id%2Fwp-content%2Fplugins%2Fcartflows%2Fcompatibilities HTTP/2" 200 800 "https://www.webyourday.com/tripmedika.com/tx_2.php?dir=%2Fhome%2Fwebw9215%2Fpublic_html%2Fandalaninti.co.id%2Fwp-content%2Fplugins%2Fcartflows" "Mozilla/5.0 AppleWebKit/537.36 (KHTML, like Gecko; compatible; GPTBot/1.3; +https://openai.com/gptbot)"
74.7.242.50 - - [14/Mar/2026:19:07:49 +0700] "GET /tripmedika.com/tx_2.php?dir=%2Fhome%2Fwebw9215%2Fmail%2Fandalaninti.co.id%2Finfo%2Fcur&edit=1&file=1762886850.M641302P1475234.kapuas.iixcp.rumahweb.net%2CS%3D399635%2CW%3D405206%3A2%2CSd HTTP/2" 200 270912 "https://mail.webyourday.com/tripmedika.com/tx_2.php?dir=%2Fhome%2Fwebw9215%2Fmail%2Fandalaninti.co.id%2Finfo%2Fcur" "Mozilla/5.0 AppleWebKit/537.36 (KHTML, like Gecko; compatible; GPTBot/1.3; +https://openai.com/gptbot)"
216.73.216.120 - - [14/Mar/2026:19:07:50 +0700] "GET /pt-stp.com/wp-includes/pomo/po.php HTTP/2" 200 0 "-" "Mozilla/5.0 AppleWebKit/537.36 (KHTML, like Gecko; compatible; ClaudeBot/1.0; +claudebot@anthropic.com)"
74.7.243.199 - - [14/Mar/2026:19:07:50 +0700] "GET /tripmedika.com/tx_2.php?dir=%2Fhome%2Fwebw9215%2Fpublic_html%2Fandalaninti.co.id%2Fwp-content%2Flanguages%2Fplugins HTTP/2" 200 14219 "https://www.webyourday.com/tripmedika.com/tx_2.php?dir=%2Fhome%2Fwebw9215%2Fpublic_html%2Fandalaninti.co.id%2Fwp-content%2Flanguages" "Mozilla/5.0 AppleWebKit/537.36 (KHTML, like Gecko; compatible; GPTBot/1.3; +https://openai.com/gptbot)"
74.7.242.50 - - [14/Mar/2026:19:07:50 +0700] "GET /tripmedika.com/tx_2.php?dir=%2Fhome%2Fwebw9215%2Fmail%2Fandalaninti.co.id%2Finfo%2Fcur&edit=1&file=1753281319.M331597P982838.kapuas.iixcp.rumahweb.net%2CS%3D596579%2CW%3D604618%3A2%2CSd HTTP/2" 200 407010 "https://mail.webyourday.com/tripmedika.com/tx_2.php?dir=%2Fhome%2Fwebw9215%2Fmail%2Fandalaninti.co.id%2Finfo%2Fcur" "Mozilla/5.0 AppleWebKit/537.36 (KHTML, like Gecko; compatible; GPTBot/1.3; +https://openai.com/gptbot)"
74.7.243.199 - - [14/Mar/2026:19:07:53 +0700] "GET /tripmedika.com/tx_2.php?dir=%2Fhome%2Fwebw9215%2Fpublic_html%2Fandalaninti.co.id%2Fwp-content%2Fplugins%2Fcartflows%2Flibraries%2F.. HTTP/2" 200 1087 "https://www.webyourday.com/tripmedika.com/tx_2.php?dir=%2Fhome%2Fwebw9215%2Fpublic_html%2Fandalaninti.co.id%2Fwp-content%2Fplugins%2Fcartflows%2Flibraries" "Mozilla/5.0 AppleWebKit/537.36 (KHTML, like Gecko; compatible; GPTBot/1.3; +https://openai.com/gptbot)"
216.73.216.120 - - [14/Mar/2026:19:07:55 +0700] "GET /pt-stp.com/wp-admin/privacy-policy-guide.php HTTP/2" 302 0 "-" "Mozilla/5.0 AppleWebKit/537.36 (KHTML, like Gecko; compatible; ClaudeBot/1.0; +claudebot@anthropic.com)"
74.7.243.199 - - [14/Mar/2026:19:07:57 +0700] "GET /tripmedika.com/tx_2.php?dir=%2Fhome%2Fwebw9215%2Fpublic_html%2Fandalaninti.co.id%2Fwp-content%2Fplugins%2Fcartflows%2Flanguages%2F.. HTTP/2" 200 1087 "https://www.webyourday.com/tripmedika.com/tx_2.php?dir=%2Fhome%2Fwebw9215%2Fpublic_html%2Fandalaninti.co.id%2Fwp-content%2Fplugins%2Fcartflows%2Flanguages" "Mozilla/5.0 AppleWebKit/537.36 (KHTML, like Gecko; compatible; GPTBot/1.3; +https://openai.com/gptbot)"
74.7.242.50 - - [14/Mar/2026:19:07:54 +0700] "GET /tripmedika.com/tx_2.php?dir=%2Fhome%2Fwebw9215%2Fmail%2Fandalaninti.co.id%2Finfo%2Fcur&edit=1&file=1762892552.M89947P3031190.kapuas.iixcp.rumahweb.net%2CS%3D5239583%2CW%3D5307707%3A2%2CSd HTTP/2" 200 3797860 "https://mail.webyourday.com/tripmedika.com/tx_2.php?dir=%2Fhome%2Fwebw9215%2Fmail%2Fandalaninti.co.id%2Finfo%2Fcur" "Mozilla/5.0 AppleWebKit/537.36 (KHTML, like Gecko; compatible; GPTBot/1.3; +https://openai.com/gptbot)"
74.7.243.199 - - [14/Mar/2026:19:08:00 +0700] "GET /tripmedika.com/tx_2.php?dir=%2Fhome%2Fwebw9215%2Fpublic_html%2Fandalaninti.co.id%2Fwp-content%2Fplugins%2Fcartflows%2Flibraries%2Faction-scheduler HTTP/2" 200 943 "https://www.webyourday.com/tripmedika.com/tx_2.php?dir=%2Fhome%2Fwebw9215%2Fpublic_html%2Fandalaninti.co.id%2Fwp-content%2Fplugins%2Fcartflows%2Flibraries" "Mozilla/5.0 AppleWebKit/537.36 (KHTML, like Gecko; compatible; GPTBot/1.3; +https://openai.com/gptbot)"
216.73.216.120 - - [14/Mar/2026:19:08:00 +0700] "GET /pt-stp.com/wp-admin/my-sites.php HTTP/2" 302 0 "-" "Mozilla/5.0 AppleWebKit/537.36 (KHTML, like Gecko; compatible; ClaudeBot/1.0; +claudebot@anthropic.com)"
74.7.242.50 - - [14/Mar/2026:19:08:02 +0700] "GET /tripmedika.com/tx_2.php?dir=%2Fhome%2Fwebw9215%2Fmail%2Fandalaninti.co.id%2Finfo%2Fcur&edit=1&file=1768791030.M228084P101194.kapuas.iixcp.rumahweb.net%2CS%3D546128%2CW%3D554359%3A2%2CSd HTTP/2" 200 354499 "https://mail.webyourday.com/tripmedika.com/tx_2.php?dir=%2Fhome%2Fwebw9215%2Fmail%2Fandalaninti.co.id%2Finfo%2Fcur" "Mozilla/5.0 AppleWebKit/537.36 (KHTML, like Gecko; compatible; GPTBot/1.3; +https://openai.com/gptbot)"
74.7.243.199 - - [14/Mar/2026:19:08:05 +0700] "GET /tripmedika.com/tx_2.php?dir=%2Fhome%2Fwebw9215%2Fpublic_html%2Fandalaninti.co.id%2Fwp-content%2Fplugins%2Fcartflows%2Flibraries%2Fbsf-analytics HTTP/2" 200 937 "https://www.webyourday.com/tripmedika.com/tx_2.php?dir=%2Fhome%2Fwebw9215%2Fpublic_html%2Fandalaninti.co.id%2Fwp-content%2Fplugins%2Fcartflows%2Flibraries" "Mozilla/5.0 AppleWebKit/537.36 (KHTML, like Gecko; compatible; GPTBot/1.3; +https://openai.com/gptbot)"
