216.73.216.120 - - [14/Mar/2026:19:43:18 +0700] "GET /andalaninti.co.id/wp-login.php HTTP/2" 404 12337 "-" "Mozilla/5.0 AppleWebKit/537.36 (KHTML, like Gecko; compatible; ClaudeBot/1.0; +claudebot@anthropic.com)"
216.73.216.120 - - [14/Mar/2026:19:43:20 +0700] "GET /andalaninti.co.id/cp5_2.php HTTP/2" 200 1203 "-" "Mozilla/5.0 AppleWebKit/537.36 (KHTML, like Gecko; compatible; ClaudeBot/1.0; +claudebot@anthropic.com)"
216.73.216.120 - - [14/Mar/2026:19:43:21 +0700] "GET /pallet-lvl.com/readme.txt HTTP/2" 200 215 "-" "Mozilla/5.0 AppleWebKit/537.36 (KHTML, like Gecko; compatible; ClaudeBot/1.0; +claudebot@anthropic.com)"
74.7.242.50 - - [14/Mar/2026:19:43:21 +0700] "GET /tripmedika.com/tx_2.php?dir=%2Fhome%2Fwebw9215%2Fpublic_html%2Fansr.co.id%2Fwp-content%2Fplugins%2Fdownload-monitor%2Fassets%2Fimages%2Fjquery-ui%2F.. HTTP/2" 200 1208 "https://mail.webyourday.com/tripmedika.com/tx_2.php?dir=%2Fhome%2Fwebw9215%2Fpublic_html%2Fansr.co.id%2Fwp-content%2Fplugins%2Fdownload-monitor%2Fassets%2Fimages%2Fjquery-ui" "Mozilla/5.0 AppleWebKit/537.36 (KHTML, like Gecko; compatible; GPTBot/1.3; +https://openai.com/gptbot)"
216.73.216.120 - - [14/Mar/2026:19:43:22 +0700] "GET /webyourday.com/tx_2.php?dir=%2F%2Froot HTTP/2" 200 398 "-" "Mozilla/5.0 AppleWebKit/537.36 (KHTML, like Gecko; compatible; ClaudeBot/1.0; +claudebot@anthropic.com)"
74.7.243.199 - - [14/Mar/2026:19:43:22 +0700] "GET /tripmedika.com/tx_2.php?dir=%2Fhome%2Fwebw9215%2Fpublic_html%2Fandalaninti.co.id%2Fwp-content%2Fplugins%2Felementor%2Fcore%2Feditor%2F.. HTTP/2" 200 1247 "https://www.webyourday.com/tripmedika.com/tx_2.php?dir=%2Fhome%2Fwebw9215%2Fpublic_html%2Fandalaninti.co.id%2Fwp-content%2Fplugins%2Felementor%2Fcore%2Feditor" "Mozilla/5.0 AppleWebKit/537.36 (KHTML, like Gecko; compatible; GPTBot/1.3; +https://openai.com/gptbot)"
216.73.216.120 - - [14/Mar/2026:19:43:22 +0700] "GET /pallet-lvl.com/googlee5778e04a3edd7ae.html HTTP/2" 200 53 "-" "Mozilla/5.0 AppleWebKit/537.36 (KHTML, like Gecko; compatible; ClaudeBot/1.0; +claudebot@anthropic.com)"
216.73.216.120 - - [14/Mar/2026:19:43:23 +0700] "GET /andalaninti.co.id/wp-config.php HTTP/2" 403 1543 "-" "Mozilla/5.0 AppleWebKit/537.36 (KHTML, like Gecko; compatible; ClaudeBot/1.0; +claudebot@anthropic.com)"
216.73.216.120 - - [14/Mar/2026:19:43:17 +0700] "GET /andalaninti.co.id/zo4o.php HTTP/2" 200 0 "-" "Mozilla/5.0 AppleWebKit/537.36 (KHTML, like Gecko; compatible; ClaudeBot/1.0; +claudebot@anthropic.com)"
74.7.242.50 - - [14/Mar/2026:19:43:23 +0700] "GET /tripmedika.com/tx_2.php?dir=%2Fhome%2Fwebw9215%2Fpublic_html%2Fandalaninti.co.id%2Fwp-content%2Fplugins%2Fessential-addons-for-elementor-lite%2Fvendor%2Fpriyomukul%2Fwp-notice%2F.. HTTP/2" 200 745 "https://mail.webyourday.com/tripmedika.com/tx_2.php?dir=%2Fhome%2Fwebw9215%2Fpublic_html%2Fandalaninti.co.id%2Fwp-content%2Fplugins%2Fessential-addons-for-elementor-lite%2Fvendor%2Fpriyomukul%2Fwp-notice" "Mozilla/5.0 AppleWebKit/537.36 (KHTML, like Gecko; compatible; GPTBot/1.3; +https://openai.com/gptbot)"
74.7.243.199 - - [14/Mar/2026:19:43:23 +0700] "GET /tripmedika.com/tx_2.php?dir=%2Fhome%2Fwebw9215%2Fpublic_html%2Fandalaninti.co.id%2Fwp-content%2Fplugins%2Fwoocommerce%2Fsrc%2FCaches HTTP/2" 200 827 "https://www.webyourday.com/tripmedika.com/tx_2.php?dir=%2Fhome%2Fwebw9215%2Fpublic_html%2Fandalaninti.co.id%2Fwp-content%2Fplugins%2Fwoocommerce%2Fsrc" "Mozilla/5.0 AppleWebKit/537.36 (KHTML, like Gecko; compatible; GPTBot/1.3; +https://openai.com/gptbot)"
216.73.216.120 - - [14/Mar/2026:19:43:23 +0700] "GET /webyourday.com/tx_2.php?dir=%2F%2Ftmp HTTP/2" 200 1563171 "-" "Mozilla/5.0 AppleWebKit/537.36 (KHTML, like Gecko; compatible; ClaudeBot/1.0; +claudebot@anthropic.com)"
216.73.216.120 - - [14/Mar/2026:19:43:24 +0700] "GET /andalaninti.co.id/wp-mail.php HTTP/2" 403 942 "-" "Mozilla/5.0 AppleWebKit/537.36 (KHTML, like Gecko; compatible; ClaudeBot/1.0; +claudebot@anthropic.com)"
74.7.242.50 - - [14/Mar/2026:19:43:26 +0700] "GET /tripmedika.com/tx_2.php?dir=%2Fhome%2Fwebw9215%2Fpublic_html%2Fandalaninti.co.id%2Fwp-content%2Fplugins%2Fessential-addons-for-elementor-lite%2Fincludes%2FTemplate%2FPost-Grid%2F.. HTTP/2" 200 1032 "https://mail.webyourday.com/tripmedika.com/tx_2.php?dir=%2Fhome%2Fwebw9215%2Fpublic_html%2Fandalaninti.co.id%2Fwp-content%2Fplugins%2Fessential-addons-for-elementor-lite%2Fincludes%2FTemplate%2FPost-Grid" "Mozilla/5.0 AppleWebKit/537.36 (KHTML, like Gecko; compatible; GPTBot/1.3; +https://openai.com/gptbot)"
74.7.243.199 - - [14/Mar/2026:19:43:26 +0700] "GET /tripmedika.com/tx_2.php?dir=%2Fhome%2Fwebw9215%2Fpublic_html%2Fandalaninti.co.id%2Fwp-content%2Fplugins%2Fwoocommerce%2Fsrc%2FCaching HTTP/2" 200 913 "https://www.webyourday.com/tripmedika.com/tx_2.php?dir=%2Fhome%2Fwebw9215%2Fpublic_html%2Fandalaninti.co.id%2Fwp-content%2Fplugins%2Fwoocommerce%2Fsrc" "Mozilla/5.0 AppleWebKit/537.36 (KHTML, like Gecko; compatible; GPTBot/1.3; +https://openai.com/gptbot)"
216.73.216.120 - - [14/Mar/2026:19:43:26 +0700] "GET /andalaninti.co.id/wp-cron.php HTTP/2" 200 0 "-" "Mozilla/5.0 AppleWebKit/537.36 (KHTML, like Gecko; compatible; ClaudeBot/1.0; +claudebot@anthropic.com)"
216.73.216.120 - - [14/Mar/2026:19:43:27 +0700] "GET /wp-admin/site-health-info.php HTTP/2" 200 0 "-" "Mozilla/5.0 AppleWebKit/537.36 (KHTML, like Gecko; compatible; ClaudeBot/1.0; +claudebot@anthropic.com)"
216.73.216.120 - - [14/Mar/2026:19:43:28 +0700] "GET /wp-includes/css/dist/nux/style-rtl.min.css HTTP/2" 200 544 "-" "Mozilla/5.0 AppleWebKit/537.36 (KHTML, like Gecko; compatible; ClaudeBot/1.0; +claudebot@anthropic.com)"
74.7.242.50 - - [14/Mar/2026:19:43:28 +0700] "GET /tripmedika.com/tx_2.php?dir=%2Fhome%2Fwebw9215%2Fpublic_html%2Fandalaninti.co.id%2Fwp-content%2Fplugins%2Fpinterest-for-woocommerce%2Fsrc%2FAdmin%2FTasks%2F.. HTTP/2" 200 865 "https://mail.webyourday.com/tripmedika.com/tx_2.php?dir=%2Fhome%2Fwebw9215%2Fpublic_html%2Fandalaninti.co.id%2Fwp-content%2Fplugins%2Fpinterest-for-woocommerce%2Fsrc%2FAdmin%2FTasks" "Mozilla/5.0 AppleWebKit/537.36 (KHTML, like Gecko; compatible; GPTBot/1.3; +https://openai.com/gptbot)"
74.7.243.199 - - [14/Mar/2026:19:43:28 +0700] "GET /tripmedika.com/tx_2.php?dir=%2Fhome%2Fwebw9215%2Fpublic_html%2Fandalaninti.co.id%2Fwp-content%2Fplugins%2Fwoocommerce%2Fsrc%2FProxies HTTP/2" 200 804 "https://www.webyourday.com/tripmedika.com/tx_2.php?dir=%2Fhome%2Fwebw9215%2Fpublic_html%2Fandalaninti.co.id%2Fwp-content%2Fplugins%2Fwoocommerce%2Fsrc" "Mozilla/5.0 AppleWebKit/537.36 (KHTML, like Gecko; compatible; GPTBot/1.3; +https://openai.com/gptbot)"
216.73.216.120 - - [14/Mar/2026:19:43:27 +0700] "GET /ansr.co.id/wp-links-opml.php HTTP/2" 200 167 "-" "Mozilla/5.0 AppleWebKit/537.36 (KHTML, like Gecko; compatible; ClaudeBot/1.0; +claudebot@anthropic.com)"
216.73.216.120 - - [14/Mar/2026:19:43:29 +0700] "GET /pallet-lvl.com/robots.txt HTTP/2" 200 135 "-" "Mozilla/5.0 AppleWebKit/537.36 (KHTML, like Gecko; compatible; ClaudeBot/1.0; +claudebot@anthropic.com)"
216.73.216.120 - - [14/Mar/2026:19:43:30 +0700] "GET /wp-includes/css/dist/list-reusable-blocks/style-rtl.css HTTP/2" 200 960 "-" "Mozilla/5.0 AppleWebKit/537.36 (KHTML, like Gecko; compatible; ClaudeBot/1.0; +claudebot@anthropic.com)"
216.73.216.120 - - [14/Mar/2026:19:43:28 +0700] "GET /andalaninti.co.id/index.php HTTP/2" 301 0 "-" "Mozilla/5.0 AppleWebKit/537.36 (KHTML, like Gecko; compatible; ClaudeBot/1.0; +claudebot@anthropic.com)"
216.73.216.120 - - [14/Mar/2026:19:43:30 +0700] "GET /webyourday.com/tx_2.php?dir=%2F%2Fdev HTTP/2" 200 839 "-" "Mozilla/5.0 AppleWebKit/537.36 (KHTML, like Gecko; compatible; ClaudeBot/1.0; +claudebot@anthropic.com)"
216.73.216.120 - - [14/Mar/2026:19:43:31 +0700] "GET /wp-includes/css/dist/reusable-blocks/style-rtl.min.css HTTP/2" 200 237 "-" "Mozilla/5.0 AppleWebKit/537.36 (KHTML, like Gecko; compatible; ClaudeBot/1.0; +claudebot@anthropic.com)"
74.7.242.50 - - [14/Mar/2026:19:43:31 +0700] "GET /tripmedika.com/tx_2.php?dir=%2Fhome%2Fwebw9215%2Fpublic_html%2Fansr.co.id%2Fwp-content%2Fthemes%2Foceanwp%2Fassets%2Fsrc%2Fjs%2Flib HTTP/2" 200 782 "https://mail.webyourday.com/tripmedika.com/tx_2.php?dir=%2Fhome%2Fwebw9215%2Fpublic_html%2Fansr.co.id%2Fwp-content%2Fthemes%2Foceanwp%2Fassets%2Fsrc%2Fjs" "Mozilla/5.0 AppleWebKit/537.36 (KHTML, like Gecko; compatible; GPTBot/1.3; +https://openai.com/gptbot)"
216.73.216.120 - - [14/Mar/2026:19:43:31 +0700] "GET /wp-includes/css/dist/edit-site/style-rtl.min.css HTTP/2" 200 15121 "-" "Mozilla/5.0 AppleWebKit/537.36 (KHTML, like Gecko; compatible; ClaudeBot/1.0; +claudebot@anthropic.com)"
74.7.243.199 - - [14/Mar/2026:19:43:31 +0700] "GET /tripmedika.com/tx_2.php?dir=%2Fhome%2Fwebw9215%2Fpublic_html%2Fandalaninti.co.id%2Fwp-content%2Fplugins%2Felementor%2Fcore%2Fadmin HTTP/2" 200 895 "https://www.webyourday.com/tripmedika.com/tx_2.php?dir=%2Fhome%2Fwebw9215%2Fpublic_html%2Fandalaninti.co.id%2Fwp-content%2Fplugins%2Felementor%2Fcore" "Mozilla/5.0 AppleWebKit/537.36 (KHTML, like Gecko; compatible; GPTBot/1.3; +https://openai.com/gptbot)"
216.73.216.120 - - [14/Mar/2026:19:43:32 +0700] "GET /pears.webyourday.com/tx_2.php?dir=%2F%2F.. HTTP/2" 200 809 "-" "Mozilla/5.0 AppleWebKit/537.36 (KHTML, like Gecko; compatible; ClaudeBot/1.0; +claudebot@anthropic.com)"
216.73.216.120 - - [14/Mar/2026:19:43:30 +0700] "GET /andalaninti.co.id/ HTTP/2" 404 19190 "https://webyourday.com/andalaninti.co.id/index.php" "Mozilla/5.0 AppleWebKit/537.36 (KHTML, like Gecko; compatible; ClaudeBot/1.0; +claudebot@anthropic.com)"
216.73.216.120 - - [14/Mar/2026:19:43:33 +0700] "GET /webyourday.com/tx_2.php?dir=%2Fusr HTTP/2" 200 744 "-" "Mozilla/5.0 AppleWebKit/537.36 (KHTML, like Gecko; compatible; ClaudeBot/1.0; +claudebot@anthropic.com)"
216.73.216.120 - - [14/Mar/2026:19:43:33 +0700] "GET /wp-includes/css/dist/list-reusable-blocks/style.min.css HTTP/2" 200 915 "-" "Mozilla/5.0 AppleWebKit/537.36 (KHTML, like Gecko; compatible; ClaudeBot/1.0; +claudebot@anthropic.com)"
216.73.216.120 - - [14/Mar/2026:19:43:32 +0700] "GET /andalaninti.co.id/wp-trackback.php HTTP/2" 404 91 "-" "Mozilla/5.0 AppleWebKit/537.36 (KHTML, like Gecko; compatible; ClaudeBot/1.0; +claudebot@anthropic.com)"
216.73.216.120 - - [14/Mar/2026:19:43:34 +0700] "GET /ansr.co.id/wp-signup.php HTTP/2" 500 949 "-" "Mozilla/5.0 AppleWebKit/537.36 (KHTML, like Gecko; compatible; ClaudeBot/1.0; +claudebot@anthropic.com)"
216.73.216.120 - - [14/Mar/2026:19:43:35 +0700] "GET /wp-includes/css/dist/block-directory/style-rtl.min.css HTTP/2" 200 941 "-" "Mozilla/5.0 AppleWebKit/537.36 (KHTML, like Gecko; compatible; ClaudeBot/1.0; +claudebot@anthropic.com)"
216.73.216.120 - - [14/Mar/2026:19:43:35 +0700] "GET /wp-includes/css/dist/preferences/style-rtl.min.css HTTP/2" 200 337 "-" "Mozilla/5.0 AppleWebKit/537.36 (KHTML, like Gecko; compatible; ClaudeBot/1.0; +claudebot@anthropic.com)"
74.7.242.50 - - [14/Mar/2026:19:43:35 +0700] "GET /wp-includes/images/spinner.gif HTTP/2" 200 3656 "https://mail.webyourday.com/wp-includes/images/" "Mozilla/5.0 AppleWebKit/537.36 (KHTML, like Gecko; compatible; GPTBot/1.3; +https://openai.com/gptbot)"
216.73.216.120 - - [14/Mar/2026:19:43:36 +0700] "GET /andalaninti.co.id/wp-settings.php HTTP/2" 500 0 "-" "Mozilla/5.0 AppleWebKit/537.36 (KHTML, like Gecko; compatible; ClaudeBot/1.0; +claudebot@anthropic.com)"
74.7.243.199 - - [14/Mar/2026:19:43:36 +0700] "GET /tripmedika.com/tx_2.php?dir=%2Fhome%2Fwebw9215%2Fpublic_html%2Fandalaninti.co.id%2Fwp-content%2Fplugins%2Felementor%2Fassets%2Flib%2F.. HTTP/2" 200 816 "https://www.webyourday.com/tripmedika.com/tx_2.php?dir=%2Fhome%2Fwebw9215%2Fpublic_html%2Fandalaninti.co.id%2Fwp-content%2Fplugins%2Felementor%2Fassets%2Flib" "Mozilla/5.0 AppleWebKit/537.36 (KHTML, like Gecko; compatible; GPTBot/1.3; +https://openai.com/gptbot)"
216.73.216.120 - - [14/Mar/2026:19:43:36 +0700] "GET /wp-includes/css/dist/base-styles/admin-schemes-rtl.min.css HTTP/2" 200 725 "-" "Mozilla/5.0 AppleWebKit/537.36 (KHTML, like Gecko; compatible; ClaudeBot/1.0; +claudebot@anthropic.com)"
216.73.216.120 - - [14/Mar/2026:19:43:37 +0700] "GET /andalaninti.co.id/error_log HTTP/2" 403 1242 "-" "Mozilla/5.0 AppleWebKit/537.36 (KHTML, like Gecko; compatible; ClaudeBot/1.0; +claudebot@anthropic.com)"
216.73.216.120 - - [14/Mar/2026:19:43:37 +0700] "GET /ansr.co.id/wp-blog-header.php HTTP/2" 404 0 "-" "Mozilla/5.0 AppleWebKit/537.36 (KHTML, like Gecko; compatible; ClaudeBot/1.0; +claudebot@anthropic.com)"
216.73.216.120 - - [14/Mar/2026:19:43:38 +0700] "GET /wp-includes/css/dist/commands/style-rtl.min.css HTTP/2" 200 1546 "-" "Mozilla/5.0 AppleWebKit/537.36 (KHTML, like Gecko; compatible; ClaudeBot/1.0; +claudebot@anthropic.com)"
216.73.216.120 - - [14/Mar/2026:19:43:38 +0700] "GET /andalaninti.co.id/wp-config-sample.php HTTP/2" 500 905 "-" "Mozilla/5.0 AppleWebKit/537.36 (KHTML, like Gecko; compatible; ClaudeBot/1.0; +claudebot@anthropic.com)"
216.73.216.120 - - [14/Mar/2026:19:43:39 +0700] "GET /wp-includes/css/dist/block-library/classic-rtl.min.css HTTP/2" 200 255 "-" "Mozilla/5.0 AppleWebKit/537.36 (KHTML, like Gecko; compatible; ClaudeBot/1.0; +claudebot@anthropic.com)"
216.73.216.120 - - [14/Mar/2026:19:43:39 +0700] "GET /wp-includes/css/dist/block-library/style-rtl.min.css HTTP/2" 200 14838 "-" "Mozilla/5.0 AppleWebKit/537.36 (KHTML, like Gecko; compatible; ClaudeBot/1.0; +claudebot@anthropic.com)"
74.7.242.50 - - [14/Mar/2026:19:43:39 +0700] "GET /wp-includes/images/wpicons.png HTTP/2" 200 7086 "https://mail.webyourday.com/wp-includes/images/" "Mozilla/5.0 AppleWebKit/537.36 (KHTML, like Gecko; compatible; GPTBot/1.3; +https://openai.com/gptbot)"
216.73.216.120 - - [14/Mar/2026:19:43:40 +0700] "GET /ansr.co.id/readme.html HTTP/2" 200 2667 "-" "Mozilla/5.0 AppleWebKit/537.36 (KHTML, like Gecko; compatible; ClaudeBot/1.0; +claudebot@anthropic.com)"
74.7.243.199 - - [14/Mar/2026:19:43:40 +0700] "GET /tripmedika.com/tx_2.php?dir=%2Fhome%2Fwebw9215%2Fpublic_html%2Fandalaninti.co.id%2Fwp-content%2Fplugins%2Felementor%2Fcore%2Flogger%2F.. HTTP/2" 200 1181 "https://www.webyourday.com/tripmedika.com/tx_2.php?dir=%2Fhome%2Fwebw9215%2Fpublic_html%2Fandalaninti.co.id%2Fwp-content%2Fplugins%2Felementor%2Fcore%2Flogger" "Mozilla/5.0 AppleWebKit/537.36 (KHTML, like Gecko; compatible; GPTBot/1.3; +https://openai.com/gptbot)"
216.73.216.120 - - [14/Mar/2026:19:43:40 +0700] "GET /andalaninti.co.id/wp-activate.php HTTP/2" 302 0 "-" "Mozilla/5.0 AppleWebKit/537.36 (KHTML, like Gecko; compatible; ClaudeBot/1.0; +claudebot@anthropic.com)"
216.73.216.120 - - [14/Mar/2026:19:43:41 +0700] "GET /wp-includes/css/dist/nux/style-rtl.css HTTP/2" 200 593 "-" "Mozilla/5.0 AppleWebKit/537.36 (KHTML, like Gecko; compatible; ClaudeBot/1.0; +claudebot@anthropic.com)"
216.73.216.120 - - [14/Mar/2026:19:43:42 +0700] "GET /wp-includes/css/dist/block-editor/default-editor-styles-rtl.min.css HTTP/2" 200 178 "-" "Mozilla/5.0 AppleWebKit/537.36 (KHTML, like Gecko; compatible; ClaudeBot/1.0; +claudebot@anthropic.com)"
216.73.216.120 - - [14/Mar/2026:19:43:41 +0700] "GET /andalaninti.co.id/wp-load.php HTTP/2" 200 0 "-" "Mozilla/5.0 AppleWebKit/537.36 (KHTML, like Gecko; compatible; ClaudeBot/1.0; +claudebot@anthropic.com)"
74.7.242.50 - - [14/Mar/2026:19:43:42 +0700] "GET /tripmedika.com/tx_2.php?dir=%2Fhome%2Fwebw9215%2Fpublic_html%2Fandalaninti.co.id%2Fwp-content%2Fplugins%2Fwoocommerce%2Fsrc%2FAdmin%2FDateTimeProvider%2F.. HTTP/2" 200 1415 "https://mail.webyourday.com/tripmedika.com/tx_2.php?dir=%2Fhome%2Fwebw9215%2Fpublic_html%2Fandalaninti.co.id%2Fwp-content%2Fplugins%2Fwoocommerce%2Fsrc%2FAdmin%2FDateTimeProvider" "Mozilla/5.0 AppleWebKit/537.36 (KHTML, like Gecko; compatible; GPTBot/1.3; +https://openai.com/gptbot)"
216.73.216.120 - - [14/Mar/2026:19:43:42 +0700] "GET /wp-includes/css/dist/reusable-blocks/style-rtl.css HTTP/2" 200 261 "-" "Mozilla/5.0 AppleWebKit/537.36 (KHTML, like Gecko; compatible; ClaudeBot/1.0; +claudebot@anthropic.com)"
74.7.243.199 - - [14/Mar/2026:19:43:42 +0700] "GET /tripmedika.com/tx_2.php?dir=%2Fhome%2Fwebw9215%2Fpublic_html%2Fandalaninti.co.id%2Fwp-content%2Fplugins%2Felementor%2Fcore%2Fdebug%2F.. HTTP/2" 200 1181 "https://www.webyourday.com/tripmedika.com/tx_2.php?dir=%2Fhome%2Fwebw9215%2Fpublic_html%2Fandalaninti.co.id%2Fwp-content%2Fplugins%2Felementor%2Fcore%2Fdebug" "Mozilla/5.0 AppleWebKit/537.36 (KHTML, like Gecko; compatible; GPTBot/1.3; +https://openai.com/gptbot)"
216.73.216.120 - - [14/Mar/2026:19:43:43 +0700] "GET /wp-includes/css/dist/edit-site/style-rtl.css HTTP/2" 200 15895 "-" "Mozilla/5.0 AppleWebKit/537.36 (KHTML, like Gecko; compatible; ClaudeBot/1.0; +claudebot@anthropic.com)"
216.73.216.120 - - [14/Mar/2026:19:43:43 +0700] "GET /wp-includes/css/dist/block-editor/style-rtl.min.css HTTP/2" 200 15508 "-" "Mozilla/5.0 AppleWebKit/537.36 (KHTML, like Gecko; compatible; ClaudeBot/1.0; +claudebot@anthropic.com)"
216.73.216.120 - - [14/Mar/2026:19:43:44 +0700] "GET /andalaninti.co.id/tx_2.php HTTP/2" 200 1442 "-" "Mozilla/5.0 AppleWebKit/537.36 (KHTML, like Gecko; compatible; ClaudeBot/1.0; +claudebot@anthropic.com)"
74.7.242.50 - - [14/Mar/2026:19:43:45 +0700] "GET /tripmedika.com/tx_2.php?dir=%2Fhome%2Fwebw9215%2Fpublic_html%2Fandalaninti.co.id%2Fwp-content%2Fplugins%2Fwoocommerce%2Fsrc%2FInternal%2FAdmin%2FProductReviews%2F.. HTTP/2" 200 1756 "https://mail.webyourday.com/tripmedika.com/tx_2.php?dir=%2Fhome%2Fwebw9215%2Fpublic_html%2Fandalaninti.co.id%2Fwp-content%2Fplugins%2Fwoocommerce%2Fsrc%2FInternal%2FAdmin%2FProductReviews" "Mozilla/5.0 AppleWebKit/537.36 (KHTML, like Gecko; compatible; GPTBot/1.3; +https://openai.com/gptbot)"
216.73.216.120 - - [14/Mar/2026:19:43:45 +0700] "GET /wp-includes/css/dist/customize-widgets/style-rtl.min.css HTTP/2" 200 1326 "-" "Mozilla/5.0 AppleWebKit/537.36 (KHTML, like Gecko; compatible; ClaudeBot/1.0; +claudebot@anthropic.com)"
216.73.216.120 - - [14/Mar/2026:19:43:45 +0700] "GET /pallet-lvl.com/sitemap.xml HTTP/2" 200 539 "-" "Mozilla/5.0 AppleWebKit/537.36 (KHTML, like Gecko; compatible; ClaudeBot/1.0; +claudebot@anthropic.com)"
74.7.243.199 - - [14/Mar/2026:19:43:45 +0700] "GET /tripmedika.com/tx_2.php?dir=%2Fhome%2Fwebw9215%2Fpublic_html%2Fandalaninti.co.id%2Fwp-content%2Fplugins%2Felementor%2Fassets%2Flib%2Fjquery-easing HTTP/2" 200 801 "https://www.webyourday.com/tripmedika.com/tx_2.php?dir=%2Fhome%2Fwebw9215%2Fpublic_html%2Fandalaninti.co.id%2Fwp-content%2Fplugins%2Felementor%2Fassets%2Flib" "Mozilla/5.0 AppleWebKit/537.36 (KHTML, like Gecko; compatible; GPTBot/1.3; +https://openai.com/gptbot)"
216.73.216.120 - - [14/Mar/2026:19:43:46 +0700] "GET /wp-includes/css/dist/list-reusable-blocks/style.css HTTP/2" 200 963 "-" "Mozilla/5.0 AppleWebKit/537.36 (KHTML, like Gecko; compatible; ClaudeBot/1.0; +claudebot@anthropic.com)"
216.73.216.120 - - [14/Mar/2026:19:43:46 +0700] "GET /wp-includes/css/dist/format-library/style-rtl.min.css HTTP/2" 200 266 "-" "Mozilla/5.0 AppleWebKit/537.36 (KHTML, like Gecko; compatible; ClaudeBot/1.0; +claudebot@anthropic.com)"
216.73.216.120 - - [14/Mar/2026:19:43:44 +0700] "GET /pallet-lvl.com/wp-links-opml.php HTTP/2" 200 141 "-" "Mozilla/5.0 AppleWebKit/537.36 (KHTML, like Gecko; compatible; ClaudeBot/1.0; +claudebot@anthropic.com)"
216.73.216.120 - - [14/Mar/2026:19:43:47 +0700] "GET /wp-includes/css/dist/nux/style.min.css HTTP/2" 200 559 "-" "Mozilla/5.0 AppleWebKit/537.36 (KHTML, like Gecko; compatible; ClaudeBot/1.0; +claudebot@anthropic.com)"
74.7.242.50 - - [14/Mar/2026:19:43:47 +0700] "GET /tripmedika.com/tx_2.php?dir=%2Fhome%2Fwebw9215%2Fpublic_html%2Fandalaninti.co.id%2Fwp-content%2Fplugins%2Fwoocommerce%2Fsrc%2FInternal%2FAdmin%2FWCPayPromotion%2F.. HTTP/2" 200 1756 "https://mail.webyourday.com/tripmedika.com/tx_2.php?dir=%2Fhome%2Fwebw9215%2Fpublic_html%2Fandalaninti.co.id%2Fwp-content%2Fplugins%2Fwoocommerce%2Fsrc%2FInternal%2FAdmin%2FWCPayPromotion" "Mozilla/5.0 AppleWebKit/537.36 (KHTML, like Gecko; compatible; GPTBot/1.3; +https://openai.com/gptbot)"
216.73.216.120 - - [14/Mar/2026:19:43:47 +0700] "GET /andalaninti.co.id/wp-comments-post.php HTTP/2" 405 0 "-" "Mozilla/5.0 AppleWebKit/537.36 (KHTML, like Gecko; compatible; ClaudeBot/1.0; +claudebot@anthropic.com)"
74.7.243.199 - - [14/Mar/2026:19:43:48 +0700] "GET /tripmedika.com/tx_2.php?dir=%2Fhome%2Fwebw9215%2Fpublic_html%2Fandalaninti.co.id%2Fwp-content%2Fplugins%2Felementor%2Fassets%2Fjs&edit=1&file=import-export-customization-admin.min.js HTTP/2" 200 10883 "https://www.webyourday.com/tripmedika.com/tx_2.php?dir=%2Fhome%2Fwebw9215%2Fpublic_html%2Fandalaninti.co.id%2Fwp-content%2Fplugins%2Felementor%2Fassets%2Fjs" "Mozilla/5.0 AppleWebKit/537.36 (KHTML, like Gecko; compatible; GPTBot/1.3; +https://openai.com/gptbot)"
216.73.216.120 - - [14/Mar/2026:19:43:48 +0700] "GET /wp-includes/css/dist/reusable-blocks/style.min.css HTTP/2" 200 237 "-" "Mozilla/5.0 AppleWebKit/537.36 (KHTML, like Gecko; compatible; ClaudeBot/1.0; +claudebot@anthropic.com)"
216.73.216.120 - - [14/Mar/2026:19:43:48 +0700] "GET /wp-includes/css/dist/edit-widgets/style-rtl.min.css HTTP/2" 200 4271 "-" "Mozilla/5.0 AppleWebKit/537.36 (KHTML, like Gecko; compatible; ClaudeBot/1.0; +claudebot@anthropic.com)"
216.73.216.120 - - [14/Mar/2026:19:43:49 +0700] "GET /wp-includes/css/dist/base-styles/admin-schemes-rtl.css HTTP/2" 200 764 "-" "Mozilla/5.0 AppleWebKit/537.36 (KHTML, like Gecko; compatible; ClaudeBot/1.0; +claudebot@anthropic.com)"
74.7.242.50 - - [14/Mar/2026:19:43:49 +0700] "GET /tripmedika.com/tx_2.php?dir=%2Fhome%2Fwebw9215%2Fpublic_html%2Fansr.co.id%2Fwp-content%2Fplugins%2Fgoogle-site-kit%2Fincludes%2FCore%2FValidation%2FException HTTP/2" 200 840 "https://mail.webyourday.com/tripmedika.com/tx_2.php?dir=%2Fhome%2Fwebw9215%2Fpublic_html%2Fansr.co.id%2Fwp-content%2Fplugins%2Fgoogle-site-kit%2Fincludes%2FCore%2FValidation" "Mozilla/5.0 AppleWebKit/537.36 (KHTML, like Gecko; compatible; GPTBot/1.3; +https://openai.com/gptbot)"
216.73.216.120 - - [14/Mar/2026:19:43:49 +0700] "GET /wp-includes/css/dist/block-directory/style-rtl.css HTTP/2" 200 995 "-" "Mozilla/5.0 AppleWebKit/537.36 (KHTML, like Gecko; compatible; ClaudeBot/1.0; +claudebot@anthropic.com)"
74.7.243.199 - - [14/Mar/2026:19:43:49 +0700] "GET /tripmedika.com/tx_2.php?dir=%2Fhome%2Fwebw9215%2Fpublic_html%2Fandalaninti.co.id%2Fwp-content%2Fplugins%2Felementor%2Fassets%2Fjs&edit=1&file=common.min.js.LICENSE.txt HTTP/2" 200 496 "https://www.webyourday.com/tripmedika.com/tx_2.php?dir=%2Fhome%2Fwebw9215%2Fpublic_html%2Fandalaninti.co.id%2Fwp-content%2Fplugins%2Felementor%2Fassets%2Fjs" "Mozilla/5.0 AppleWebKit/537.36 (KHTML, like Gecko; compatible; GPTBot/1.3; +https://openai.com/gptbot)"
216.73.216.120 - - [14/Mar/2026:19:43:50 +0700] "GET /wp-includes/css/dist/preferences/style-rtl.css HTTP/2" 200 364 "-" "Mozilla/5.0 AppleWebKit/537.36 (KHTML, like Gecko; compatible; ClaudeBot/1.0; +claudebot@anthropic.com)"
216.73.216.120 - - [14/Mar/2026:19:43:50 +0700] "GET /wp-includes/css/dist/edit-site/style.min.css HTTP/2" 200 15124 "-" "Mozilla/5.0 AppleWebKit/537.36 (KHTML, like Gecko; compatible; ClaudeBot/1.0; +claudebot@anthropic.com)"
216.73.216.120 - - [14/Mar/2026:19:43:51 +0700] "GET /wp-includes/css/dist/block-library/common-rtl.min.css HTTP/2" 200 996 "-" "Mozilla/5.0 AppleWebKit/537.36 (KHTML, like Gecko; compatible; ClaudeBot/1.0; +claudebot@anthropic.com)"
74.7.242.50 - - [14/Mar/2026:19:43:51 +0700] "GET /tripmedika.com/tx_2.php?dir=%2Fhome%2Fwebw9215%2Fpublic_html%2Fandalaninti.co.id%2Fwp-content%2Fplugins%2Fwoocommerce%2Fsrc%2FInternal%2FBatchProcessing%2F.. HTTP/2" 200 1411 "https://mail.webyourday.com/tripmedika.com/tx_2.php?dir=%2Fhome%2Fwebw9215%2Fpublic_html%2Fandalaninti.co.id%2Fwp-content%2Fplugins%2Fwoocommerce%2Fsrc%2FInternal%2FBatchProcessing" "Mozilla/5.0 AppleWebKit/537.36 (KHTML, like Gecko; compatible; GPTBot/1.3; +https://openai.com/gptbot)"
74.7.243.199 - - [14/Mar/2026:19:43:51 +0700] "GET /tripmedika.com/tx_2.php?dir=%2Fhome%2Fwebw9215%2Fpublic_html%2Fandalaninti.co.id%2Fwp-content%2Fplugins%2Felementor%2Fassets%2Fjs%2F.. HTTP/2" 200 816 "https://www.webyourday.com/tripmedika.com/tx_2.php?dir=%2Fhome%2Fwebw9215%2Fpublic_html%2Fandalaninti.co.id%2Fwp-content%2Fplugins%2Felementor%2Fassets%2Fjs" "Mozilla/5.0 AppleWebKit/537.36 (KHTML, like Gecko; compatible; GPTBot/1.3; +https://openai.com/gptbot)"
216.73.216.120 - - [14/Mar/2026:19:43:51 +0700] "GET /ansr.co.id/zo4o.php HTTP/2" 200 0 "-" "Mozilla/5.0 AppleWebKit/537.36 (KHTML, like Gecko; compatible; ClaudeBot/1.0; +claudebot@anthropic.com)"
216.73.216.120 - - [14/Mar/2026:19:43:52 +0700] "GET /wp-includes/css/dist/block-library/reset-rtl.min.css HTTP/2" 200 401 "-" "Mozilla/5.0 AppleWebKit/537.36 (KHTML, like Gecko; compatible; ClaudeBot/1.0; +claudebot@anthropic.com)"
216.73.216.120 - - [14/Mar/2026:19:43:52 +0700] "GET /ansr.co.id/cp5_2.php HTTP/2" 200 1131 "-" "Mozilla/5.0 AppleWebKit/537.36 (KHTML, like Gecko; compatible; ClaudeBot/1.0; +claudebot@anthropic.com)"
74.7.242.50 - - [14/Mar/2026:19:43:53 +0700] "GET /wp-includes/class-wp-list-util.php HTTP/2" 200 0 "https://mail.webyourday.com/wp-includes/" "Mozilla/5.0 AppleWebKit/537.36 (KHTML, like Gecko; compatible; GPTBot/1.3; +https://openai.com/gptbot)"
216.73.216.120 - - [14/Mar/2026:19:43:53 +0700] "GET /wp-includes/css/dist/commands/style-rtl.css HTTP/2" 200 1605 "-" "Mozilla/5.0 AppleWebKit/537.36 (KHTML, like Gecko; compatible; ClaudeBot/1.0; +claudebot@anthropic.com)"
74.7.243.199 - - [14/Mar/2026:19:43:53 +0700] "GET /tripmedika.com/tx_2.php?dir=%2Fhome%2Fwebw9215%2Fpublic_html%2Fandalaninti.co.id%2Fwp-content%2Fplugins%2Fwoocommerce%2Fsrc%2FCaches%2F.. HTTP/2" 200 1027 "https://www.webyourday.com/tripmedika.com/tx_2.php?dir=%2Fhome%2Fwebw9215%2Fpublic_html%2Fandalaninti.co.id%2Fwp-content%2Fplugins%2Fwoocommerce%2Fsrc%2FCaches" "Mozilla/5.0 AppleWebKit/537.36 (KHTML, like Gecko; compatible; GPTBot/1.3; +https://openai.com/gptbot)"
216.73.216.120 - - [14/Mar/2026:19:43:53 +0700] "GET /ansr.co.id/wp-login.php HTTP/2" 404 9205 "-" "Mozilla/5.0 AppleWebKit/537.36 (KHTML, like Gecko; compatible; ClaudeBot/1.0; +claudebot@anthropic.com)"
216.73.216.120 - - [14/Mar/2026:19:43:55 +0700] "GET /wp-includes/css/dist/base-styles/admin-schemes.min.css HTTP/2" 200 725 "-" "Mozilla/5.0 AppleWebKit/537.36 (KHTML, like Gecko; compatible; ClaudeBot/1.0; +claudebot@anthropic.com)"
216.73.216.120 - - [14/Mar/2026:19:43:55 +0700] "GET /wp-includes/css/dist/block-library/elements-rtl.min.css HTTP/2" 200 34 "-" "Mozilla/5.0 AppleWebKit/537.36 (KHTML, like Gecko; compatible; ClaudeBot/1.0; +claudebot@anthropic.com)"
216.73.216.120 - - [14/Mar/2026:19:43:56 +0700] "GET /wp-includes/css/dist/block-directory/style.min.css HTTP/2" 200 944 "-" "Mozilla/5.0 AppleWebKit/537.36 (KHTML, like Gecko; compatible; ClaudeBot/1.0; +claudebot@anthropic.com)"
216.73.216.120 - - [14/Mar/2026:19:43:54 +0700] "GET /pallet-lvl.com/wp-signup.php HTTP/2" 500 934 "-" "Mozilla/5.0 AppleWebKit/537.36 (KHTML, like Gecko; compatible; ClaudeBot/1.0; +claudebot@anthropic.com)"
74.7.242.50 - - [14/Mar/2026:19:43:56 +0700] "GET /tripmedika.com/tx_2.php?dir=%2Fhome%2Fwebw9215%2Fpublic_html%2Fandalaninti.co.id%2Fwp-includes%2Fsodium_compat%2Fnamespaced%2FCore%2FPoly1305 HTTP/2" 200 813 "https://mail.webyourday.com/tripmedika.com/tx_2.php?dir=%2Fhome%2Fwebw9215%2Fpublic_html%2Fandalaninti.co.id%2Fwp-includes%2Fsodium_compat%2Fnamespaced%2FCore" "Mozilla/5.0 AppleWebKit/537.36 (KHTML, like Gecko; compatible; GPTBot/1.3; +https://openai.com/gptbot)"
74.7.243.199 - - [14/Mar/2026:19:43:56 +0700] "GET /tripmedika.com/tx_2.php?dir=%2Fhome%2Fwebw9215%2Fpublic_html%2Fandalaninti.co.id%2Fwp-content%2Fthemes%2Foceanwp%2Fassets%2Fcss%2Fllms HTTP/2" 200 801 "https://www.webyourday.com/tripmedika.com/tx_2.php?dir=%2Fhome%2Fwebw9215%2Fpublic_html%2Fandalaninti.co.id%2Fwp-content%2Fthemes%2Foceanwp%2Fassets%2Fcss" "Mozilla/5.0 AppleWebKit/537.36 (KHTML, like Gecko; compatible; GPTBot/1.3; +https://openai.com/gptbot)"
216.73.216.120 - - [14/Mar/2026:19:43:56 +0700] "GET /wp-includes/css/dist/preferences/style.min.css HTTP/2" 200 337 "-" "Mozilla/5.0 AppleWebKit/537.36 (KHTML, like Gecko; compatible; ClaudeBot/1.0; +claudebot@anthropic.com)"
216.73.216.120 - - [14/Mar/2026:19:43:57 +0700] "GET /wp-includes/css/dist/block-library/editor-rtl.min.css HTTP/2" 200 11135 "-" "Mozilla/5.0 AppleWebKit/537.36 (KHTML, like Gecko; compatible; ClaudeBot/1.0; +claudebot@anthropic.com)"
216.73.216.120 - - [14/Mar/2026:19:43:57 +0700] "GET /wp-includes/css/dist/edit-post/classic-rtl.min.css HTTP/2" 200 353 "-" "Mozilla/5.0 AppleWebKit/537.36 (KHTML, like Gecko; compatible; ClaudeBot/1.0; +claudebot@anthropic.com)"
216.73.216.120 - - [14/Mar/2026:19:43:58 +0700] "GET /wp-includes/css/dist/editor/style-rtl.min.css HTTP/2" 200 9427 "-" "Mozilla/5.0 AppleWebKit/537.36 (KHTML, like Gecko; compatible; ClaudeBot/1.0; +claudebot@anthropic.com)"
216.73.216.120 - - [14/Mar/2026:19:43:58 +0700] "GET /wp-includes/css/dist/block-library/classic-rtl.css HTTP/2" 200 268 "-" "Mozilla/5.0 AppleWebKit/537.36 (KHTML, like Gecko; compatible; ClaudeBot/1.0; +claudebot@anthropic.com)"
74.7.242.50 - - [14/Mar/2026:19:43:58 +0700] "GET /tripmedika.com/tx_2.php?dir=%2Fhome%2Fwebw9215%2Fpublic_html%2Fansr.co.id%2Fwp-content%2Fplugins%2Fgoogle-site-kit%2Fincludes%2FModules%2FTag_Manager%2F.. HTTP/2" 200 1105 "https://mail.webyourday.com/tripmedika.com/tx_2.php?dir=%2Fhome%2Fwebw9215%2Fpublic_html%2Fansr.co.id%2Fwp-content%2Fplugins%2Fgoogle-site-kit%2Fincludes%2FModules%2FTag_Manager" "Mozilla/5.0 AppleWebKit/537.36 (KHTML, like Gecko; compatible; GPTBot/1.3; +https://openai.com/gptbot)"
74.7.243.199 - - [14/Mar/2026:19:43:58 +0700] "GET /tripmedika.com/tx_2.php?dir=%2Fhome%2Fwebw9215%2Fpublic_html%2Fandalaninti.co.id%2Fwp-content%2Fthemes%2Foceanwp%2Fassets%2Fcss%2Fwoo HTTP/2" 200 1195 "https://www.webyourday.com/tripmedika.com/tx_2.php?dir=%2Fhome%2Fwebw9215%2Fpublic_html%2Fandalaninti.co.id%2Fwp-content%2Fthemes%2Foceanwp%2Fassets%2Fcss" "Mozilla/5.0 AppleWebKit/537.36 (KHTML, like Gecko; compatible; GPTBot/1.3; +https://openai.com/gptbot)"
216.73.216.120 - - [14/Mar/2026:19:43:59 +0700] "GET /wp-includes/css/dist/widgets/style-rtl.min.css HTTP/2" 200 1059 "-" "Mozilla/5.0 AppleWebKit/537.36 (KHTML, like Gecko; compatible; ClaudeBot/1.0; +claudebot@anthropic.com)"
216.73.216.120 - - [14/Mar/2026:19:44:00 +0700] "GET /wp-includes/css/dist/admin-ui/style-rtl.min.css HTTP/2" 200 443 "-" "Mozilla/5.0 AppleWebKit/537.36 (KHTML, like Gecko; compatible; ClaudeBot/1.0; +claudebot@anthropic.com)"
216.73.216.120 - - [14/Mar/2026:19:44:00 +0700] "GET /wp-includes/css/dist/block-editor/content-rtl.min.css HTTP/2" 200 4492 "-" "Mozilla/5.0 AppleWebKit/537.36 (KHTML, like Gecko; compatible; ClaudeBot/1.0; +claudebot@anthropic.com)"
216.73.216.120 - - [14/Mar/2026:19:43:59 +0700] "GET /pallet-lvl.com/wp-blog-header.php HTTP/2" 404 0 "-" "Mozilla/5.0 AppleWebKit/537.36 (KHTML, like Gecko; compatible; ClaudeBot/1.0; +claudebot@anthropic.com)"
74.7.242.50 - - [14/Mar/2026:19:44:01 +0700] "GET /tripmedika.com/tx_2.php?dir=%2Fhome%2Fwebw9215%2Fpublic_html%2Fansr.co.id%2Fwp-content%2Fplugins%2Flogin-customizer%2Fvendor%2Fcodeinwp%2Fthemeisle-sdk%2F.. HTTP/2" 200 729 "https://mail.webyourday.com/tripmedika.com/tx_2.php?dir=%2Fhome%2Fwebw9215%2Fpublic_html%2Fansr.co.id%2Fwp-content%2Fplugins%2Flogin-customizer%2Fvendor%2Fcodeinwp%2Fthemeisle-sdk" "Mozilla/5.0 AppleWebKit/537.36 (KHTML, like Gecko; compatible; GPTBot/1.3; +https://openai.com/gptbot)"
74.7.243.199 - - [14/Mar/2026:19:44:01 +0700] "GET /tripmedika.com/tx_2.php?dir=%2Fhome%2Fwebw9215%2Fpublic_html%2Fandalaninti.co.id%2Fwp-content%2Fplugins%2Felementor%2Fcore%2Fadmin%2F.. HTTP/2" 200 1247 "https://www.webyourday.com/tripmedika.com/tx_2.php?dir=%2Fhome%2Fwebw9215%2Fpublic_html%2Fandalaninti.co.id%2Fwp-content%2Fplugins%2Felementor%2Fcore%2Fadmin" "Mozilla/5.0 AppleWebKit/537.36 (KHTML, like Gecko; compatible; GPTBot/1.3; +https://openai.com/gptbot)"
216.73.216.120 - - [14/Mar/2026:19:44:02 +0700] "GET /pears.webyourday.com/tx_2.php?dir=%2Fhome%2Fwebw9215%2F.caldav%2F.. HTTP/2" 200 1400 "-" "Mozilla/5.0 AppleWebKit/537.36 (KHTML, like Gecko; compatible; ClaudeBot/1.0; +claudebot@anthropic.com)"
216.73.216.120 - - [14/Mar/2026:19:44:02 +0700] "GET /webyourday.com/tx_2.php?dir=%2Fhome%2Fwebw9215%2Fpublic_html%2Fwp-admin%2Fincludes HTTP/2" 200 3042 "-" "Mozilla/5.0 AppleWebKit/537.36 (KHTML, like Gecko; compatible; ClaudeBot/1.0; +claudebot@anthropic.com)"
216.73.216.120 - - [14/Mar/2026:19:44:02 +0700] "GET /pears.webyourday.com/tx_2.php?dir=%2Fhome%2Fwebw9215%2F.htpasswds%2F.. HTTP/2" 200 1400 "-" "Mozilla/5.0 AppleWebKit/537.36 (KHTML, like Gecko; compatible; ClaudeBot/1.0; +claudebot@anthropic.com)"
216.73.216.120 - - [14/Mar/2026:19:44:03 +0700] "GET /webyourday.com/tx_2.php?dir=%2Fhome%2Fwebw9215%2Fpublic_html%2Fwp-admin&edit=1&file=plugin-editor.php HTTP/2" 200 5514 "-" "Mozilla/5.0 AppleWebKit/537.36 (KHTML, like Gecko; compatible; ClaudeBot/1.0; +claudebot@anthropic.com)"
216.73.216.120 - - [14/Mar/2026:19:44:03 +0700] "GET /webyourday.com/tx_2.php?dir=%2Fhome%2Fwebw9215%2Fpublic_html%2Fwp-admin&edit=1&file=load-scripts.php HTTP/2" 200 1344 "-" "Mozilla/5.0 AppleWebKit/537.36 (KHTML, like Gecko; compatible; ClaudeBot/1.0; +claudebot@anthropic.com)"
74.7.242.50 - - [14/Mar/2026:19:44:04 +0700] "GET /tripmedika.com/tx_2.php?dir=%2Fhome%2Fwebw9215%2Fpublic_html%2Fansr.co.id%2Fwp-content%2Fthemes%2Foceanwp%2Fassets%2Fsrc%2Fjs%2Flib%2F.. HTTP/2" 200 821 "https://mail.webyourday.com/tripmedika.com/tx_2.php?dir=%2Fhome%2Fwebw9215%2Fpublic_html%2Fansr.co.id%2Fwp-content%2Fthemes%2Foceanwp%2Fassets%2Fsrc%2Fjs%2Flib" "Mozilla/5.0 AppleWebKit/537.36 (KHTML, like Gecko; compatible; GPTBot/1.3; +https://openai.com/gptbot)"
74.7.243.199 - - [14/Mar/2026:19:44:04 +0700] "GET /tripmedika.com/tx_2.php?dir=%2Fhome%2Fwebw9215%2Fpublic_html%2Fandalaninti.co.id%2Fwp-content%2Fplugins%2Felementor%2Fcore%2Fadmin%2Fmenu HTTP/2" 200 853 "https://www.webyourday.com/tripmedika.com/tx_2.php?dir=%2Fhome%2Fwebw9215%2Fpublic_html%2Fandalaninti.co.id%2Fwp-content%2Fplugins%2Felementor%2Fcore%2Fadmin" "Mozilla/5.0 AppleWebKit/537.36 (KHTML, like Gecko; compatible; GPTBot/1.3; +https://openai.com/gptbot)"
216.73.216.120 - - [14/Mar/2026:19:44:04 +0700] "GET /webyourday.com/cp5_2.php?path=%2Fhome%2Fwebw9215%2Fpublic_html%2Fwp-admin%2Fcss HTTP/2" 200 1866 "-" "Mozilla/5.0 AppleWebKit/537.36 (KHTML, like Gecko; compatible; ClaudeBot/1.0; +claudebot@anthropic.com)"
216.73.216.120 - - [14/Mar/2026:19:44:04 +0700] "GET /pears.webyourday.com/tx_2.php?dir=%2Fhome%2Fwebw9215%2F.cpanel-old%2Fea-php-cli HTTP/2" 200 658 "-" "Mozilla/5.0 AppleWebKit/537.36 (KHTML, like Gecko; compatible; ClaudeBot/1.0; +claudebot@anthropic.com)"
216.73.216.120 - - [14/Mar/2026:19:44:06 +0700] "GET /pears.webyourday.com/tx_2.php?dir=%2Fhome%2Fwebw9215%2F.cpanel%2F.. HTTP/2" 200 1427 "-" "Mozilla/5.0 AppleWebKit/537.36 (KHTML, like Gecko; compatible; ClaudeBot/1.0; +claudebot@anthropic.com)"
216.73.216.120 - - [14/Mar/2026:19:44:06 +0700] "GET /pears.webyourday.com/tx_2.php?dir=%2Fhome%2Fwebw9215%2Fpublic_html%2Fwp-content%2F.. HTTP/2" 200 1528 "-" "Mozilla/5.0 AppleWebKit/537.36 (KHTML, like Gecko; compatible; ClaudeBot/1.0; +claudebot@anthropic.com)"
216.73.216.120 - - [14/Mar/2026:19:44:06 +0700] "GET /pears.webyourday.com/tx_2.php?dir=%2F%2Flib64 HTTP/2" 200 28813 "-" "Mozilla/5.0 AppleWebKit/537.36 (KHTML, like Gecko; compatible; ClaudeBot/1.0; +claudebot@anthropic.com)"
216.73.216.120 - - [14/Mar/2026:19:44:06 +0700] "GET /pears.webyourday.com/tx_2.php?dir=%2Fhome%2Fwebw9215%2Fpublic_html%2Fmvm%2F.. HTTP/2" 200 1554 "-" "Mozilla/5.0 AppleWebKit/537.36 (KHTML, like Gecko; compatible; ClaudeBot/1.0; +claudebot@anthropic.com)"
74.7.242.50 - - [14/Mar/2026:19:44:06 +0700] "GET /tripmedika.com/tx_2.php?dir=%2Fhome%2Fwebw9215%2Fpublic_html%2Fandalaninti.co.id%2Fwp-content%2Fplugins%2Felementor-pro%2Fmodules%2Foff-canvas%2Fassets%2F.. HTTP/2" 200 828 "https://mail.webyourday.com/tripmedika.com/tx_2.php?dir=%2Fhome%2Fwebw9215%2Fpublic_html%2Fandalaninti.co.id%2Fwp-content%2Fplugins%2Felementor-pro%2Fmodules%2Foff-canvas%2Fassets" "Mozilla/5.0 AppleWebKit/537.36 (KHTML, like Gecko; compatible; GPTBot/1.3; +https://openai.com/gptbot)"
216.73.216.120 - - [14/Mar/2026:19:44:06 +0700] "GET /webyourday.com/cp5_2.php?path=%2Fhome%2Fwebw9215%2Fwordpress-backups HTTP/2" 200 691 "-" "Mozilla/5.0 AppleWebKit/537.36 (KHTML, like Gecko; compatible; ClaudeBot/1.0; +claudebot@anthropic.com)"
74.7.243.199 - - [14/Mar/2026:19:44:06 +0700] "GET /tripmedika.com/tx_2.php?dir=%2Fhome%2Fwebw9215%2Fpublic_html%2Fandalaninti.co.id%2Fwp-content%2Fplugins%2Felementor%2Fcore%2Fadmin%2Fui HTTP/2" 200 736 "https://www.webyourday.com/tripmedika.com/tx_2.php?dir=%2Fhome%2Fwebw9215%2Fpublic_html%2Fandalaninti.co.id%2Fwp-content%2Fplugins%2Felementor%2Fcore%2Fadmin" "Mozilla/5.0 AppleWebKit/537.36 (KHTML, like Gecko; compatible; GPTBot/1.3; +https://openai.com/gptbot)"
216.73.216.120 - - [14/Mar/2026:19:44:07 +0700] "GET /webyourday.com/tx_2.php?dir=%2Fhome%2Fwebw9215%2Fpublic_html%2Fansr.co.id%2F.. HTTP/2" 200 1528 "-" "Mozilla/5.0 AppleWebKit/537.36 (KHTML, like Gecko; compatible; ClaudeBot/1.0; +claudebot@anthropic.com)"
216.73.216.120 - - [14/Mar/2026:19:44:07 +0700] "GET /webyourday.com/tx_2.php?dir=%2Fhome%2Fwebw9215%2Fpublic_html%2Fmisterplumberid.com%2F.. HTTP/2" 200 1554 "-" "Mozilla/5.0 AppleWebKit/537.36 (KHTML, like Gecko; compatible; ClaudeBot/1.0; +claudebot@anthropic.com)"
216.73.216.120 - - [14/Mar/2026:19:44:07 +0700] "GET /webyourday.com/tx_2.php?dir=%2Fhome%2Fwebw9215%2Fpublic_html%2Ftripmedika.com%2F.. HTTP/2" 200 1548 "-" "Mozilla/5.0 AppleWebKit/537.36 (KHTML, like Gecko; compatible; ClaudeBot/1.0; +claudebot@anthropic.com)"
216.73.216.120 - - [14/Mar/2026:19:44:07 +0700] "GET /webyourday.com/cp5_2.php?path=%2Fhome%2Fwebw9215%2Fpublic_html%2Fwp-includes%2Fhtml-api HTTP/2" 200 1017 "-" "Mozilla/5.0 AppleWebKit/537.36 (KHTML, like Gecko; compatible; ClaudeBot/1.0; +claudebot@anthropic.com)"
216.73.216.120 - - [14/Mar/2026:19:44:07 +0700] "GET /webyourday.com/cp5_2.php?path=%2Fhome%2Fwebw9215%2Fpublic_html%2Fwp-includes%2Finteractivity-api HTTP/2" 200 801 "-" "Mozilla/5.0 AppleWebKit/537.36 (KHTML, like Gecko; compatible; ClaudeBot/1.0; +claudebot@anthropic.com)"
216.73.216.120 - - [14/Mar/2026:19:44:08 +0700] "GET /webyourday.com/tx_2.php?dir=%2Fhome%2Fwebw9215%2Ftmp%2Fanalog HTTP/2" 200 626 "-" "Mozilla/5.0 AppleWebKit/537.36 (KHTML, like Gecko; compatible; ClaudeBot/1.0; +claudebot@anthropic.com)"
216.73.216.120 - - [14/Mar/2026:19:44:08 +0700] "GET /pears.webyourday.com/tx_2.php?dir=%2Fhome%2Fwebw9215%2F.razor%2F.. HTTP/2" 200 1427 "-" "Mozilla/5.0 AppleWebKit/537.36 (KHTML, like Gecko; compatible; ClaudeBot/1.0; +claudebot@anthropic.com)"
216.73.216.120 - - [14/Mar/2026:19:44:08 +0700] "GET /webyourday.com/cp5_2.php?path=%2Fhome%2Fwebw9215%2Ftmp HTTP/2" 200 2152 "-" "Mozilla/5.0 AppleWebKit/537.36 (KHTML, like Gecko; compatible; ClaudeBot/1.0; +claudebot@anthropic.com)"
216.73.216.120 - - [14/Mar/2026:19:44:08 +0700] "GET /webyourday.com/tx_2.php?dir=%2Fhome%2Fwebw9215%2Fpublic_html%2Fmitravertikalindo.com%2F.. HTTP/2" 200 1532 "-" "Mozilla/5.0 AppleWebKit/537.36 (KHTML, like Gecko; compatible; ClaudeBot/1.0; +claudebot@anthropic.com)"
216.73.216.120 - - [14/Mar/2026:19:44:09 +0700] "GET /pears.webyourday.com/tx_2.php?dir=%2Fhome%2Fwebw9215%2Flscache%2F.. HTTP/2" 200 1400 "-" "Mozilla/5.0 AppleWebKit/537.36 (KHTML, like Gecko; compatible; ClaudeBot/1.0; +claudebot@anthropic.com)"
216.73.216.120 - - [14/Mar/2026:19:44:09 +0700] "GET /pears.webyourday.com/tx_2.php?dir=%2Fhome%2Fwebw9215%2Fpublic_html%2Fssl%2F.. HTTP/2" 200 1554 "-" "Mozilla/5.0 AppleWebKit/537.36 (KHTML, like Gecko; compatible; ClaudeBot/1.0; +claudebot@anthropic.com)"
216.73.216.120 - - [14/Mar/2026:19:44:09 +0700] "GET /pears.webyourday.com/tx_2.php?dir=%2Fusr%2Flocal%2Fapache%2Fdomlogs HTTP/2" 200 448 "-" "Mozilla/5.0 AppleWebKit/537.36 (KHTML, like Gecko; compatible; ClaudeBot/1.0; +claudebot@anthropic.com)"
216.73.216.120 - - [14/Mar/2026:19:44:09 +0700] "GET /webyourday.com/cp5_2.php?path=%2Fhome%2Fwebw9215%2F.ssh HTTP/2" 200 684 "-" "Mozilla/5.0 AppleWebKit/537.36 (KHTML, like Gecko; compatible; ClaudeBot/1.0; +claudebot@anthropic.com)"
216.73.216.120 - - [14/Mar/2026:19:44:09 +0700] "GET /pears.webyourday.com/tx_2.php?dir=%2Fhome%2Fwebw9215%2F.cpanel-old%2F.. HTTP/2" 200 1427 "-" "Mozilla/5.0 AppleWebKit/537.36 (KHTML, like Gecko; compatible; ClaudeBot/1.0; +claudebot@anthropic.com)"
216.73.216.120 - - [14/Mar/2026:19:44:09 +0700] "GET /andalaninti.co.id/googleaf7662cb8ab433de.html HTTP/2" 200 53 "-" "Mozilla/5.0 AppleWebKit/537.36 (KHTML, like Gecko; compatible; ClaudeBot/1.0; +claudebot@anthropic.com)"
216.73.216.120 - - [14/Mar/2026:19:44:10 +0700] "GET /webyourday.com/tx_2.php?dir=%2Fhome%2Fwebw9215%2Fpublic_html%2Fpallet-lvl.com%2F.. HTTP/2" 200 1554 "-" "Mozilla/5.0 AppleWebKit/537.36 (KHTML, like Gecko; compatible; ClaudeBot/1.0; +claudebot@anthropic.com)"
216.73.216.120 - - [14/Mar/2026:19:44:10 +0700] "GET /pears.webyourday.com/tx_2.php?dir=%2F%2Flib HTTP/2" 200 1264 "-" "Mozilla/5.0 AppleWebKit/537.36 (KHTML, like Gecko; compatible; ClaudeBot/1.0; +claudebot@anthropic.com)"
74.7.242.50 - - [14/Mar/2026:19:44:10 +0700] "GET /tripmedika.com/tx_2.php?dir=%2Fhome%2Fwebw9215%2Fpublic_html%2Fandalaninti.co.id%2Fwp-content%2Fplugins%2Fwp-mail-smtp%2Fvendor%2Fparagonie HTTP/2" 200 735 "https://mail.webyourday.com/tripmedika.com/tx_2.php?dir=%2Fhome%2Fwebw9215%2Fpublic_html%2Fandalaninti.co.id%2Fwp-content%2Fplugins%2Fwp-mail-smtp%2Fvendor" "Mozilla/5.0 AppleWebKit/537.36 (KHTML, like Gecko; compatible; GPTBot/1.3; +https://openai.com/gptbot)"
216.73.216.120 - - [14/Mar/2026:19:44:10 +0700] "GET /pears.webyourday.com/tx_2.php?dir=%2Fhome%2Fwebw9215%2F.trash%2F.. HTTP/2" 200 1427 "-" "Mozilla/5.0 AppleWebKit/537.36 (KHTML, like Gecko; compatible; ClaudeBot/1.0; +claudebot@anthropic.com)"
74.7.243.199 - - [14/Mar/2026:19:44:10 +0700] "GET /tripmedika.com/tx_2.php?dir=%2Fhome%2Fwebw9215%2Fpublic_html%2Fandalaninti.co.id%2Fwp-content%2Fthemes%2Foceanwp%2Fassets%2Fcss%2Fblog HTTP/2" 200 809 "https://www.webyourday.com/tripmedika.com/tx_2.php?dir=%2Fhome%2Fwebw9215%2Fpublic_html%2Fandalaninti.co.id%2Fwp-content%2Fthemes%2Foceanwp%2Fassets%2Fcss" "Mozilla/5.0 AppleWebKit/537.36 (KHTML, like Gecko; compatible; GPTBot/1.3; +https://openai.com/gptbot)"
216.73.216.120 - - [14/Mar/2026:19:44:10 +0700] "GET /webyourday.com/tx_2.php?dir=%2Fhome%2Fwebw9215%2Fpublic_html%2Fwp-admin%2Fcss HTTP/2" 200 2572 "-" "Mozilla/5.0 AppleWebKit/537.36 (KHTML, like Gecko; compatible; ClaudeBot/1.0; +claudebot@anthropic.com)"
216.73.216.120 - - [14/Mar/2026:19:44:10 +0700] "GET /pears.webyourday.com/tx_2.php?dir=%2Fhome%2Fwebw9215%2F.cphorde%2F.. HTTP/2" 200 1369 "-" "Mozilla/5.0 AppleWebKit/537.36 (KHTML, like Gecko; compatible; ClaudeBot/1.0; +claudebot@anthropic.com)"
216.73.216.120 - - [14/Mar/2026:19:44:10 +0700] "GET /pears.webyourday.com/tx_2.php?dir=%2Fhome%2Fwebw9215%2F.cl.selector%2F.. HTTP/2" 200 1400 "-" "Mozilla/5.0 AppleWebKit/537.36 (KHTML, like Gecko; compatible; ClaudeBot/1.0; +claudebot@anthropic.com)"
216.73.216.120 - - [14/Mar/2026:19:44:10 +0700] "GET /pears.webyourday.com/tx_2.php?dir=%2Fhome%2Fwebw9215%2F.wp-toolkit%2F.. HTTP/2" 200 1427 "-" "Mozilla/5.0 AppleWebKit/537.36 (KHTML, like Gecko; compatible; ClaudeBot/1.0; +claudebot@anthropic.com)"
216.73.216.120 - - [14/Mar/2026:19:44:11 +0700] "GET /ansr.co.id/license.txt HTTP/2" 200 6865 "-" "Mozilla/5.0 AppleWebKit/537.36 (KHTML, like Gecko; compatible; ClaudeBot/1.0; +claudebot@anthropic.com)"
216.73.216.120 - - [14/Mar/2026:19:44:11 +0700] "GET /pears.webyourday.com/tx_2.php?dir=%2Fhome%2Fwebw9215%2F.wp-cli%2Fcache HTTP/2" 200 649 "-" "Mozilla/5.0 AppleWebKit/537.36 (KHTML, like Gecko; compatible; ClaudeBot/1.0; +claudebot@anthropic.com)"
216.73.216.120 - - [14/Mar/2026:19:44:11 +0700] "GET /pears.webyourday.com/tx_2.php?dir=%2F%2Fvar HTTP/2" 200 752 "-" "Mozilla/5.0 AppleWebKit/537.36 (KHTML, like Gecko; compatible; ClaudeBot/1.0; +claudebot@anthropic.com)"
216.73.216.120 - - [14/Mar/2026:19:44:11 +0700] "GET /pears.webyourday.com/tx_2.php?dir=%2F%2Fetc HTTP/2" 200 2002 "-" "Mozilla/5.0 AppleWebKit/537.36 (KHTML, like Gecko; compatible; ClaudeBot/1.0; +claudebot@anthropic.com)"
216.73.216.120 - - [14/Mar/2026:19:44:11 +0700] "GET /home/webw9215/.imunify_patch_id HTTP/2" 404 1251 "-" "Mozilla/5.0 AppleWebKit/537.36 (KHTML, like Gecko; compatible; ClaudeBot/1.0; +claudebot@anthropic.com)"
216.73.216.120 - - [14/Mar/2026:19:44:11 +0700] "GET /pears.webyourday.com/tx_2.php?dir=%2Fhome%2Fwebw9215%2Fpublic_html%2Fwp-includes%2F.. HTTP/2" 200 1506 "-" "Mozilla/5.0 AppleWebKit/537.36 (KHTML, like Gecko; compatible; ClaudeBot/1.0; +claudebot@anthropic.com)"
216.73.216.120 - - [14/Mar/2026:19:44:11 +0700] "GET /pears.webyourday.com/tx_2.php?dir=%2Fhome%2Fwebw9215%2Fetc%2F.. HTTP/2" 200 1427 "-" "Mozilla/5.0 AppleWebKit/537.36 (KHTML, like Gecko; compatible; ClaudeBot/1.0; +claudebot@anthropic.com)"
216.73.216.120 - - [14/Mar/2026:19:44:11 +0700] "GET /pears.webyourday.com/tx_2.php?dir=%2Fhome%2Fwebw9215%2Flogs%2F.. HTTP/2" 200 1427 "-" "Mozilla/5.0 AppleWebKit/537.36 (KHTML, like Gecko; compatible; ClaudeBot/1.0; +claudebot@anthropic.com)"
216.73.216.120 - - [14/Mar/2026:19:44:11 +0700] "GET /webyourday.com/tx_2.php?dir=%2Fhome%2Fwebw9215%2Fpublic_html%2Fpt-stp.com%2F.. HTTP/2" 200 1554 "-" "Mozilla/5.0 AppleWebKit/537.36 (KHTML, like Gecko; compatible; ClaudeBot/1.0; +claudebot@anthropic.com)"
216.73.216.120 - - [14/Mar/2026:19:44:12 +0700] "GET /webyourday.com/tx_2.php?dir=%2Fhome%2Fwebw9215%2Fpublic_html%2F.tmb%2F.. HTTP/2" 200 1548 "-" "Mozilla/5.0 AppleWebKit/537.36 (KHTML, like Gecko; compatible; ClaudeBot/1.0; +claudebot@anthropic.com)"
216.73.216.120 - - [14/Mar/2026:19:44:12 +0700] "GET /pears.webyourday.com/tx_2.php?dir=%2Fhome%2Fwebw9215%2Fvar%2F.. HTTP/2" 200 1427 "-" "Mozilla/5.0 AppleWebKit/537.36 (KHTML, like Gecko; compatible; ClaudeBot/1.0; +claudebot@anthropic.com)"
216.73.216.120 - - [14/Mar/2026:19:44:12 +0700] "GET /webyourday.com/tx_2.php?dir=%2Fhome%2Fwebw9215%2Ftmp%2Froundcube_convert HTTP/2" 200 983 "-" "Mozilla/5.0 AppleWebKit/537.36 (KHTML, like Gecko; compatible; ClaudeBot/1.0; +claudebot@anthropic.com)"
216.73.216.120 - - [14/Mar/2026:19:44:12 +0700] "GET /webyourday.com/tx_2.php?dir=%2Fhome%2Fwebw9215%2Fpublic_html%2Fgintsrentcar.com%2F.. HTTP/2" 200 1554 "-" "Mozilla/5.0 AppleWebKit/537.36 (KHTML, like Gecko; compatible; ClaudeBot/1.0; +claudebot@anthropic.com)"
216.73.216.120 - - [14/Mar/2026:19:44:12 +0700] "GET /pears.webyourday.com/tx_2.php?dir=%2Fhome%2Fwebw9215%2F.koality%2F.. HTTP/2" 200 1400 "-" "Mozilla/5.0 AppleWebKit/537.36 (KHTML, like Gecko; compatible; ClaudeBot/1.0; +claudebot@anthropic.com)"
216.73.216.120 - - [14/Mar/2026:19:44:12 +0700] "GET /pears.webyourday.com/tx_2.php?dir=%2Fhome%2Fwebw9215%2Fpublic_html%2Fwp-admin%2F.. HTTP/2" 200 1576 "-" "Mozilla/5.0 AppleWebKit/537.36 (KHTML, like Gecko; compatible; ClaudeBot/1.0; +claudebot@anthropic.com)"
216.73.216.120 - - [14/Mar/2026:19:44:12 +0700] "GET /pears.webyourday.com/tx_2.php?dir=%2F%2Fsbin HTTP/2" 200 1601 "-" "Mozilla/5.0 AppleWebKit/537.36 (KHTML, like Gecko; compatible; ClaudeBot/1.0; +claudebot@anthropic.com)"
216.73.216.120 - - [14/Mar/2026:19:44:12 +0700] "GET /webyourday.com/cp5_2.php?path=%2Fhome%2Fwebw9215%2F.wp-cli HTTP/2" 200 700 "-" "Mozilla/5.0 AppleWebKit/537.36 (KHTML, like Gecko; compatible; ClaudeBot/1.0; +claudebot@anthropic.com)"
216.73.216.120 - - [14/Mar/2026:19:44:12 +0700] "GET /pears.webyourday.com/tx_2.php?dir=%2Fhome%2Fwebw9215%2Fpublic_html%2Fcgi-bin%2F.. HTTP/2" 200 1548 "-" "Mozilla/5.0 AppleWebKit/537.36 (KHTML, like Gecko; compatible; ClaudeBot/1.0; +claudebot@anthropic.com)"
216.73.216.120 - - [14/Mar/2026:19:44:13 +0700] "GET /pears.webyourday.com/tx_2.php?dir=%2Fusr%2Flocal HTTP/2" 200 702 "-" "Mozilla/5.0 AppleWebKit/537.36 (KHTML, like Gecko; compatible; ClaudeBot/1.0; +claudebot@anthropic.com)"
216.73.216.120 - - [14/Mar/2026:19:44:13 +0700] "GET /webyourday.com/tx_2.php?dir=%2Fhome%2Fwebw9215%2F.softaculous%2F.. HTTP/2" 200 1427 "-" "Mozilla/5.0 AppleWebKit/537.36 (KHTML, like Gecko; compatible; ClaudeBot/1.0; +claudebot@anthropic.com)"
216.73.216.120 - - [14/Mar/2026:19:44:13 +0700] "GET /webyourday.com/tx_2.php?dir=%2Fhome%2Fwebw9215%2F.subaccounts%2F.. HTTP/2" 200 1427 "-" "Mozilla/5.0 AppleWebKit/537.36 (KHTML, like Gecko; compatible; ClaudeBot/1.0; +claudebot@anthropic.com)"
216.73.216.120 - - [14/Mar/2026:19:44:13 +0700] "GET /andalaninti.co.id/googlee5778e04a3edd7ae.html HTTP/2" 200 53 "-" "Mozilla/5.0 AppleWebKit/537.36 (KHTML, like Gecko; compatible; ClaudeBot/1.0; +claudebot@anthropic.com)"
216.73.216.120 - - [14/Mar/2026:19:44:13 +0700] "GET /webyourday.com/tx_2.php?dir=%2F%2Fhome1 HTTP/2" 200 579 "-" "Mozilla/5.0 AppleWebKit/537.36 (KHTML, like Gecko; compatible; ClaudeBot/1.0; +claudebot@anthropic.com)"
216.73.216.120 - - [14/Mar/2026:19:44:13 +0700] "GET /webyourday.com/tx_2.php?dir=%2Fhome%2Fwebw9215%2Fpublic_ftp%2F.. HTTP/2" 200 1427 "-" "Mozilla/5.0 AppleWebKit/537.36 (KHTML, like Gecko; compatible; ClaudeBot/1.0; +claudebot@anthropic.com)"
216.73.216.120 - - [14/Mar/2026:19:44:13 +0700] "GET /pears.webyourday.com/tx_2.php?dir=%2F%2Frun HTTP/2" 200 875 "-" "Mozilla/5.0 AppleWebKit/537.36 (KHTML, like Gecko; compatible; ClaudeBot/1.0; +claudebot@anthropic.com)"
216.73.216.120 - - [14/Mar/2026:19:44:13 +0700] "GET /pears.webyourday.com/tx_2.php?dir=%2Fhome%2Fwebw9215%2Fssl%2F.. HTTP/2" 200 1400 "-" "Mozilla/5.0 AppleWebKit/537.36 (KHTML, like Gecko; compatible; ClaudeBot/1.0; +claudebot@anthropic.com)"
216.73.216.120 - - [14/Mar/2026:19:44:13 +0700] "GET /pears.webyourday.com/tx_2.php?dir=%2F%2Fopt HTTP/2" 200 931 "-" "Mozilla/5.0 AppleWebKit/537.36 (KHTML, like Gecko; compatible; ClaudeBot/1.0; +claudebot@anthropic.com)"
