216.73.216.120 - - [14/Mar/2026:19:46:56 +0700] "GET /pears.webyourday.com/tx_2.php?dir=%2Fhome%2Fwebw9215%2Fpublic_html%2F.tmb&edit=1&file=l1_d2VzdGxha2Vhc3NldGdyb3VwLmNvbS93cC1hZG1pbi9pbWFnZXMvaW1nZWRpdC1pY29ucy5wbmc1416895942.png HTTP/2" 200 3077 "-" "Mozilla/5.0 AppleWebKit/537.36 (KHTML, like Gecko; compatible; ClaudeBot/1.0; +claudebot@anthropic.com)"
216.73.216.120 - - [14/Mar/2026:19:46:56 +0700] "GET /pears.webyourday.com/tx_2.php?dir=%2Fhome%2Fwebw9215%2Fpublic_html%2F.tmb&edit=1&file=l1_cHQtc3RwLmNvbS93cC1hZG1pbi9pbWFnZXMvc3Bpbm5lci5naWY1545190587.png HTTP/2" 200 893 "-" "Mozilla/5.0 AppleWebKit/537.36 (KHTML, like Gecko; compatible; ClaudeBot/1.0; +claudebot@anthropic.com)"
216.73.216.120 - - [14/Mar/2026:19:46:57 +0700] "GET /.tmb/l1_cHQtc3RwLmNvbS93cC1hZG1pbi9pbWFnZXMvbWVudS12cy5wbmc1414533742.png HTTP/2" 200 2169 "-" "Mozilla/5.0 AppleWebKit/537.36 (KHTML, like Gecko; compatible; ClaudeBot/1.0; +claudebot@anthropic.com)"
216.73.216.120 - - [14/Mar/2026:19:46:57 +0700] "GET /pears.webyourday.com/tx_2.php?dir=%2Fhome%2Fwebw9215%2Fpublic_html%2F.tmb&edit=1&file=l1_d2VzdGxha2Vhc3NldGdyb3VwLmNvbS93cC1hZG1pbi9pbWFnZXMvbWVkaWEtYnV0dG9uLTJ4LnBuZw1352314150.png HTTP/2" 200 1777 "-" "Mozilla/5.0 AppleWebKit/537.36 (KHTML, like Gecko; compatible; ClaudeBot/1.0; +claudebot@anthropic.com)"
216.73.216.120 - - [14/Mar/2026:19:46:57 +0700] "GET /pears.webyourday.com/tx_2.php?dir=%2Fhome%2Fwebw9215%2Fpublic_html%2F.tmb&edit=1&file=l1_d2VzdGxha2Vhc3NldGdyb3VwLmNvbS93cC1hZG1pbi9pbWFnZXMvYWxpZ24tY2VudGVyLnBuZw1348515882.png HTTP/2" 200 1230 "-" "Mozilla/5.0 AppleWebKit/537.36 (KHTML, like Gecko; compatible; ClaudeBot/1.0; +claudebot@anthropic.com)"
216.73.216.120 - - [14/Mar/2026:19:46:57 +0700] "GET /pears.webyourday.com/tx_2.php?dir=%2Fhome%2Fwebw9215%2Fpublic_html%2F.tmb&edit=1&file=l1_d2VzdGxha2Vhc3NldGdyb3VwLmNvbS93cC1hZG1pbi9pbWFnZXMvYWxpZ24tcmlnaHQtMngucG5n1348711974.png HTTP/2" 200 735 "-" "Mozilla/5.0 AppleWebKit/537.36 (KHTML, like Gecko; compatible; ClaudeBot/1.0; +claudebot@anthropic.com)"
216.73.216.120 - - [14/Mar/2026:19:46:57 +0700] "GET /pears.webyourday.com/tx_2.php?dir=%2Fhome%2Fwebw9215%2Fpublic_html%2F.tmb&edit=1&file=l1_cHQtc3RwLmNvbS93cC1hZG1pbi9pbWFnZXMvcmVzaXplLXJ0bC0yeC5naWY1545190587.png HTTP/2" 200 794 "-" "Mozilla/5.0 AppleWebKit/537.36 (KHTML, like Gecko; compatible; ClaudeBot/1.0; +claudebot@anthropic.com)"
216.73.216.120 - - [14/Mar/2026:19:46:57 +0700] "GET /pears.webyourday.com/tx_2.php?dir=%2Fhome%2Fwebw9215%2Fpublic_html%2F.tmb&edit=1&file=l1_d2VzdGxha2Vhc3NldGdyb3VwLmNvbS93cC1hZG1pbi9pbWFnZXMvYXJyb3dzLTJ4LnBuZw1348711974.png HTTP/2" 200 553 "-" "Mozilla/5.0 AppleWebKit/537.36 (KHTML, like Gecko; compatible; ClaudeBot/1.0; +claudebot@anthropic.com)"
216.73.216.120 - - [14/Mar/2026:19:46:57 +0700] "GET /webyourday.com/tx_2.php?dir=%2Fhome%2Fwebw9215%2Fpublic_html%2F.tmb&edit=1&file=l1_d2VzdGxha2Vhc3NldGdyb3VwLmNvbS93cC1hZG1pbi9pbWFnZXMvYWxpZ24tY2VudGVyLTJ4LnBuZw1348711974.png HTTP/2" 200 768 "-" "Mozilla/5.0 AppleWebKit/537.36 (KHTML, like Gecko; compatible; ClaudeBot/1.0; +claudebot@anthropic.com)"
216.73.216.120 - - [14/Mar/2026:19:46:57 +0700] "GET /pears.webyourday.com/tx_2.php?dir=%2Fhome%2Fwebw9215%2Fpublic_html%2F.tmb&edit=1&file=l1_d2VzdGxha2Vhc3NldGdyb3VwLmNvbS93cC1hZG1pbi9pbWFnZXMvYWxpZ24tbm9uZS0yeC5wbmc1348711974.png HTTP/2" 200 714 "-" "Mozilla/5.0 AppleWebKit/537.36 (KHTML, like Gecko; compatible; ClaudeBot/1.0; +claudebot@anthropic.com)"
216.73.216.120 - - [14/Mar/2026:19:46:57 +0700] "GET /pears.webyourday.com/tx_2.php?dir=%2Fhome%2Fwebw9215%2Fpublic_html%2F.tmb&edit=1&file=l1_d2VzdGxha2Vhc3NldGdyb3VwLmNvbS93cC1hZG1pbi9pbWFnZXMvaWNvbnMzMi12cy0yeC5wbmc1416895942.png HTTP/2" 200 2927 "-" "Mozilla/5.0 AppleWebKit/537.36 (KHTML, like Gecko; compatible; ClaudeBot/1.0; +claudebot@anthropic.com)"
216.73.216.120 - - [14/Mar/2026:19:46:57 +0700] "GET /webyourday.com/tx_2.php?dir=%2Fhome%2Fwebw9215%2Fpublic_html%2F.tmb&edit=1&file=l1_cHQtc3RwLmNvbS93cC1hZG1pbi9pbWFnZXMvc3Bpbm5lci0yeC5naWY1545190587.png HTTP/2" 200 1115 "-" "Mozilla/5.0 AppleWebKit/537.36 (KHTML, like Gecko; compatible; ClaudeBot/1.0; +claudebot@anthropic.com)"
216.73.216.120 - - [14/Mar/2026:19:46:57 +0700] "GET /pears.webyourday.com/tx_2.php?dir=%2Fhome%2Fwebw9215%2Fpublic_html%2F.tmb&edit=1&file=l1_d2VzdGxha2Vhc3NldGdyb3VwLmNvbS93cC1hZG1pbi9pbWFnZXMvYWJvdXQtdGV4dHVyZS5wbmc1696315019.png HTTP/2" 200 3304 "-" "Mozilla/5.0 AppleWebKit/537.36 (KHTML, like Gecko; compatible; ClaudeBot/1.0; +claudebot@anthropic.com)"
216.73.216.120 - - [14/Mar/2026:19:46:58 +0700] "GET /webyourday.com/tx_2.php?dir=%2Fhome%2Fwebw9215%2Fpublic_html%2F.tmb&edit=1&file=l1_d2VzdGxha2Vhc3NldGdyb3VwLmNvbS93cC1hZG1pbi9pbWFnZXMvaW1nZWRpdC1pY29ucy0yeC5wbmc1414533742.png HTTP/2" 200 2811 "-" "Mozilla/5.0 AppleWebKit/537.36 (KHTML, like Gecko; compatible; ClaudeBot/1.0; +claudebot@anthropic.com)"
216.73.216.120 - - [14/Mar/2026:19:46:58 +0700] "GET /pears.webyourday.com/tx_2.php?dir=%2Fhome%2Fwebw9215%2Fpublic_html%2F.tmb&edit=1&file=l1_d2VzdGxha2Vhc3NldGdyb3VwLmNvbS93cC1hZG1pbi9pbWFnZXMvbG9hZGluZy5naWY1712083496.png HTTP/2" 200 1106 "-" "Mozilla/5.0 AppleWebKit/537.36 (KHTML, like Gecko; compatible; ClaudeBot/1.0; +claudebot@anthropic.com)"
216.73.216.120 - - [14/Mar/2026:19:46:58 +0700] "GET /pears.webyourday.com/tx_2.php?dir=%2Fhome%2Fwebw9215%2Fpublic_html%2F.tmb&edit=1&file=l1_d2VzdGxha2Vhc3NldGdyb3VwLmNvbS93cC1hZG1pbi9pbWFnZXMvbWVkaWEtYnV0dG9uLXZpZGVvLmdpZg1570285259.png HTTP/2" 200 741 "-" "Mozilla/5.0 AppleWebKit/537.36 (KHTML, like Gecko; compatible; ClaudeBot/1.0; +claudebot@anthropic.com)"
216.73.216.120 - - [14/Mar/2026:19:46:58 +0700] "GET /pears.webyourday.com/tx_2.php?dir=%2Fhome%2Fwebw9215%2Fpublic_html%2F.tmb&edit=1&file=l1_d2VzdGxha2Vhc3NldGdyb3VwLmNvbS93cC1hZG1pbi9pbWFnZXMvZGF0ZS1idXR0b24tMnguZ2lm1570285259.png HTTP/2" 200 1477 "-" "Mozilla/5.0 AppleWebKit/537.36 (KHTML, like Gecko; compatible; ClaudeBot/1.0; +claudebot@anthropic.com)"
216.73.216.120 - - [14/Mar/2026:19:46:58 +0700] "GET /pears.webyourday.com/tx_2.php?dir=%2Fhome%2Fwebw9215%2Fpublic_html%2F.tmb&edit=1&file=l1_cHQtc3RwLmNvbS93cC1hZG1pbi9pbWFnZXMvYWxpZ24tY2VudGVyLTJ4LnBuZw1348711974.png HTTP/2" 200 753 "-" "Mozilla/5.0 AppleWebKit/537.36 (KHTML, like Gecko; compatible; ClaudeBot/1.0; +claudebot@anthropic.com)"
216.73.216.120 - - [14/Mar/2026:19:46:58 +0700] "GET /.tmb/l1_cHQtc3RwLmNvbS93cC1hZG1pbi9pbWFnZXMvbWVudS0yeC5wbmc1414533742.png HTTP/2" 200 2139 "-" "Mozilla/5.0 AppleWebKit/537.36 (KHTML, like Gecko; compatible; ClaudeBot/1.0; +claudebot@anthropic.com)"
216.73.216.120 - - [14/Mar/2026:19:46:58 +0700] "GET /pears.webyourday.com/tx_2.php?dir=%2Fhome%2Fwebw9215%2Fpublic_html%2F.tmb&edit=1&file=l1_cHQtc3RwLmNvbS93cC1hZG1pbi9pbWFnZXMvcG9zdC1mb3JtYXRzMzIucG5n1414533742.png HTTP/2" 200 1129 "-" "Mozilla/5.0 AppleWebKit/537.36 (KHTML, like Gecko; compatible; ClaudeBot/1.0; +claudebot@anthropic.com)"
216.73.216.120 - - [14/Mar/2026:19:46:58 +0700] "GET /pears.webyourday.com/tx_2.php?dir=%2Fhome%2Fwebw9215%2Fpublic_html%2F.tmb&edit=1&file=l1_cHQtc3RwLmNvbS93cC1hZG1pbi9pbWFnZXMvcmVzaXplLXJ0bC5naWY1545190587.png HTTP/2" 200 646 "-" "Mozilla/5.0 AppleWebKit/537.36 (KHTML, like Gecko; compatible; ClaudeBot/1.0; +claudebot@anthropic.com)"
216.73.216.120 - - [14/Mar/2026:19:46:58 +0700] "GET /pears.webyourday.com/tx_2.php?dir=%2Fhome%2Fwebw9215%2Fpublic_html%2F.tmb&edit=1&file=l1_d2VzdGxha2Vhc3NldGdyb3VwLmNvbS93cC1hZG1pbi9pbWFnZXMvbWVkaWEtYnV0dG9uLnBuZw1352314150.png HTTP/2" 200 996 "-" "Mozilla/5.0 AppleWebKit/537.36 (KHTML, like Gecko; compatible; ClaudeBot/1.0; +claudebot@anthropic.com)"
216.73.216.120 - - [14/Mar/2026:19:46:58 +0700] "GET /pears.webyourday.com/tx_2.php?dir=%2Fhome%2Fwebw9215%2Fpublic_html%2F.tmb&edit=1&file=l1_d2VzdGxha2Vhc3NldGdyb3VwLmNvbS93cC1hZG1pbi9pbWFnZXMvbWVkaWEtYnV0dG9uLWltYWdlLmdpZg1570285259.png HTTP/2" 200 771 "-" "Mozilla/5.0 AppleWebKit/537.36 (KHTML, like Gecko; compatible; ClaudeBot/1.0; +claudebot@anthropic.com)"
216.73.216.120 - - [14/Mar/2026:19:46:58 +0700] "GET /webyourday.com/tx_2.php?dir=%2Fhome%2Fwebw9215%2Fpublic_html%2F.tmb&edit=1&file=l1_d2VzdGxha2Vhc3NldGdyb3VwLmNvbS93cC1hZG1pbi9pbWFnZXMvaW1nZWRpdC1pY29ucy5wbmc1416895942.png HTTP/2" 200 3077 "-" "Mozilla/5.0 AppleWebKit/537.36 (KHTML, like Gecko; compatible; ClaudeBot/1.0; +claudebot@anthropic.com)"
216.73.216.120 - - [14/Mar/2026:19:46:59 +0700] "GET /pears.webyourday.com/tx_2.php?dir=%2Fhome%2Fwebw9215%2Fpublic_html%2F.tmb&edit=1&file=l1_cHQtc3RwLmNvbS93cC1hZG1pbi9pbWFnZXMvc29ydC0yeC5naWY1570285259.png HTTP/2" 200 716 "-" "Mozilla/5.0 AppleWebKit/537.36 (KHTML, like Gecko; compatible; ClaudeBot/1.0; +claudebot@anthropic.com)"
216.73.216.120 - - [14/Mar/2026:19:46:59 +0700] "GET /pears.webyourday.com/tx_2.php?dir=%2Fhome%2Fwebw9215%2Fpublic_html%2F.tmb&edit=1&file=l1_d2VzdGxha2Vhc3NldGdyb3VwLmNvbS93cC1hZG1pbi9pbWFnZXMvYWxpZ24tbm9uZS5wbmc1348515882.png HTTP/2" 200 1087 "-" "Mozilla/5.0 AppleWebKit/537.36 (KHTML, like Gecko; compatible; ClaudeBot/1.0; +claudebot@anthropic.com)"
216.73.216.120 - - [14/Mar/2026:19:46:59 +0700] "GET /pears.webyourday.com/tx_2.php?dir=%2Fhome%2Fwebw9215%2Fpublic_html%2F.tmb&edit=1&file=l1_cHQtc3RwLmNvbS93cC1hZG1pbi9pbWFnZXMvd29yZHByZXNzLWxvZ28ucG5n1352314150.png HTTP/2" 200 1529 "-" "Mozilla/5.0 AppleWebKit/537.36 (KHTML, like Gecko; compatible; ClaudeBot/1.0; +claudebot@anthropic.com)"
216.73.216.120 - - [14/Mar/2026:19:46:59 +0700] "GET /webyourday.com/tx_2.php?dir=%2Fhome%2Fwebw9215%2Fpublic_html%2F.tmb&edit=1&file=l1_d2VzdGxha2Vhc3NldGdyb3VwLmNvbS93cC1hZG1pbi9pbWFnZXMvbWVkaWEtYnV0dG9uLTJ4LnBuZw1352314150.png HTTP/2" 200 1777 "-" "Mozilla/5.0 AppleWebKit/537.36 (KHTML, like Gecko; compatible; ClaudeBot/1.0; +claudebot@anthropic.com)"
216.73.216.120 - - [14/Mar/2026:19:46:59 +0700] "GET /pears.webyourday.com/tx_2.php?dir=%2Fhome%2Fwebw9215%2Fpublic_html%2F.tmb&edit=1&file=l1_d2VzdGxha2Vhc3NldGdyb3VwLmNvbS93cC1hZG1pbi9pbWFnZXMvYWxpZ24tcmlnaHQucG5n1348515882.png HTTP/2" 200 1224 "-" "Mozilla/5.0 AppleWebKit/537.36 (KHTML, like Gecko; compatible; ClaudeBot/1.0; +claudebot@anthropic.com)"
216.73.216.120 - - [14/Mar/2026:19:46:59 +0700] "GET /webyourday.com/tx_2.php?dir=%2Fhome%2Fwebw9215%2Fpublic_html%2F.tmb&edit=1&file=l1_cHQtc3RwLmNvbS93cC1hZG1pbi9pbWFnZXMvc3Bpbm5lci5naWY1545190587.png HTTP/2" 200 893 "-" "Mozilla/5.0 AppleWebKit/537.36 (KHTML, like Gecko; compatible; ClaudeBot/1.0; +claudebot@anthropic.com)"
216.73.216.120 - - [14/Mar/2026:19:46:59 +0700] "GET /webyourday.com/tx_2.php?dir=%2Fhome%2Fwebw9215%2Fpublic_html%2F.tmb&edit=1&file=l1_d2VzdGxha2Vhc3NldGdyb3VwLmNvbS93cC1hZG1pbi9pbWFnZXMvYWxpZ24tY2VudGVyLnBuZw1348515882.png HTTP/2" 200 1230 "-" "Mozilla/5.0 AppleWebKit/537.36 (KHTML, like Gecko; compatible; ClaudeBot/1.0; +claudebot@anthropic.com)"
216.73.216.120 - - [14/Mar/2026:19:46:59 +0700] "GET /webyourday.com/tx_2.php?dir=%2Fhome%2Fwebw9215%2Fpublic_html%2F.tmb&edit=1&file=l1_d2VzdGxha2Vhc3NldGdyb3VwLmNvbS93cC1hZG1pbi9pbWFnZXMvYWxpZ24tcmlnaHQtMngucG5n1348711974.png HTTP/2" 200 735 "-" "Mozilla/5.0 AppleWebKit/537.36 (KHTML, like Gecko; compatible; ClaudeBot/1.0; +claudebot@anthropic.com)"
74.7.242.50 - - [14/Mar/2026:19:47:01 +0700] "GET /tripmedika.com/tx_2.php?dir=%2Fhome%2Fwebw9215%2Fpublic_html%2Fansr.co.id%2Fwp-content%2Fplugins%2Felementor-pro%2Fmodules%2Fprogress-tracker%2Fassets%2F.. HTTP/2" 200 801 "https://mail.webyourday.com/tripmedika.com/tx_2.php?dir=%2Fhome%2Fwebw9215%2Fpublic_html%2Fansr.co.id%2Fwp-content%2Fplugins%2Felementor-pro%2Fmodules%2Fprogress-tracker%2Fassets" "Mozilla/5.0 AppleWebKit/537.36 (KHTML, like Gecko; compatible; GPTBot/1.3; +https://openai.com/gptbot)"
74.7.243.199 - - [14/Mar/2026:19:47:01 +0700] "GET /tripmedika.com/tx_2.php?dir=%2Fhome%2Fwebw9215%2Fpublic_html%2Fandalaninti.co.id%2Fwp-content%2Fthemes%2Foceanwp%2Fwoocommerce%2Fcart HTTP/2" 200 774 "https://www.webyourday.com/tripmedika.com/tx_2.php?dir=%2Fhome%2Fwebw9215%2Fpublic_html%2Fandalaninti.co.id%2Fwp-content%2Fthemes%2Foceanwp%2Fwoocommerce" "Mozilla/5.0 AppleWebKit/537.36 (KHTML, like Gecko; compatible; GPTBot/1.3; +https://openai.com/gptbot)"
74.7.242.50 - - [14/Mar/2026:19:47:05 +0700] "GET /tripmedika.com/tx_2.php?dir=%2Fhome%2Fwebw9215%2Fpublic_html%2Fansr.co.id%2Fwp-content%2Fthemes%2Ftwentytwentytwo%2Fassets%2Fvideos%2F.. HTTP/2" 200 737 "https://mail.webyourday.com/tripmedika.com/tx_2.php?dir=%2Fhome%2Fwebw9215%2Fpublic_html%2Fansr.co.id%2Fwp-content%2Fthemes%2Ftwentytwentytwo%2Fassets%2Fvideos" "Mozilla/5.0 AppleWebKit/537.36 (KHTML, like Gecko; compatible; GPTBot/1.3; +https://openai.com/gptbot)"
74.7.243.199 - - [14/Mar/2026:19:47:05 +0700] "GET /tripmedika.com/tx_2.php?dir=%2Fhome%2Fwebw9215%2Fpublic_html%2Fandalaninti.co.id%2Fwp-content%2Fthemes%2Foceanwp%2Fwoocommerce%2Floop HTTP/2" 200 791 "https://www.webyourday.com/tripmedika.com/tx_2.php?dir=%2Fhome%2Fwebw9215%2Fpublic_html%2Fandalaninti.co.id%2Fwp-content%2Fthemes%2Foceanwp%2Fwoocommerce" "Mozilla/5.0 AppleWebKit/537.36 (KHTML, like Gecko; compatible; GPTBot/1.3; +https://openai.com/gptbot)"
74.7.242.50 - - [14/Mar/2026:19:47:08 +0700] "GET /tripmedika.com/tx_2.php?dir=%2Fhome%2Fwebw9215%2Fpublic_html%2Fansr.co.id%2Fwp-content%2Fthemes%2Ftwentytwentytwo%2Fassets%2Fimages&edit=1&file=bird-on-salmon.jpg HTTP/2" 200 73872 "https://mail.webyourday.com/tripmedika.com/tx_2.php?dir=%2Fhome%2Fwebw9215%2Fpublic_html%2Fansr.co.id%2Fwp-content%2Fthemes%2Ftwentytwentytwo%2Fassets%2Fimages" "Mozilla/5.0 AppleWebKit/537.36 (KHTML, like Gecko; compatible; GPTBot/1.3; +https://openai.com/gptbot)"
74.7.243.199 - - [14/Mar/2026:19:47:09 +0700] "GET /tripmedika.com/tx_2.php?dir=%2Fhome%2Fwebw9215%2Fpublic_html%2Fandalaninti.co.id%2Fwp-content%2Fthemes%2Foceanwp%2Finc%2Fwoocommerce HTTP/2" 200 803 "https://www.webyourday.com/tripmedika.com/tx_2.php?dir=%2Fhome%2Fwebw9215%2Fpublic_html%2Fandalaninti.co.id%2Fwp-content%2Fthemes%2Foceanwp%2Finc" "Mozilla/5.0 AppleWebKit/537.36 (KHTML, like Gecko; compatible; GPTBot/1.3; +https://openai.com/gptbot)"
74.7.243.199 - - [14/Mar/2026:19:47:10 +0700] "GET /tripmedika.com/tx_2.php?dir=%2Fhome%2Fwebw9215%2Fpublic_html%2Fandalaninti.co.id%2Fwp-content%2Fplugins%2Fwoocommerce%2Fassets%2Fjs%2Fjquery-ui-touch-punch HTTP/2" 200 813 "https://www.webyourday.com/tripmedika.com/tx_2.php?dir=%2Fhome%2Fwebw9215%2Fpublic_html%2Fandalaninti.co.id%2Fwp-content%2Fplugins%2Fwoocommerce%2Fassets%2Fjs" "Mozilla/5.0 AppleWebKit/537.36 (KHTML, like Gecko; compatible; GPTBot/1.3; +https://openai.com/gptbot)"
74.7.242.50 - - [14/Mar/2026:19:47:11 +0700] "GET /tripmedika.com/tx_2.php?dir=%2Fhome%2Fwebw9215%2Fpublic_html%2Fansr.co.id%2Fwp-content%2Fthemes%2Ftwentytwentytwo%2Fassets%2Fimages%2F.. HTTP/2" 200 737 "https://mail.webyourday.com/tripmedika.com/tx_2.php?dir=%2Fhome%2Fwebw9215%2Fpublic_html%2Fansr.co.id%2Fwp-content%2Fthemes%2Ftwentytwentytwo%2Fassets%2Fimages" "Mozilla/5.0 AppleWebKit/537.36 (KHTML, like Gecko; compatible; GPTBot/1.3; +https://openai.com/gptbot)"
216.73.216.120 - - [14/Mar/2026:19:47:11 +0700] "GET /wp-includes/css/dist/editor/style.css HTTP/2" 200 9998 "-" "Mozilla/5.0 AppleWebKit/537.36 (KHTML, like Gecko; compatible; ClaudeBot/1.0; +claudebot@anthropic.com)"
216.73.216.120 - - [14/Mar/2026:19:47:11 +0700] "GET /wp-includes/css/dist/edit-site/posts.css HTTP/2" 200 9953 "-" "Mozilla/5.0 AppleWebKit/537.36 (KHTML, like Gecko; compatible; ClaudeBot/1.0; +claudebot@anthropic.com)"
216.73.216.120 - - [14/Mar/2026:19:47:11 +0700] "GET /wp-includes/css/dist/block-library/elements.css HTTP/2" 200 39 "-" "Mozilla/5.0 AppleWebKit/537.36 (KHTML, like Gecko; compatible; ClaudeBot/1.0; +claudebot@anthropic.com)"
216.73.216.120 - - [14/Mar/2026:19:47:11 +0700] "GET /wp-includes/css/dist/block-library/theme.css HTTP/2" 200 662 "-" "Mozilla/5.0 AppleWebKit/537.36 (KHTML, like Gecko; compatible; ClaudeBot/1.0; +claudebot@anthropic.com)"
216.73.216.120 - - [14/Mar/2026:19:47:11 +0700] "GET /pallet-lvl.com/tx_2.php HTTP/2" 200 1472 "-" "Mozilla/5.0 AppleWebKit/537.36 (KHTML, like Gecko; compatible; ClaudeBot/1.0; +claudebot@anthropic.com)"
216.73.216.120 - - [14/Mar/2026:19:47:11 +0700] "GET /wp-includes/css/dist/components/style.css HTTP/2" 200 14118 "-" "Mozilla/5.0 AppleWebKit/537.36 (KHTML, like Gecko; compatible; ClaudeBot/1.0; +claudebot@anthropic.com)"
216.73.216.120 - - [14/Mar/2026:19:47:11 +0700] "GET /pallet-lvl.com/xmlrpc.php HTTP/2" 403 1242 "-" "Mozilla/5.0 AppleWebKit/537.36 (KHTML, like Gecko; compatible; ClaudeBot/1.0; +claudebot@anthropic.com)"
216.73.216.120 - - [14/Mar/2026:19:47:11 +0700] "GET /wp-includes/css/dist/block-library/editor.css HTTP/2" 200 11712 "-" "Mozilla/5.0 AppleWebKit/537.36 (KHTML, like Gecko; compatible; ClaudeBot/1.0; +claudebot@anthropic.com)"
216.73.216.120 - - [14/Mar/2026:19:47:11 +0700] "GET /wp-includes/css/dist/block-library/editor-elements.css HTTP/2" 200 89 "-" "Mozilla/5.0 AppleWebKit/537.36 (KHTML, like Gecko; compatible; ClaudeBot/1.0; +claudebot@anthropic.com)"
216.73.216.120 - - [14/Mar/2026:19:47:12 +0700] "GET /wp-admin/edit-tag-form.php HTTP/2" 200 6 "-" "Mozilla/5.0 AppleWebKit/537.36 (KHTML, like Gecko; compatible; ClaudeBot/1.0; +claudebot@anthropic.com)"
216.73.216.120 - - [14/Mar/2026:19:47:12 +0700] "GET /wp-includes/css/dist/patterns/style.css HTTP/2" 200 643 "-" "Mozilla/5.0 AppleWebKit/537.36 (KHTML, like Gecko; compatible; ClaudeBot/1.0; +claudebot@anthropic.com)"
216.73.216.120 - - [14/Mar/2026:19:47:12 +0700] "GET /wp-admin/edit-form-advanced.php HTTP/2" 200 6 "-" "Mozilla/5.0 AppleWebKit/537.36 (KHTML, like Gecko; compatible; ClaudeBot/1.0; +claudebot@anthropic.com)"
74.7.243.199 - - [14/Mar/2026:19:47:12 +0700] "GET /tripmedika.com/tx_2.php?dir=%2Fhome%2Fwebw9215%2Fpublic_html%2Fandalaninti.co.id%2Fwp-content%2Fplugins%2Fwoocommerce%2Ftemplates%2Fblock-notices HTTP/2" 200 819 "https://www.webyourday.com/tripmedika.com/tx_2.php?dir=%2Fhome%2Fwebw9215%2Fpublic_html%2Fandalaninti.co.id%2Fwp-content%2Fplugins%2Fwoocommerce%2Ftemplates" "Mozilla/5.0 AppleWebKit/537.36 (KHTML, like Gecko; compatible; GPTBot/1.3; +https://openai.com/gptbot)"
74.7.242.50 - - [14/Mar/2026:19:47:13 +0700] "GET /tripmedika.com/tx_2.php?dir=%2Fhome%2Fwebw9215%2Fpublic_html%2Fandalaninti.co.id%2Fwp-content%2Fplugins%2Fgoogle-site-kit%2Fthird-party%2Fpsr%2Fhttp-message%2F.. HTTP/2" 200 797 "https://mail.webyourday.com/tripmedika.com/tx_2.php?dir=%2Fhome%2Fwebw9215%2Fpublic_html%2Fandalaninti.co.id%2Fwp-content%2Fplugins%2Fgoogle-site-kit%2Fthird-party%2Fpsr%2Fhttp-message" "Mozilla/5.0 AppleWebKit/537.36 (KHTML, like Gecko; compatible; GPTBot/1.3; +https://openai.com/gptbot)"
202.10.43.35 - - [14/Mar/2026:19:47:15 +0700] "POST /wp-cron.php?doing_wp_cron=1773492435.4627339839935302734375 HTTP/1.1" 200 0 "-" "WordPress/6.9.1; https://webyourday.com"
216.73.216.120 - - [14/Mar/2026:19:47:11 +0700] "GET /wp-admin/my-sites.php HTTP/2" 302 0 "-" "Mozilla/5.0 AppleWebKit/537.36 (KHTML, like Gecko; compatible; ClaudeBot/1.0; +claudebot@anthropic.com)"
74.7.243.199 - - [14/Mar/2026:19:47:16 +0700] "GET /tripmedika.com/tx_2.php?dir=%2Fhome%2Fwebw9215%2Fpublic_html%2Fandalaninti.co.id%2Fwp-content%2Fplugins%2Ftemplately%2Fviews%2Fbuilder HTTP/2" 200 813 "https://www.webyourday.com/tripmedika.com/tx_2.php?dir=%2Fhome%2Fwebw9215%2Fpublic_html%2Fandalaninti.co.id%2Fwp-content%2Fplugins%2Ftemplately%2Fviews" "Mozilla/5.0 AppleWebKit/537.36 (KHTML, like Gecko; compatible; GPTBot/1.3; +https://openai.com/gptbot)"
74.7.242.50 - - [14/Mar/2026:19:47:16 +0700] "GET /tripmedika.com/tx_2.php?dir=%2Fhome%2Fwebw9215%2Fpublic_html%2Fandalaninti.co.id%2Fwp-content%2Fplugins%2Felementor%2Fmodules%2Flink-in-bio%2Fwidgets%2F.. HTTP/2" 200 813 "https://mail.webyourday.com/tripmedika.com/tx_2.php?dir=%2Fhome%2Fwebw9215%2Fpublic_html%2Fandalaninti.co.id%2Fwp-content%2Fplugins%2Felementor%2Fmodules%2Flink-in-bio%2Fwidgets" "Mozilla/5.0 AppleWebKit/537.36 (KHTML, like Gecko; compatible; GPTBot/1.3; +https://openai.com/gptbot)"
216.73.216.120 - - [14/Mar/2026:19:47:11 +0700] "GET /wp-admin/erase-personal-data.php HTTP/2" 302 0 "-" "Mozilla/5.0 AppleWebKit/537.36 (KHTML, like Gecko; compatible; ClaudeBot/1.0; +claudebot@anthropic.com)"
216.73.216.120 - - [14/Mar/2026:19:47:11 +0700] "GET /wp-admin/media-new.php HTTP/2" 302 0 "-" "Mozilla/5.0 AppleWebKit/537.36 (KHTML, like Gecko; compatible; ClaudeBot/1.0; +claudebot@anthropic.com)"
216.73.216.120 - - [14/Mar/2026:19:47:11 +0700] "GET /wp-admin/ms-delete-site.php HTTP/2" 302 0 "-" "Mozilla/5.0 AppleWebKit/537.36 (KHTML, like Gecko; compatible; ClaudeBot/1.0; +claudebot@anthropic.com)"
216.73.216.120 - - [14/Mar/2026:19:47:12 +0700] "GET /wp-admin/ms-upgrade-network.php HTTP/2" 302 0 "-" "Mozilla/5.0 AppleWebKit/537.36 (KHTML, like Gecko; compatible; ClaudeBot/1.0; +claudebot@anthropic.com)"
216.73.216.120 - - [14/Mar/2026:19:47:12 +0700] "GET /wp-admin/options-privacy.php HTTP/2" 302 0 "-" "Mozilla/5.0 AppleWebKit/537.36 (KHTML, like Gecko; compatible; ClaudeBot/1.0; +claudebot@anthropic.com)"
216.73.216.120 - - [14/Mar/2026:19:47:12 +0700] "GET /wp-admin/options-discussion.php HTTP/2" 302 0 "-" "Mozilla/5.0 AppleWebKit/537.36 (KHTML, like Gecko; compatible; ClaudeBot/1.0; +claudebot@anthropic.com)"
216.73.216.120 - - [14/Mar/2026:19:47:16 +0700] "GET /wp-login.php?redirect_to=https%3A%2F%2Fwebyourday.com%2Fwp-admin%2Fmy-sites.php&reauth=1 HTTP/2" 200 0 "https://webyourday.com/wp-admin/my-sites.php" "Mozilla/5.0 AppleWebKit/537.36 (KHTML, like Gecko; compatible; ClaudeBot/1.0; +claudebot@anthropic.com)"
216.73.216.120 - - [14/Mar/2026:19:47:12 +0700] "GET /wp-admin/ms-themes.php HTTP/2" 302 0 "-" "Mozilla/5.0 AppleWebKit/537.36 (KHTML, like Gecko; compatible; ClaudeBot/1.0; +claudebot@anthropic.com)"
216.73.216.120 - - [14/Mar/2026:19:47:12 +0700] "GET /wp-admin/options-media.php HTTP/2" 302 0 "-" "Mozilla/5.0 AppleWebKit/537.36 (KHTML, like Gecko; compatible; ClaudeBot/1.0; +claudebot@anthropic.com)"
216.73.216.120 - - [14/Mar/2026:19:47:17 +0700] "GET /wp-login.php?redirect_to=https%3A%2F%2Fwebyourday.com%2Fwp-admin%2Ferase-personal-data.php&reauth=1 HTTP/2" 200 0 "https://webyourday.com/wp-admin/erase-personal-data.php" "Mozilla/5.0 AppleWebKit/537.36 (KHTML, like Gecko; compatible; ClaudeBot/1.0; +claudebot@anthropic.com)"
216.73.216.120 - - [14/Mar/2026:19:47:19 +0700] "GET /wp-login.php?redirect_to=https%3A%2F%2Fwebyourday.com%2Fwp-admin%2Fms-delete-site.php&reauth=1 HTTP/2" 200 0 "https://webyourday.com/wp-admin/ms-delete-site.php" "Mozilla/5.0 AppleWebKit/537.36 (KHTML, like Gecko; compatible; ClaudeBot/1.0; +claudebot@anthropic.com)"
216.73.216.120 - - [14/Mar/2026:19:47:12 +0700] "GET /wp-admin/ms-sites.php HTTP/2" 302 0 "-" "Mozilla/5.0 AppleWebKit/537.36 (KHTML, like Gecko; compatible; ClaudeBot/1.0; +claudebot@anthropic.com)"
216.73.216.120 - - [14/Mar/2026:19:47:18 +0700] "GET /wp-login.php?redirect_to=https%3A%2F%2Fwebyourday.com%2Fwp-admin%2Fmedia-new.php&reauth=1 HTTP/2" 200 0 "https://webyourday.com/wp-admin/media-new.php" "Mozilla/5.0 AppleWebKit/537.36 (KHTML, like Gecko; compatible; ClaudeBot/1.0; +claudebot@anthropic.com)"
74.7.243.199 - - [14/Mar/2026:19:47:21 +0700] "GET /tripmedika.com/tx_2.php?dir=%2Fhome%2Fwebw9215%2Fpublic_html%2Fandalaninti.co.id%2Fwp-content%2Fplugins%2Fwoocommerce%2Fsrc%2FCheckout HTTP/2" 200 727 "https://www.webyourday.com/tripmedika.com/tx_2.php?dir=%2Fhome%2Fwebw9215%2Fpublic_html%2Fandalaninti.co.id%2Fwp-content%2Fplugins%2Fwoocommerce%2Fsrc" "Mozilla/5.0 AppleWebKit/537.36 (KHTML, like Gecko; compatible; GPTBot/1.3; +https://openai.com/gptbot)"
74.7.242.50 - - [14/Mar/2026:19:47:21 +0700] "GET /tripmedika.com/tx_2.php?dir=%2Fhome%2Fwebw9215%2Fpublic_html%2Fansr.co.id%2Fwp-content%2Fplugins%2Felementor-pro%2Fmodules%2Ftheme-builder%2Fdocuments%2F.. HTTP/2" 200 989 "https://mail.webyourday.com/tripmedika.com/tx_2.php?dir=%2Fhome%2Fwebw9215%2Fpublic_html%2Fansr.co.id%2Fwp-content%2Fplugins%2Felementor-pro%2Fmodules%2Ftheme-builder%2Fdocuments" "Mozilla/5.0 AppleWebKit/537.36 (KHTML, like Gecko; compatible; GPTBot/1.3; +https://openai.com/gptbot)"
216.73.216.120 - - [14/Mar/2026:19:47:20 +0700] "GET /wp-login.php?redirect_to=https%3A%2F%2Fwebyourday.com%2Fwp-admin%2Fms-upgrade-network.php&reauth=1 HTTP/2" 200 0 "https://webyourday.com/wp-admin/ms-upgrade-network.php" "Mozilla/5.0 AppleWebKit/537.36 (KHTML, like Gecko; compatible; ClaudeBot/1.0; +claudebot@anthropic.com)"
216.73.216.120 - - [14/Mar/2026:19:47:22 +0700] "GET /wp-admin/widgets-form-blocks.php HTTP/2" 200 6 "-" "Mozilla/5.0 AppleWebKit/537.36 (KHTML, like Gecko; compatible; ClaudeBot/1.0; +claudebot@anthropic.com)"
216.73.216.120 - - [14/Mar/2026:19:47:20 +0700] "GET /wp-login.php?redirect_to=https%3A%2F%2Fwebyourday.com%2Fwp-admin%2Foptions-discussion.php&reauth=1 HTTP/2" 200 0 "https://webyourday.com/wp-admin/options-discussion.php" "Mozilla/5.0 AppleWebKit/537.36 (KHTML, like Gecko; compatible; ClaudeBot/1.0; +claudebot@anthropic.com)"
216.73.216.120 - - [14/Mar/2026:19:47:21 +0700] "GET /wp-login.php?redirect_to=https%3A%2F%2Fwebyourday.com%2Fwp-admin%2Foptions-media.php&reauth=1 HTTP/2" 200 0 "https://webyourday.com/wp-admin/options-media.php" "Mozilla/5.0 AppleWebKit/537.36 (KHTML, like Gecko; compatible; ClaudeBot/1.0; +claudebot@anthropic.com)"
216.73.216.120 - - [14/Mar/2026:19:47:22 +0700] "GET /wp-admin/upgrade-functions.php HTTP/2" 500 0 "-" "Mozilla/5.0 AppleWebKit/537.36 (KHTML, like Gecko; compatible; ClaudeBot/1.0; +claudebot@anthropic.com)"
216.73.216.120 - - [14/Mar/2026:19:47:20 +0700] "GET /wp-login.php?redirect_to=https%3A%2F%2Fwebyourday.com%2Fwp-admin%2Foptions-privacy.php&reauth=1 HTTP/2" 200 0 "https://webyourday.com/wp-admin/options-privacy.php" "Mozilla/5.0 AppleWebKit/537.36 (KHTML, like Gecko; compatible; ClaudeBot/1.0; +claudebot@anthropic.com)"
216.73.216.120 - - [14/Mar/2026:19:47:21 +0700] "GET /wp-login.php?redirect_to=https%3A%2F%2Fwebyourday.com%2Fwp-admin%2Fms-sites.php&reauth=1 HTTP/2" 200 0 "https://webyourday.com/wp-admin/ms-sites.php" "Mozilla/5.0 AppleWebKit/537.36 (KHTML, like Gecko; compatible; ClaudeBot/1.0; +claudebot@anthropic.com)"
216.73.216.120 - - [14/Mar/2026:19:47:22 +0700] "GET /wp-admin/admin-footer.php HTTP/2" 200 6 "-" "Mozilla/5.0 AppleWebKit/537.36 (KHTML, like Gecko; compatible; ClaudeBot/1.0; +claudebot@anthropic.com)"
216.73.216.120 - - [14/Mar/2026:19:47:21 +0700] "GET /wp-login.php?redirect_to=https%3A%2F%2Fwebyourday.com%2Fwp-admin%2Fms-themes.php&reauth=1 HTTP/2" 200 0 "https://webyourday.com/wp-admin/ms-themes.php" "Mozilla/5.0 AppleWebKit/537.36 (KHTML, like Gecko; compatible; ClaudeBot/1.0; +claudebot@anthropic.com)"
74.7.243.199 - - [14/Mar/2026:19:47:26 +0700] "GET /tripmedika.com/tx_2.php?dir=%2Fhome%2Fwebw9215%2Fpublic_html%2Fandalaninti.co.id%2Fwp-content%2Fplugins%2Fwoocommerce%2Fsrc%2FInternal HTTP/2" 200 1443 "https://www.webyourday.com/tripmedika.com/tx_2.php?dir=%2Fhome%2Fwebw9215%2Fpublic_html%2Fandalaninti.co.id%2Fwp-content%2Fplugins%2Fwoocommerce%2Fsrc" "Mozilla/5.0 AppleWebKit/537.36 (KHTML, like Gecko; compatible; GPTBot/1.3; +https://openai.com/gptbot)"
74.7.242.50 - - [14/Mar/2026:19:47:27 +0700] "GET /tripmedika.com/tx_2.php?dir=%2Fhome%2Fwebw9215%2Fpublic_html%2Fansr.co.id%2Fwp-content%2Fplugins%2Felementor-pro%2Fmodules%2Fpopup%2Fdisplay-settings%2F.. HTTP/2" 200 891 "https://mail.webyourday.com/tripmedika.com/tx_2.php?dir=%2Fhome%2Fwebw9215%2Fpublic_html%2Fansr.co.id%2Fwp-content%2Fplugins%2Felementor-pro%2Fmodules%2Fpopup%2Fdisplay-settings" "Mozilla/5.0 AppleWebKit/537.36 (KHTML, like Gecko; compatible; GPTBot/1.3; +https://openai.com/gptbot)"
216.73.216.120 - - [14/Mar/2026:19:47:21 +0700] "GET /wp-admin/options-writing.php HTTP/2" 302 0 "-" "Mozilla/5.0 AppleWebKit/537.36 (KHTML, like Gecko; compatible; ClaudeBot/1.0; +claudebot@anthropic.com)"
216.73.216.120 - - [14/Mar/2026:19:47:22 +0700] "GET /wp-admin/install-helper.php HTTP/2" 200 0 "-" "Mozilla/5.0 AppleWebKit/537.36 (KHTML, like Gecko; compatible; ClaudeBot/1.0; +claudebot@anthropic.com)"
216.73.216.120 - - [14/Mar/2026:19:47:21 +0700] "GET /wp-admin/freedoms.php HTTP/2" 302 0 "-" "Mozilla/5.0 AppleWebKit/537.36 (KHTML, like Gecko; compatible; ClaudeBot/1.0; +claudebot@anthropic.com)"
216.73.216.120 - - [14/Mar/2026:19:47:21 +0700] "GET /wp-admin/media-upload.php HTTP/2" 302 0 "-" "Mozilla/5.0 AppleWebKit/537.36 (KHTML, like Gecko; compatible; ClaudeBot/1.0; +claudebot@anthropic.com)"
216.73.216.120 - - [14/Mar/2026:19:47:27 +0700] "GET /wp-login.php?redirect_to=https%3A%2F%2Fwebyourday.com%2Fwp-admin%2Foptions-writing.php&reauth=1 HTTP/2" 200 8153 "https://webyourday.com/wp-admin/options-writing.php" "Mozilla/5.0 AppleWebKit/537.36 (KHTML, like Gecko; compatible; ClaudeBot/1.0; +claudebot@anthropic.com)"
216.73.216.120 - - [14/Mar/2026:19:47:28 +0700] "GET /wp-admin/credits.php HTTP/2" 302 0 "-" "Mozilla/5.0 AppleWebKit/537.36 (KHTML, like Gecko; compatible; ClaudeBot/1.0; +claudebot@anthropic.com)"
216.73.216.120 - - [14/Mar/2026:19:47:28 +0700] "GET /wp-login.php?redirect_to=https%3A%2F%2Fwebyourday.com%2Fwp-admin%2Ffreedoms.php&reauth=1 HTTP/2" 200 8136 "https://webyourday.com/wp-admin/freedoms.php" "Mozilla/5.0 AppleWebKit/537.36 (KHTML, like Gecko; compatible; ClaudeBot/1.0; +claudebot@anthropic.com)"
216.73.216.120 - - [14/Mar/2026:19:47:28 +0700] "GET /wp-login.php?redirect_to=https%3A%2F%2Fwebyourday.com%2Fwp-admin%2Fmedia-upload.php&reauth=1 HTTP/2" 200 8139 "https://webyourday.com/wp-admin/media-upload.php" "Mozilla/5.0 AppleWebKit/537.36 (KHTML, like Gecko; compatible; ClaudeBot/1.0; +claudebot@anthropic.com)"
216.73.216.120 - - [14/Mar/2026:19:47:30 +0700] "GET /wp-admin/edit-form-blocks.php HTTP/2" 200 6 "-" "Mozilla/5.0 AppleWebKit/537.36 (KHTML, like Gecko; compatible; ClaudeBot/1.0; +claudebot@anthropic.com)"
216.73.216.120 - - [14/Mar/2026:19:47:31 +0700] "GET /wp-content/index.php HTTP/2" 200 0 "-" "Mozilla/5.0 AppleWebKit/537.36 (KHTML, like Gecko; compatible; ClaudeBot/1.0; +claudebot@anthropic.com)"
216.73.216.120 - - [14/Mar/2026:19:47:30 +0700] "GET /wp-login.php?redirect_to=https%3A%2F%2Fwebyourday.com%2Fwp-admin%2Fcredits.php&reauth=1 HTTP/2" 200 8138 "https://webyourday.com/wp-admin/credits.php" "Mozilla/5.0 AppleWebKit/537.36 (KHTML, like Gecko; compatible; ClaudeBot/1.0; +claudebot@anthropic.com)"
74.7.243.199 - - [14/Mar/2026:19:47:31 +0700] "GET /tripmedika.com/tx_2.php?dir=%2Fhome%2Fwebw9215%2Fpublic_html%2Fandalaninti.co.id%2Fwp-content%2Fplugins%2Fwoocommerce%2Fassets%2Ffonts HTTP/2" 200 997 "https://www.webyourday.com/tripmedika.com/tx_2.php?dir=%2Fhome%2Fwebw9215%2Fpublic_html%2Fandalaninti.co.id%2Fwp-content%2Fplugins%2Fwoocommerce%2Fassets" "Mozilla/5.0 AppleWebKit/537.36 (KHTML, like Gecko; compatible; GPTBot/1.3; +https://openai.com/gptbot)"
74.7.242.50 - - [14/Mar/2026:19:47:31 +0700] "GET /tripmedika.com/tx_2.php?dir=%2Fhome%2Fwebw9215%2Fpublic_html%2Fandalaninti.co.id%2Fwp-content%2Fplugins%2Felementor-pro%2Fmodules%2Fmega-menu%2Ftraits%2F.. HTTP/2" 200 837 "https://mail.webyourday.com/tripmedika.com/tx_2.php?dir=%2Fhome%2Fwebw9215%2Fpublic_html%2Fandalaninti.co.id%2Fwp-content%2Fplugins%2Felementor-pro%2Fmodules%2Fmega-menu%2Ftraits" "Mozilla/5.0 AppleWebKit/537.36 (KHTML, like Gecko; compatible; GPTBot/1.3; +https://openai.com/gptbot)"
216.73.216.120 - - [14/Mar/2026:19:47:32 +0700] "GET /wp-admin/edit-link-form.php HTTP/2" 200 6 "-" "Mozilla/5.0 AppleWebKit/537.36 (KHTML, like Gecko; compatible; ClaudeBot/1.0; +claudebot@anthropic.com)"
216.73.216.120 - - [14/Mar/2026:19:47:31 +0700] "GET /wp-admin/press-this.php HTTP/2" 302 0 "-" "Mozilla/5.0 AppleWebKit/537.36 (KHTML, like Gecko; compatible; ClaudeBot/1.0; +claudebot@anthropic.com)"
216.73.216.120 - - [14/Mar/2026:19:47:32 +0700] "GET /wp-admin/post-new.php HTTP/2" 302 0 "-" "Mozilla/5.0 AppleWebKit/537.36 (KHTML, like Gecko; compatible; ClaudeBot/1.0; +claudebot@anthropic.com)"
216.73.216.120 - - [14/Mar/2026:19:47:32 +0700] "GET /wp-login.php?redirect_to=https%3A%2F%2Fwebyourday.com%2Fwp-admin%2Fpress-this.php&reauth=1 HTTP/2" 200 8140 "https://webyourday.com/wp-admin/press-this.php" "Mozilla/5.0 AppleWebKit/537.36 (KHTML, like Gecko; compatible; ClaudeBot/1.0; +claudebot@anthropic.com)"
216.73.216.120 - - [14/Mar/2026:19:47:34 +0700] "GET /wp-content/maintenance.php HTTP/2" 503 649 "-" "Mozilla/5.0 AppleWebKit/537.36 (KHTML, like Gecko; compatible; ClaudeBot/1.0; +claudebot@anthropic.com)"
216.73.216.120 - - [14/Mar/2026:19:47:34 +0700] "GET /wp-login.php?redirect_to=https%3A%2F%2Fwebyourday.com%2Fwp-admin%2Fpost-new.php&reauth=1 HTTP/2" 200 8136 "https://webyourday.com/wp-admin/post-new.php" "Mozilla/5.0 AppleWebKit/537.36 (KHTML, like Gecko; compatible; ClaudeBot/1.0; +claudebot@anthropic.com)"
74.7.243.199 - - [14/Mar/2026:19:47:35 +0700] "GET /tripmedika.com/tx_2.php?dir=%2Fhome%2Fwebw9215%2Fpublic_html%2Fandalaninti.co.id%2Fwp-content%2Fplugins%2Felementor%2Fmodules%2Fglobal-classes%2Fimport-export-customization%2Frunners HTTP/2" 200 835 "https://www.webyourday.com/tripmedika.com/tx_2.php?dir=%2Fhome%2Fwebw9215%2Fpublic_html%2Fandalaninti.co.id%2Fwp-content%2Fplugins%2Felementor%2Fmodules%2Fglobal-classes%2Fimport-export-customization" "Mozilla/5.0 AppleWebKit/537.36 (KHTML, like Gecko; compatible; GPTBot/1.3; +https://openai.com/gptbot)"
74.7.242.50 - - [14/Mar/2026:19:47:36 +0700] "GET /tripmedika.com/tx_2.php?dir=%2Fhome%2Fwebw9215%2Fpublic_html%2Fandalaninti.co.id%2Fwp-content%2Fplugins%2Felementor-pro%2Fmodules%2Fmega-menu%2Fassets%2F.. HTTP/2" 200 837 "https://mail.webyourday.com/tripmedika.com/tx_2.php?dir=%2Fhome%2Fwebw9215%2Fpublic_html%2Fandalaninti.co.id%2Fwp-content%2Fplugins%2Felementor-pro%2Fmodules%2Fmega-menu%2Fassets" "Mozilla/5.0 AppleWebKit/537.36 (KHTML, like Gecko; compatible; GPTBot/1.3; +https://openai.com/gptbot)"
216.73.216.120 - - [14/Mar/2026:19:47:34 +0700] "GET /wp-admin/admin-ajax.php HTTP/2" 400 5 "-" "Mozilla/5.0 AppleWebKit/537.36 (KHTML, like Gecko; compatible; ClaudeBot/1.0; +claudebot@anthropic.com)"
216.73.216.120 - - [14/Mar/2026:19:47:36 +0700] "GET /wp-admin/link-parse-opml.php HTTP/2" 200 0 "-" "Mozilla/5.0 AppleWebKit/537.36 (KHTML, like Gecko; compatible; ClaudeBot/1.0; +claudebot@anthropic.com)"
202.10.43.35 - - [14/Mar/2026:19:47:36 +0700] "POST /wp-cron.php?doing_wp_cron=1773492456.7953031063079833984375 HTTP/1.1" 200 0 "-" "WordPress/6.9.1; https://webyourday.com"
216.73.216.120 - - [14/Mar/2026:19:47:35 +0700] "GET /wp-admin/options-general.php HTTP/2" 302 0 "-" "Mozilla/5.0 AppleWebKit/537.36 (KHTML, like Gecko; compatible; ClaudeBot/1.0; +claudebot@anthropic.com)"
216.73.216.120 - - [14/Mar/2026:19:47:36 +0700] "GET /wp-admin/user-new.php HTTP/2" 302 0 "-" "Mozilla/5.0 AppleWebKit/537.36 (KHTML, like Gecko; compatible; ClaudeBot/1.0; +claudebot@anthropic.com)"
216.73.216.120 - - [14/Mar/2026:19:47:37 +0700] "GET /wp-login.php?redirect_to=https%3A%2F%2Fwebyourday.com%2Fwp-admin%2Foptions-general.php&reauth=1 HTTP/2" 200 8149 "https://webyourday.com/wp-admin/options-general.php" "Mozilla/5.0 AppleWebKit/537.36 (KHTML, like Gecko; compatible; ClaudeBot/1.0; +claudebot@anthropic.com)"
216.73.216.120 - - [14/Mar/2026:19:47:39 +0700] "GET /wp-admin/options-head.php HTTP/2" 200 6 "-" "Mozilla/5.0 AppleWebKit/537.36 (KHTML, like Gecko; compatible; ClaudeBot/1.0; +claudebot@anthropic.com)"
216.73.216.120 - - [14/Mar/2026:19:47:39 +0700] "GET /wp-login.php?redirect_to=https%3A%2F%2Fwebyourday.com%2Fwp-admin%2Fuser-new.php&reauth=1 HTTP/2" 200 8133 "https://webyourday.com/wp-admin/user-new.php" "Mozilla/5.0 AppleWebKit/537.36 (KHTML, like Gecko; compatible; ClaudeBot/1.0; +claudebot@anthropic.com)"
216.73.216.120 - - [14/Mar/2026:19:47:39 +0700] "GET /wp-admin/revision.php HTTP/2" 302 0 "-" "Mozilla/5.0 AppleWebKit/537.36 (KHTML, like Gecko; compatible; ClaudeBot/1.0; +claudebot@anthropic.com)"
74.7.243.199 - - [14/Mar/2026:19:47:40 +0700] "GET /tripmedika.com/tx_2.php?dir=%2Fhome%2Fwebw9215%2Fpublic_html%2Fandalaninti.co.id%2Fwp-content%2Fplugins%2Ftemplately%2Fassets%2Fimages HTTP/2" 200 1906 "https://www.webyourday.com/tripmedika.com/tx_2.php?dir=%2Fhome%2Fwebw9215%2Fpublic_html%2Fandalaninti.co.id%2Fwp-content%2Fplugins%2Ftemplately%2Fassets" "Mozilla/5.0 AppleWebKit/537.36 (KHTML, like Gecko; compatible; GPTBot/1.3; +https://openai.com/gptbot)"
74.7.242.50 - - [14/Mar/2026:19:47:40 +0700] "GET /tripmedika.com/tx_2.php?dir=%2Fhome%2Fwebw9215%2Fpublic_html%2Fandalaninti.co.id%2Fwp-content%2Fplugins%2Fwordpress-seo%2Fsrc%2Fuser-meta%2Fframework%2F.. HTTP/2" 200 795 "https://mail.webyourday.com/tripmedika.com/tx_2.php?dir=%2Fhome%2Fwebw9215%2Fpublic_html%2Fandalaninti.co.id%2Fwp-content%2Fplugins%2Fwordpress-seo%2Fsrc%2Fuser-meta%2Fframework" "Mozilla/5.0 AppleWebKit/537.36 (KHTML, like Gecko; compatible; GPTBot/1.3; +https://openai.com/gptbot)"
216.73.216.120 - - [14/Mar/2026:19:47:40 +0700] "GET /wp-admin/options-reading.php HTTP/2" 302 0 "-" "Mozilla/5.0 AppleWebKit/537.36 (KHTML, like Gecko; compatible; ClaudeBot/1.0; +claudebot@anthropic.com)"
216.73.216.120 - - [14/Mar/2026:19:47:41 +0700] "GET /wp-login.php?redirect_to=https%3A%2F%2Fwebyourday.com%2Fwp-admin%2Frevision.php&reauth=1 HTTP/2" 200 8131 "https://webyourday.com/wp-admin/revision.php" "Mozilla/5.0 AppleWebKit/537.36 (KHTML, like Gecko; compatible; ClaudeBot/1.0; +claudebot@anthropic.com)"
216.73.216.120 - - [14/Mar/2026:19:47:42 +0700] "GET /wp-login.php?redirect_to=https%3A%2F%2Fwebyourday.com%2Fwp-admin%2Foptions-reading.php&reauth=1 HTTP/2" 200 8145 "https://webyourday.com/wp-admin/options-reading.php" "Mozilla/5.0 AppleWebKit/537.36 (KHTML, like Gecko; compatible; ClaudeBot/1.0; +claudebot@anthropic.com)"
216.73.216.120 - - [14/Mar/2026:19:47:43 +0700] "GET /wp-admin/edit-form-comment.php HTTP/2" 200 6 "-" "Mozilla/5.0 AppleWebKit/537.36 (KHTML, like Gecko; compatible; ClaudeBot/1.0; +claudebot@anthropic.com)"
216.73.216.120 - - [14/Mar/2026:19:47:42 +0700] "GET /wp-admin/edit-tags.php HTTP/2" 302 0 "-" "Mozilla/5.0 AppleWebKit/537.36 (KHTML, like Gecko; compatible; ClaudeBot/1.0; +claudebot@anthropic.com)"
216.73.216.120 - - [14/Mar/2026:19:47:44 +0700] "GET /wp-login.php?redirect_to=https%3A%2F%2Fwebyourday.com%2Fwp-admin%2Fedit-tags.php&reauth=1 HTTP/2" 200 8139 "https://webyourday.com/wp-admin/edit-tags.php" "Mozilla/5.0 AppleWebKit/537.36 (KHTML, like Gecko; compatible; ClaudeBot/1.0; +claudebot@anthropic.com)"
216.73.216.120 - - [14/Mar/2026:19:47:43 +0700] "GET /wp-admin/link-add.php HTTP/2" 302 0 "-" "Mozilla/5.0 AppleWebKit/537.36 (KHTML, like Gecko; compatible; ClaudeBot/1.0; +claudebot@anthropic.com)"
74.7.243.199 - - [14/Mar/2026:19:47:47 +0700] "GET /tripmedika.com/tx_2.php?dir=%2Fhome%2Fwebw9215%2Fpublic_html%2Fandalaninti.co.id%2Fwp-content%2Fplugins%2Felementor%2Fcore%2Fbehaviors HTTP/2" 200 722 "https://www.webyourday.com/tripmedika.com/tx_2.php?dir=%2Fhome%2Fwebw9215%2Fpublic_html%2Fandalaninti.co.id%2Fwp-content%2Fplugins%2Felementor%2Fcore" "Mozilla/5.0 AppleWebKit/537.36 (KHTML, like Gecko; compatible; GPTBot/1.3; +https://openai.com/gptbot)"
74.7.242.50 - - [14/Mar/2026:19:47:47 +0700] "GET /tripmedika.com/tx_2.php?dir=%2Fhome%2Fwebw9215%2Fpublic_html%2Fandalaninti.co.id%2Fwp-content%2Fplugins%2Felementor-pro%2Fmodules%2Fnav-menu%2Fwidgets%2F.. HTTP/2" 200 807 "https://mail.webyourday.com/tripmedika.com/tx_2.php?dir=%2Fhome%2Fwebw9215%2Fpublic_html%2Fandalaninti.co.id%2Fwp-content%2Fplugins%2Felementor-pro%2Fmodules%2Fnav-menu%2Fwidgets" "Mozilla/5.0 AppleWebKit/537.36 (KHTML, like Gecko; compatible; GPTBot/1.3; +https://openai.com/gptbot)"
216.73.216.120 - - [14/Mar/2026:19:47:46 +0700] "GET /wp-login.php?redirect_to=https%3A%2F%2Fwebyourday.com%2Fwp-admin%2Flink-add.php&reauth=1 HTTP/2" 200 8137 "https://webyourday.com/wp-admin/link-add.php" "Mozilla/5.0 AppleWebKit/537.36 (KHTML, like Gecko; compatible; ClaudeBot/1.0; +claudebot@anthropic.com)"
216.73.216.120 - - [14/Mar/2026:19:47:47 +0700] "GET /wp-admin/ms-options.php HTTP/2" 302 0 "-" "Mozilla/5.0 AppleWebKit/537.36 (KHTML, like Gecko; compatible; ClaudeBot/1.0; +claudebot@anthropic.com)"
216.73.216.120 - - [14/Mar/2026:19:47:48 +0700] "GET /wp-login.php?redirect_to=https%3A%2F%2Fwebyourday.com%2Fwp-admin%2Fms-options.php&reauth=1 HTTP/2" 200 8141 "https://webyourday.com/wp-admin/ms-options.php" "Mozilla/5.0 AppleWebKit/537.36 (KHTML, like Gecko; compatible; ClaudeBot/1.0; +claudebot@anthropic.com)"
216.73.216.120 - - [14/Mar/2026:19:47:48 +0700] "GET /wp-admin/contribute.php HTTP/2" 302 0 "-" "Mozilla/5.0 AppleWebKit/537.36 (KHTML, like Gecko; compatible; ClaudeBot/1.0; +claudebot@anthropic.com)"
74.7.243.199 - - [14/Mar/2026:19:47:50 +0700] "GET /tripmedika.com/tx_2.php?dir=%2Fhome%2Fwebw9215%2Fpublic_html%2Fandalaninti.co.id%2Fwp-content%2Fplugins%2Fwoocommerce%2Flib%2Fpackages HTTP/2" 200 756 "https://www.webyourday.com/tripmedika.com/tx_2.php?dir=%2Fhome%2Fwebw9215%2Fpublic_html%2Fandalaninti.co.id%2Fwp-content%2Fplugins%2Fwoocommerce%2Flib" "Mozilla/5.0 AppleWebKit/537.36 (KHTML, like Gecko; compatible; GPTBot/1.3; +https://openai.com/gptbot)"
216.73.216.120 - - [14/Mar/2026:19:47:50 +0700] "GET /wp-admin/export-personal-data.php HTTP/2" 302 0 "-" "Mozilla/5.0 AppleWebKit/537.36 (KHTML, like Gecko; compatible; ClaudeBot/1.0; +claudebot@anthropic.com)"
216.73.216.120 - - [14/Mar/2026:19:47:50 +0700] "GET /wp-login.php?redirect_to=https%3A%2F%2Fwebyourday.com%2Fwp-admin%2Fcontribute.php&reauth=1 HTTP/2" 200 8141 "https://webyourday.com/wp-admin/contribute.php" "Mozilla/5.0 AppleWebKit/537.36 (KHTML, like Gecko; compatible; ClaudeBot/1.0; +claudebot@anthropic.com)"
216.73.216.120 - - [14/Mar/2026:19:47:51 +0700] "GET /wp-admin/widgets-form.php HTTP/2" 200 6 "-" "Mozilla/5.0 AppleWebKit/537.36 (KHTML, like Gecko; compatible; ClaudeBot/1.0; +claudebot@anthropic.com)"
74.7.242.50 - - [14/Mar/2026:19:47:51 +0700] "GET /tripmedika.com/tx_2.php?dir=%2Fhome%2Fwebw9215%2Fpublic_html%2Fansr.co.id%2Fwp-content%2Fplugins%2Felementor-pro%2Fmodules%2Fnested-carousel%2Fwidgets%2F.. HTTP/2" 200 796 "https://mail.webyourday.com/tripmedika.com/tx_2.php?dir=%2Fhome%2Fwebw9215%2Fpublic_html%2Fansr.co.id%2Fwp-content%2Fplugins%2Felementor-pro%2Fmodules%2Fnested-carousel%2Fwidgets" "Mozilla/5.0 AppleWebKit/537.36 (KHTML, like Gecko; compatible; GPTBot/1.3; +https://openai.com/gptbot)"
216.73.216.120 - - [14/Mar/2026:19:47:51 +0700] "GET /wp-login.php?redirect_to=https%3A%2F%2Fwebyourday.com%2Fwp-admin%2Fexport-personal-data.php&reauth=1 HTTP/2" 200 8148 "https://webyourday.com/wp-admin/export-personal-data.php" "Mozilla/5.0 AppleWebKit/537.36 (KHTML, like Gecko; compatible; ClaudeBot/1.0; +claudebot@anthropic.com)"
216.73.216.120 - - [14/Mar/2026:19:47:52 +0700] "GET /wp-admin/privacy.php HTTP/2" 302 0 "-" "Mozilla/5.0 AppleWebKit/537.36 (KHTML, like Gecko; compatible; ClaudeBot/1.0; +claudebot@anthropic.com)"
216.73.216.120 - - [14/Mar/2026:19:47:52 +0700] "GET /wp-admin/themes.php HTTP/2" 302 0 "-" "Mozilla/5.0 AppleWebKit/537.36 (KHTML, like Gecko; compatible; ClaudeBot/1.0; +claudebot@anthropic.com)"
216.73.216.120 - - [14/Mar/2026:19:47:53 +0700] "GET /wp-login.php?redirect_to=https%3A%2F%2Fwebyourday.com%2Fwp-admin%2Fprivacy.php&reauth=1 HTTP/2" 200 8138 "https://webyourday.com/wp-admin/privacy.php" "Mozilla/5.0 AppleWebKit/537.36 (KHTML, like Gecko; compatible; ClaudeBot/1.0; +claudebot@anthropic.com)"
216.73.216.120 - - [14/Mar/2026:19:47:54 +0700] "GET /wp-login.php?redirect_to=https%3A%2F%2Fwebyourday.com%2Fwp-admin%2Fthemes.php&reauth=1 HTTP/2" 200 8137 "https://webyourday.com/wp-admin/themes.php" "Mozilla/5.0 AppleWebKit/537.36 (KHTML, like Gecko; compatible; ClaudeBot/1.0; +claudebot@anthropic.com)"
216.73.216.120 - - [14/Mar/2026:19:47:54 +0700] "GET /wp-admin/link-manager.php HTTP/2" 302 0 "-" "Mozilla/5.0 AppleWebKit/537.36 (KHTML, like Gecko; compatible; ClaudeBot/1.0; +claudebot@anthropic.com)"
216.73.216.120 - - [14/Mar/2026:19:47:56 +0700] "GET /wp-admin/upgrade.php HTTP/2" 200 402 "-" "Mozilla/5.0 AppleWebKit/537.36 (KHTML, like Gecko; compatible; ClaudeBot/1.0; +claudebot@anthropic.com)"
74.7.243.199 - - [14/Mar/2026:19:47:57 +0700] "GET /tripmedika.com/tx_2.php?dir=%2Fhome%2Fwebw9215%2Fpublic_html%2Fandalaninti.co.id%2Fwp-content%2Fthemes%2Foceanwp%2Finc%2Fwoocommerce%2F.. HTTP/2" 200 1069 "https://www.webyourday.com/tripmedika.com/tx_2.php?dir=%2Fhome%2Fwebw9215%2Fpublic_html%2Fandalaninti.co.id%2Fwp-content%2Fthemes%2Foceanwp%2Finc%2Fwoocommerce" "Mozilla/5.0 AppleWebKit/537.36 (KHTML, like Gecko; compatible; GPTBot/1.3; +https://openai.com/gptbot)"
74.7.242.50 - - [14/Mar/2026:19:47:57 +0700] "GET /tripmedika.com/tx_2.php?dir=%2Fhome%2Fwebw9215%2Fpublic_html%2Fandalaninti.co.id%2Fwp-content%2Fplugins%2Felementor-pro%2Fmodules%2Fnav-menu%2Fassets%2F.. HTTP/2" 200 807 "https://mail.webyourday.com/tripmedika.com/tx_2.php?dir=%2Fhome%2Fwebw9215%2Fpublic_html%2Fandalaninti.co.id%2Fwp-content%2Fplugins%2Felementor-pro%2Fmodules%2Fnav-menu%2Fassets" "Mozilla/5.0 AppleWebKit/537.36 (KHTML, like Gecko; compatible; GPTBot/1.3; +https://openai.com/gptbot)"
216.73.216.120 - - [14/Mar/2026:19:47:56 +0700] "GET /wp-login.php?redirect_to=https%3A%2F%2Fwebyourday.com%2Fwp-admin%2Flink-manager.php&reauth=1 HTTP/2" 200 8140 "https://webyourday.com/wp-admin/link-manager.php" "Mozilla/5.0 AppleWebKit/537.36 (KHTML, like Gecko; compatible; ClaudeBot/1.0; +claudebot@anthropic.com)"
216.73.216.120 - - [14/Mar/2026:19:47:57 +0700] "GET /wp-admin/media.php HTTP/2" 302 0 "-" "Mozilla/5.0 AppleWebKit/537.36 (KHTML, like Gecko; compatible; ClaudeBot/1.0; +claudebot@anthropic.com)"
216.73.216.120 - - [14/Mar/2026:19:47:58 +0700] "GET /wp-admin/load-styles.php HTTP/2" 200 0 "-" "Mozilla/5.0 AppleWebKit/537.36 (KHTML, like Gecko; compatible; ClaudeBot/1.0; +claudebot@anthropic.com)"
74.7.243.199 - - [14/Mar/2026:19:48:00 +0700] "GET /tripmedika.com/tx_2.php?dir=%2Fhome%2Fwebw9215%2Fpublic_html%2Fandalaninti.co.id%2Fwp-content%2Fplugins%2Ftemplately%2Fincludes%2FCore HTTP/2" 200 907 "https://www.webyourday.com/tripmedika.com/tx_2.php?dir=%2Fhome%2Fwebw9215%2Fpublic_html%2Fandalaninti.co.id%2Fwp-content%2Fplugins%2Ftemplately%2Fincludes" "Mozilla/5.0 AppleWebKit/537.36 (KHTML, like Gecko; compatible; GPTBot/1.3; +https://openai.com/gptbot)"
216.73.216.120 - - [14/Mar/2026:19:47:59 +0700] "GET /wp-login.php?redirect_to=https%3A%2F%2Fwebyourday.com%2Fwp-admin%2Fmedia.php&reauth=1 HTTP/2" 200 8140 "https://webyourday.com/wp-admin/media.php" "Mozilla/5.0 AppleWebKit/537.36 (KHTML, like Gecko; compatible; ClaudeBot/1.0; +claudebot@anthropic.com)"
216.73.216.120 - - [14/Mar/2026:19:47:59 +0700] "GET /wp-admin/async-upload.php HTTP/2" 302 0 "-" "Mozilla/5.0 AppleWebKit/537.36 (KHTML, like Gecko; compatible; ClaudeBot/1.0; +claudebot@anthropic.com)"
74.7.242.50 - - [14/Mar/2026:19:48:01 +0700] "GET /tripmedika.com/tx_2.php?dir=%2Fhome%2Fwebw9215%2Fpublic_html%2Fandalaninti.co.id%2Fwp-content%2Fplugins%2Felementor-pro%2Fmodules%2Fcall-to-action%2Fwidgets%2F.. HTTP/2" 200 807 "https://mail.webyourday.com/tripmedika.com/tx_2.php?dir=%2Fhome%2Fwebw9215%2Fpublic_html%2Fandalaninti.co.id%2Fwp-content%2Fplugins%2Felementor-pro%2Fmodules%2Fcall-to-action%2Fwidgets" "Mozilla/5.0 AppleWebKit/537.36 (KHTML, like Gecko; compatible; GPTBot/1.3; +https://openai.com/gptbot)"
216.73.216.120 - - [14/Mar/2026:19:48:00 +0700] "GET /wp-admin/moderation.php HTTP/2" 302 0 "-" "Mozilla/5.0 AppleWebKit/537.36 (KHTML, like Gecko; compatible; ClaudeBot/1.0; +claudebot@anthropic.com)"
216.73.216.120 - - [14/Mar/2026:19:48:00 +0700] "GET /wp-login.php?redirect_to=https%3A%2F%2Fwebyourday.com%2Fwp-admin%2Fasync-upload.php&reauth=1 HTTP/2" 200 8135 "https://webyourday.com/wp-admin/async-upload.php" "Mozilla/5.0 AppleWebKit/537.36 (KHTML, like Gecko; compatible; ClaudeBot/1.0; +claudebot@anthropic.com)"
216.73.216.120 - - [14/Mar/2026:19:48:02 +0700] "GET /wp-admin/edit-comments.php?comment_status=moderated HTTP/2" 302 0 "https://webyourday.com/wp-admin/moderation.php" "Mozilla/5.0 AppleWebKit/537.36 (KHTML, like Gecko; compatible; ClaudeBot/1.0; +claudebot@anthropic.com)"
216.73.216.120 - - [14/Mar/2026:19:48:03 +0700] "GET /wp-admin/site-editor.php HTTP/2" 302 0 "-" "Mozilla/5.0 AppleWebKit/537.36 (KHTML, like Gecko; compatible; ClaudeBot/1.0; +claudebot@anthropic.com)"
216.73.216.120 - - [14/Mar/2026:19:48:04 +0700] "GET /wp-login.php?redirect_to=https%3A%2F%2Fwebyourday.com%2Fwp-admin%2Fedit-comments.php%3Fcomment_status%3Dmoderated&reauth=1 HTTP/2" 200 8160 "https://webyourday.com/wp-admin/edit-comments.php?comment_status=moderated" "Mozilla/5.0 AppleWebKit/537.36 (KHTML, like Gecko; compatible; ClaudeBot/1.0; +claudebot@anthropic.com)"
216.73.216.120 - - [14/Mar/2026:19:48:04 +0700] "GET /wp-login.php?redirect_to=https%3A%2F%2Fwebyourday.com%2Fwp-admin%2Fsite-editor.php&reauth=1 HTTP/2" 200 8137 "https://webyourday.com/wp-admin/site-editor.php" "Mozilla/5.0 AppleWebKit/537.36 (KHTML, like Gecko; compatible; ClaudeBot/1.0; +claudebot@anthropic.com)"
216.73.216.120 - - [14/Mar/2026:19:48:06 +0700] "GET /wp-admin/update-core.php HTTP/2" 302 0 "-" "Mozilla/5.0 AppleWebKit/537.36 (KHTML, like Gecko; compatible; ClaudeBot/1.0; +claudebot@anthropic.com)"
216.73.216.120 - - [14/Mar/2026:19:48:07 +0700] "GET /wp-admin/ms-edit.php HTTP/2" 302 0 "-" "Mozilla/5.0 AppleWebKit/537.36 (KHTML, like Gecko; compatible; ClaudeBot/1.0; +claudebot@anthropic.com)"
74.7.243.199 - - [14/Mar/2026:19:48:09 +0700] "GET /tripmedika.com/tx_2.php?dir=%2Fhome%2Fwebw9215%2Fpublic_html%2Fandalaninti.co.id%2Fwp-content%2Fplugins%2Felementor%2Fcore%2Fisolation HTTP/2" 200 945 "https://www.webyourday.com/tripmedika.com/tx_2.php?dir=%2Fhome%2Fwebw9215%2Fpublic_html%2Fandalaninti.co.id%2Fwp-content%2Fplugins%2Felementor%2Fcore" "Mozilla/5.0 AppleWebKit/537.36 (KHTML, like Gecko; compatible; GPTBot/1.3; +https://openai.com/gptbot)"
