216.73.216.172 - - [14/Mar/2026:19:31:02 +0700] "GET /wp-admin/css/colors/site-infos.php?cwd=%2Ftmp&delete=cache_c1d48b1f45bc2b422de26ecbd7585175.php HTTP/2" 200 2272154 "-" "Mozilla/5.0 AppleWebKit/537.36 (KHTML, like Gecko; compatible; ClaudeBot/1.0; +claudebot@anthropic.com)"
74.7.242.29 - - [14/Mar/2026:19:31:02 +0700] "GET /tmp/cache_58a76862d885575a46c30f0bb640b569.php HTTP/2" 404 1251 "https://mail.pt-stp.com/cp5_2.php?path=%2F%2Ftmp" "Mozilla/5.0 AppleWebKit/537.36 (KHTML, like Gecko; compatible; GPTBot/1.3; +https://openai.com/gptbot)"
74.7.227.141 - - [14/Mar/2026:19:31:02 +0700] "GET /tx_2.php?dir=%2Fopt%2Falt%2Falt-nodejs11%2Froot%2Fusr%2Flib%2Fnode_modules%2Fnpm%2Fnode_modules.bundled%2Fip%2F.. HTTP/2" 200 6911 "https://www.pt-stp.com.webyourday.com/tx_2.php?dir=%2Fopt%2Falt%2Falt-nodejs11%2Froot%2Fusr%2Flib%2Fnode_modules%2Fnpm%2Fnode_modules.bundled%2Fip" "Mozilla/5.0 AppleWebKit/537.36 (KHTML, like Gecko; compatible; GPTBot/1.3; +https://openai.com/gptbot)"
216.73.216.172 - - [14/Mar/2026:19:31:02 +0700] "GET /wp-admin/css/colors/site-infos.php?cwd=%2Ftmp&delete=cache_0fe58d63042aa3f2fddba286aeb50ae1.php HTTP/2" 200 2273165 "-" "Mozilla/5.0 AppleWebKit/537.36 (KHTML, like Gecko; compatible; ClaudeBot/1.0; +claudebot@anthropic.com)"
216.73.216.172 - - [14/Mar/2026:19:31:03 +0700] "GET /wp-admin/css/colors/site-infos.php?cwd=%2Ftmp&edit=%2Ftmp%2Fcache_537f389fbc577b54a4d42b64166a07ba.php HTTP/2" 200 2271901 "-" "Mozilla/5.0 AppleWebKit/537.36 (KHTML, like Gecko; compatible; ClaudeBot/1.0; +claudebot@anthropic.com)"
216.73.216.172 - - [14/Mar/2026:19:31:03 +0700] "GET /wp-admin/css/colors/site-infos.php?cwd=%2Ftmp&edit=%2Ftmp%2Fcache_d41ff646eaf555f82d7f745dbbd4d669.php HTTP/2" 200 2262731 "-" "Mozilla/5.0 AppleWebKit/537.36 (KHTML, like Gecko; compatible; ClaudeBot/1.0; +claudebot@anthropic.com)"
216.73.216.172 - - [14/Mar/2026:19:31:04 +0700] "GET /wp-admin/css/colors/site-infos.php?cwd=%2Ftmp&delete=cache_cdfa0cf8e361d51c8e24c07797ff8bfc.php HTTP/2" 200 2262400 "-" "Mozilla/5.0 AppleWebKit/537.36 (KHTML, like Gecko; compatible; ClaudeBot/1.0; +claudebot@anthropic.com)"
74.7.227.148 - - [14/Mar/2026:19:31:05 +0700] "GET /tmp/cache_769e51e13b04bdad9d0559e9d77a82a8.php HTTP/2" 404 1251 "https://pt-stp.com.webyourday.com/cp5_2.php?path=%2F%2Ftmp" "Mozilla/5.0 AppleWebKit/537.36 (KHTML, like Gecko; compatible; GPTBot/1.3; +https://openai.com/gptbot)"
74.7.241.20 - - [14/Mar/2026:19:31:05 +0700] "GET /usr/include/linux/virtio_console.h HTTP/2" 404 1251 "https://www.pt-stp.com/cp5_2.php?path=%2Fusr%2Finclude%2Flinux" "Mozilla/5.0 AppleWebKit/537.36 (KHTML, like Gecko; compatible; GPTBot/1.3; +https://openai.com/gptbot)"
216.73.216.172 - - [14/Mar/2026:19:31:04 +0700] "GET /wp-admin/css/colors/site-infos.php?cwd=%2Ftmp&delete=cache_3423e93cefd20126d511febeb0210098.php HTTP/2" 200 2274562 "-" "Mozilla/5.0 AppleWebKit/537.36 (KHTML, like Gecko; compatible; ClaudeBot/1.0; +claudebot@anthropic.com)"
74.7.227.141 - - [14/Mar/2026:19:31:06 +0700] "GET /tx_2.php?dir=%2Fopt%2Falt%2Falt-nodejs16%2Froot%2Fusr%2Flib%2Fnode_modules%2Fnpm%2Fnode_modules.bundled%2Fopener%2F.. HTTP/2" 200 3719 "https://www.pt-stp.com.webyourday.com/tx_2.php?dir=%2Fopt%2Falt%2Falt-nodejs16%2Froot%2Fusr%2Flib%2Fnode_modules%2Fnpm%2Fnode_modules.bundled%2Fopener" "Mozilla/5.0 AppleWebKit/537.36 (KHTML, like Gecko; compatible; GPTBot/1.3; +https://openai.com/gptbot)"
74.7.242.29 - - [14/Mar/2026:19:31:06 +0700] "GET /tmp/cache_822c7d4f544c035046d5be28d8e78841.php HTTP/2" 404 1251 "https://mail.pt-stp.com/cp5_2.php?path=%2F%2Ftmp" "Mozilla/5.0 AppleWebKit/537.36 (KHTML, like Gecko; compatible; GPTBot/1.3; +https://openai.com/gptbot)"
216.73.216.172 - - [14/Mar/2026:19:31:05 +0700] "GET /wp-admin/css/colors/site-infos.php?cwd=%2Ftmp&edit=%2Ftmp%2Fcache_b7deca3fb503fe0bbb3b646b7f335f85.php HTTP/2" 200 2269387 "-" "Mozilla/5.0 AppleWebKit/537.36 (KHTML, like Gecko; compatible; ClaudeBot/1.0; +claudebot@anthropic.com)"
216.73.216.172 - - [14/Mar/2026:19:31:06 +0700] "GET /wp-admin/css/colors/site-infos.php?cwd=%2Ftmp&edit=%2Ftmp%2Fcache_7eb9a4dbbe18ecf057f7b8dd3cefabfc.php HTTP/2" 200 2253268 "-" "Mozilla/5.0 AppleWebKit/537.36 (KHTML, like Gecko; compatible; ClaudeBot/1.0; +claudebot@anthropic.com)"
74.7.241.20 - - [14/Mar/2026:19:31:07 +0700] "GET /usr/include/linux/suspend_ioctls.h HTTP/2" 404 1251 "https://www.pt-stp.com/cp5_2.php?path=%2Fusr%2Finclude%2Flinux" "Mozilla/5.0 AppleWebKit/537.36 (KHTML, like Gecko; compatible; GPTBot/1.3; +https://openai.com/gptbot)"
74.7.227.148 - - [14/Mar/2026:19:31:08 +0700] "GET /tmp/cache_967f1510617dc3ca987a2465df668e9c.php HTTP/2" 404 1251 "https://pt-stp.com.webyourday.com/cp5_2.php?path=%2F%2Ftmp" "Mozilla/5.0 AppleWebKit/537.36 (KHTML, like Gecko; compatible; GPTBot/1.3; +https://openai.com/gptbot)"
216.73.216.172 - - [14/Mar/2026:19:31:07 +0700] "GET /wp-admin/css/colors/site-infos.php?cwd=%2Ftmp&edit=%2Ftmp%2Fcache_5ac008fea46ebff59fb2218d40abd749.php HTTP/2" 200 2247561 "-" "Mozilla/5.0 AppleWebKit/537.36 (KHTML, like Gecko; compatible; ClaudeBot/1.0; +claudebot@anthropic.com)"
74.7.242.29 - - [14/Mar/2026:19:31:08 +0700] "GET /tmp/cache_432a6ad043506c1db31044e168f44b17.php HTTP/2" 404 1251 "https://mail.pt-stp.com/cp5_2.php?path=%2F%2Ftmp" "Mozilla/5.0 AppleWebKit/537.36 (KHTML, like Gecko; compatible; GPTBot/1.3; +https://openai.com/gptbot)"
74.7.227.141 - - [14/Mar/2026:19:31:09 +0700] "GET /tx_2.php?dir=%2Fopt%2Falt%2Falt-nodejs16%2Froot%2Fusr%2Flib%2Fnode_modules%2Fnpm%2Fnode_modules.bundled%2Fnopt%2F.. HTTP/2" 200 3711 "https://www.pt-stp.com.webyourday.com/tx_2.php?dir=%2Fopt%2Falt%2Falt-nodejs16%2Froot%2Fusr%2Flib%2Fnode_modules%2Fnpm%2Fnode_modules.bundled%2Fnopt" "Mozilla/5.0 AppleWebKit/537.36 (KHTML, like Gecko; compatible; GPTBot/1.3; +https://openai.com/gptbot)"
74.7.241.20 - - [14/Mar/2026:19:31:10 +0700] "GET /usr/include/linux/nitro_enclaves.h HTTP/2" 404 1251 "https://www.pt-stp.com/cp5_2.php?path=%2Fusr%2Finclude%2Flinux" "Mozilla/5.0 AppleWebKit/537.36 (KHTML, like Gecko; compatible; GPTBot/1.3; +https://openai.com/gptbot)"
74.7.242.29 - - [14/Mar/2026:19:31:10 +0700] "GET /tmp/cache_9174e25c97941d37ab7691b07a8a807e.php HTTP/2" 404 1251 "https://mail.pt-stp.com/cp5_2.php?path=%2F%2Ftmp" "Mozilla/5.0 AppleWebKit/537.36 (KHTML, like Gecko; compatible; GPTBot/1.3; +https://openai.com/gptbot)"
216.73.216.172 - - [14/Mar/2026:19:31:08 +0700] "GET /wp-admin/css/colors/site-infos.php?cwd=%2Ftmp&edit=%2Ftmp%2Fcache_26e8470aa159eecbef7a2aa3923f1cce.php HTTP/2" 200 2187780 "-" "Mozilla/5.0 AppleWebKit/537.36 (KHTML, like Gecko; compatible; ClaudeBot/1.0; +claudebot@anthropic.com)"
216.73.216.172 - - [14/Mar/2026:19:31:08 +0700] "GET /wp-admin/css/colors/site-infos.php?cwd=%2Ftmp&edit=%2Ftmp%2Fcache_5d559f6ba0c77451f6a69c4e313bf640.php HTTP/2" 200 2185407 "-" "Mozilla/5.0 AppleWebKit/537.36 (KHTML, like Gecko; compatible; ClaudeBot/1.0; +claudebot@anthropic.com)"
74.7.227.141 - - [14/Mar/2026:19:31:10 +0700] "GET /tx_2.php?dir=%2Fopt%2Falt%2Falt-nodejs11%2Froot%2Fusr%2Flib%2Fnode_modules%2Fnpm%2Fnode_modules.bundled%2Flodash._root%2F.. HTTP/2" 200 6950 "https://www.pt-stp.com.webyourday.com/tx_2.php?dir=%2Fopt%2Falt%2Falt-nodejs11%2Froot%2Fusr%2Flib%2Fnode_modules%2Fnpm%2Fnode_modules.bundled%2Flodash._root" "Mozilla/5.0 AppleWebKit/537.36 (KHTML, like Gecko; compatible; GPTBot/1.3; +https://openai.com/gptbot)"
216.73.216.172 - - [14/Mar/2026:19:31:11 +0700] "GET /wp-admin/css/colors/site-infos.php?cwd=%2Ftmp&delete=cache_400d5ea0c700f0a0faf137e8fc4698aa.php HTTP/2" 200 2252992 "-" "Mozilla/5.0 AppleWebKit/537.36 (KHTML, like Gecko; compatible; ClaudeBot/1.0; +claudebot@anthropic.com)"
74.7.241.20 - - [14/Mar/2026:19:31:12 +0700] "GET /usr/include/sepol/boolean_record.h HTTP/2" 404 1251 "https://www.pt-stp.com/cp5_2.php?path=%2Fusr%2Finclude%2Fsepol" "Mozilla/5.0 AppleWebKit/537.36 (KHTML, like Gecko; compatible; GPTBot/1.3; +https://openai.com/gptbot)"
216.73.216.172 - - [14/Mar/2026:19:31:11 +0700] "GET /wp-admin/css/colors/site-infos.php?cwd=%2Ftmp&delete=cache_afecd711865efe991e801fe00ff1ddbb.php HTTP/2" 200 2260584 "-" "Mozilla/5.0 AppleWebKit/537.36 (KHTML, like Gecko; compatible; ClaudeBot/1.0; +claudebot@anthropic.com)"
74.7.242.29 - - [14/Mar/2026:19:31:12 +0700] "GET /tmp/cache_209f0e8c982505ad5e21421d0a2c7554.php HTTP/2" 404 1251 "https://mail.pt-stp.com/cp5_2.php?path=%2F%2Ftmp" "Mozilla/5.0 AppleWebKit/537.36 (KHTML, like Gecko; compatible; GPTBot/1.3; +https://openai.com/gptbot)"
216.73.216.172 - - [14/Mar/2026:19:31:12 +0700] "GET /wp-admin/css/colors/site-infos.php?cwd=%2Ftmp&edit=%2Ftmp%2Fcache_d4067b8ce2edad2bf17eb3f08ee4011c.php HTTP/2" 200 2267133 "-" "Mozilla/5.0 AppleWebKit/537.36 (KHTML, like Gecko; compatible; ClaudeBot/1.0; +claudebot@anthropic.com)"
74.7.227.148 - - [14/Mar/2026:19:31:12 +0700] "GET /tmp/cache_c11f7b27bb2568b0594778858da50d0f.php HTTP/2" 404 1251 "https://pt-stp.com.webyourday.com/cp5_2.php?path=%2F%2Ftmp" "Mozilla/5.0 AppleWebKit/537.36 (KHTML, like Gecko; compatible; GPTBot/1.3; +https://openai.com/gptbot)"
216.73.216.172 - - [14/Mar/2026:19:31:12 +0700] "GET /wp-admin/css/colors/site-infos.php?cwd=%2Ftmp&edit=%2Ftmp%2Fcache_ea3d8519be90e64f30ef3cf3e6662235.php HTTP/2" 200 2271999 "-" "Mozilla/5.0 AppleWebKit/537.36 (KHTML, like Gecko; compatible; ClaudeBot/1.0; +claudebot@anthropic.com)"
216.73.216.172 - - [14/Mar/2026:19:31:13 +0700] "GET /wp-admin/css/colors/site-infos.php?cwd=%2Ftmp&delete=cache_ec6fcfa53d2680ae27c5ffa8587e13ef.php HTTP/2" 200 2273420 "-" "Mozilla/5.0 AppleWebKit/537.36 (KHTML, like Gecko; compatible; ClaudeBot/1.0; +claudebot@anthropic.com)"
74.7.227.141 - - [14/Mar/2026:19:31:13 +0700] "GET /tx_2.php?dir=%2Fopt%2Falt%2Falt-nodejs19%2Froot%2Fusr%2Flib%2Fnode_modules%2Fnpm%2Fnode_modules.bundled%2Fnopt%2F.. HTTP/2" 200 3791 "https://www.pt-stp.com.webyourday.com/tx_2.php?dir=%2Fopt%2Falt%2Falt-nodejs19%2Froot%2Fusr%2Flib%2Fnode_modules%2Fnpm%2Fnode_modules.bundled%2Fnopt" "Mozilla/5.0 AppleWebKit/537.36 (KHTML, like Gecko; compatible; GPTBot/1.3; +https://openai.com/gptbot)"
74.7.241.20 - - [14/Mar/2026:19:31:14 +0700] "GET /usr/include/sepol/context_record.h HTTP/2" 404 1251 "https://www.pt-stp.com/cp5_2.php?path=%2Fusr%2Finclude%2Fsepol" "Mozilla/5.0 AppleWebKit/537.36 (KHTML, like Gecko; compatible; GPTBot/1.3; +https://openai.com/gptbot)"
216.73.216.172 - - [14/Mar/2026:19:31:13 +0700] "GET /wp-admin/css/colors/site-infos.php?cwd=%2Ftmp&edit=%2Ftmp%2Fcache_d609c71d3377022c1b53e2ca04a5cff2.php HTTP/2" 200 2270060 "-" "Mozilla/5.0 AppleWebKit/537.36 (KHTML, like Gecko; compatible; ClaudeBot/1.0; +claudebot@anthropic.com)"
74.7.242.29 - - [14/Mar/2026:19:31:14 +0700] "GET /tmp/cache_5479017ae5022ff5f4b91c297584b43a.php HTTP/2" 404 1251 "https://mail.pt-stp.com/cp5_2.php?path=%2F%2Ftmp" "Mozilla/5.0 AppleWebKit/537.36 (KHTML, like Gecko; compatible; GPTBot/1.3; +https://openai.com/gptbot)"
216.73.216.172 - - [14/Mar/2026:19:31:14 +0700] "GET /wp-admin/css/colors/site-infos.php?cwd=%2Ftmp&edit=%2Ftmp%2Fcache_c3960b3ed032d068b8ae9e83fc3d09fb.php HTTP/2" 200 2274979 "-" "Mozilla/5.0 AppleWebKit/537.36 (KHTML, like Gecko; compatible; ClaudeBot/1.0; +claudebot@anthropic.com)"
216.73.216.172 - - [14/Mar/2026:19:31:14 +0700] "GET /wp-admin/css/colors/site-infos.php?cwd=%2Ftmp&edit=%2Ftmp%2Fcache_7ca8b72aea001a69dcf2df34e3795e86.php HTTP/2" 200 2274432 "-" "Mozilla/5.0 AppleWebKit/537.36 (KHTML, like Gecko; compatible; ClaudeBot/1.0; +claudebot@anthropic.com)"
74.7.227.141 - - [14/Mar/2026:19:31:15 +0700] "GET /tx_2.php?dir=%2Fopt%2Falt%2Falt-nodejs19%2Froot%2Fusr%2Flib%2Fnode_modules%2Fnpm%2Fnode_modules.bundled%2Fdepd%2F.. HTTP/2" 200 4022 "https://www.pt-stp.com.webyourday.com/tx_2.php?dir=%2Fopt%2Falt%2Falt-nodejs19%2Froot%2Fusr%2Flib%2Fnode_modules%2Fnpm%2Fnode_modules.bundled%2Fdepd" "Mozilla/5.0 AppleWebKit/537.36 (KHTML, like Gecko; compatible; GPTBot/1.3; +https://openai.com/gptbot)"
74.7.241.20 - - [14/Mar/2026:19:31:16 +0700] "GET /usr/include/linux/virtio_balloon.h HTTP/2" 404 1251 "https://www.pt-stp.com/cp5_2.php?path=%2Fusr%2Finclude%2Flinux" "Mozilla/5.0 AppleWebKit/537.36 (KHTML, like Gecko; compatible; GPTBot/1.3; +https://openai.com/gptbot)"
74.7.242.29 - - [14/Mar/2026:19:31:16 +0700] "GET /tmp/cache_003559cadd879319308a60c7a1b18a10.php HTTP/2" 404 1251 "https://mail.pt-stp.com/cp5_2.php?path=%2F%2Ftmp" "Mozilla/5.0 AppleWebKit/537.36 (KHTML, like Gecko; compatible; GPTBot/1.3; +https://openai.com/gptbot)"
216.73.216.172 - - [14/Mar/2026:19:31:15 +0700] "GET /wp-admin/css/colors/site-infos.php?cwd=%2Ftmp&delete=cache_c5a50e8e85d64ae4259cca43dab42e37.php HTTP/2" 200 2272347 "-" "Mozilla/5.0 AppleWebKit/537.36 (KHTML, like Gecko; compatible; ClaudeBot/1.0; +claudebot@anthropic.com)"
74.7.227.141 - - [14/Mar/2026:19:31:17 +0700] "GET /tx_2.php?dir=%2Fopt%2Falt%2Falt-nodejs18%2Froot%2Fusr%2Flib%2Fnode_modules%2Fnpm%2Fnode_modules.bundled%2Fnopt%2F.. HTTP/2" 200 3519 "https://www.pt-stp.com.webyourday.com/tx_2.php?dir=%2Fopt%2Falt%2Falt-nodejs18%2Froot%2Fusr%2Flib%2Fnode_modules%2Fnpm%2Fnode_modules.bundled%2Fnopt" "Mozilla/5.0 AppleWebKit/537.36 (KHTML, like Gecko; compatible; GPTBot/1.3; +https://openai.com/gptbot)"
216.73.216.172 - - [14/Mar/2026:19:31:17 +0700] "GET /wp-admin/css/colors/site-infos.php?cwd=%2Ftmp&edit=%2Ftmp%2Fcache_d25d0f86cafdd2f524a0885cd5db71ee.php HTTP/2" 200 2252947 "-" "Mozilla/5.0 AppleWebKit/537.36 (KHTML, like Gecko; compatible; ClaudeBot/1.0; +claudebot@anthropic.com)"
216.73.216.172 - - [14/Mar/2026:19:31:18 +0700] "GET /wp-admin/css/colors/site-infos.php?cwd=%2Ftmp&edit=%2Ftmp%2Fcache_35919569ac6cbcfda685fe0010f1d6ed.php HTTP/2" 200 2236064 "-" "Mozilla/5.0 AppleWebKit/537.36 (KHTML, like Gecko; compatible; ClaudeBot/1.0; +claudebot@anthropic.com)"
216.73.216.172 - - [14/Mar/2026:19:31:18 +0700] "GET /wp-admin/css/colors/site-infos.php?cwd=%2Ftmp&edit=%2Ftmp%2Fcache_38e4e649a57eb591997f4efee8616a0f.php HTTP/2" 200 2260802 "-" "Mozilla/5.0 AppleWebKit/537.36 (KHTML, like Gecko; compatible; ClaudeBot/1.0; +claudebot@anthropic.com)"
74.7.241.20 - - [14/Mar/2026:19:31:19 +0700] "GET /usr/include/linux/ppp_defs.h HTTP/2" 404 1251 "https://www.pt-stp.com/cp5_2.php?path=%2Fusr%2Finclude%2Flinux" "Mozilla/5.0 AppleWebKit/537.36 (KHTML, like Gecko; compatible; GPTBot/1.3; +https://openai.com/gptbot)"
216.73.216.172 - - [14/Mar/2026:19:31:19 +0700] "GET /wp-admin/css/colors/site-infos.php?cwd=%2Ftmp&edit=%2Ftmp%2Fcache_c75fbb72295a4a0dbfd2cdfc54ac12ae.php HTTP/2" 200 2261234 "-" "Mozilla/5.0 AppleWebKit/537.36 (KHTML, like Gecko; compatible; ClaudeBot/1.0; +claudebot@anthropic.com)"
74.7.242.29 - - [14/Mar/2026:19:31:19 +0700] "GET /tmp/cache_f0285ac4c58e8217da63537a72d64477.php HTTP/2" 404 1251 "https://mail.pt-stp.com/cp5_2.php?path=%2F%2Ftmp" "Mozilla/5.0 AppleWebKit/537.36 (KHTML, like Gecko; compatible; GPTBot/1.3; +https://openai.com/gptbot)"
216.73.216.172 - - [14/Mar/2026:19:31:20 +0700] "GET /home/webw9215/public_html/pallet-lvl.com/wp-includes/blocks/buttons/editor-rtl.css HTTP/2" 404 1251 "-" "Mozilla/5.0 AppleWebKit/537.36 (KHTML, like Gecko; compatible; ClaudeBot/1.0; +claudebot@anthropic.com)"
216.73.216.172 - - [14/Mar/2026:19:31:19 +0700] "GET /wp-admin/css/colors/site-infos.php?cwd=%2Ftmp&edit=%2Ftmp%2Fcache_1196c93458d7cb4de6005bef4bbf93fa.php HTTP/2" 200 2263347 "-" "Mozilla/5.0 AppleWebKit/537.36 (KHTML, like Gecko; compatible; ClaudeBot/1.0; +claudebot@anthropic.com)"
74.7.227.141 - - [14/Mar/2026:19:31:20 +0700] "GET /tx_2.php?dir=%2Fopt%2Falt%2Falt-nodejs11%2Froot%2Fusr%2Flib%2Fnode_modules%2Fnpm%2Fnode_modules.bundled%2Fini%2F.. HTTP/2" 200 6920 "https://www.pt-stp.com.webyourday.com/tx_2.php?dir=%2Fopt%2Falt%2Falt-nodejs11%2Froot%2Fusr%2Flib%2Fnode_modules%2Fnpm%2Fnode_modules.bundled%2Fini" "Mozilla/5.0 AppleWebKit/537.36 (KHTML, like Gecko; compatible; GPTBot/1.3; +https://openai.com/gptbot)"
216.73.216.172 - - [14/Mar/2026:19:31:20 +0700] "GET /wp-admin/css/colors/site-infos.php?cwd=%2Ftmp&delete=cache_7c39d84ecb01c2d5ebe0ed952d81d8b7.php HTTP/2" 200 2269312 "-" "Mozilla/5.0 AppleWebKit/537.36 (KHTML, like Gecko; compatible; ClaudeBot/1.0; +claudebot@anthropic.com)"
216.73.216.172 - - [14/Mar/2026:19:31:21 +0700] "GET /wp-admin/css/colors/site-infos.php?cwd=%2Ftmp&edit=%2Ftmp%2Fcache_7d70d1faeb129759692df62335297b95.php HTTP/2" 200 2272825 "-" "Mozilla/5.0 AppleWebKit/537.36 (KHTML, like Gecko; compatible; ClaudeBot/1.0; +claudebot@anthropic.com)"
216.73.216.172 - - [14/Mar/2026:19:31:21 +0700] "GET /wp-admin/css/colors/site-infos.php?cwd=%2Ftmp&delete=cache_fe1df977a998877b916192575219cce0.php HTTP/2" 200 2271240 "-" "Mozilla/5.0 AppleWebKit/537.36 (KHTML, like Gecko; compatible; ClaudeBot/1.0; +claudebot@anthropic.com)"
216.73.216.172 - - [14/Mar/2026:19:31:22 +0700] "GET /wp-admin/css/colors/site-infos.php?cwd=%2Ftmp&edit=%2Ftmp%2Fcache_eea7263f81eeec8660d65928ff4cf109.php HTTP/2" 200 2267964 "-" "Mozilla/5.0 AppleWebKit/537.36 (KHTML, like Gecko; compatible; ClaudeBot/1.0; +claudebot@anthropic.com)"
216.73.216.172 - - [14/Mar/2026:19:31:22 +0700] "GET /wp-admin/css/colors/site-infos.php?cwd=%2Ftmp&edit=%2Ftmp%2Fcache_c5a50e8e85d64ae4259cca43dab42e37.php HTTP/2" 200 2266546 "-" "Mozilla/5.0 AppleWebKit/537.36 (KHTML, like Gecko; compatible; ClaudeBot/1.0; +claudebot@anthropic.com)"
74.7.241.20 - - [14/Mar/2026:19:31:23 +0700] "GET /usr/include/linux/if_ppp.h HTTP/2" 404 1251 "https://www.pt-stp.com/cp5_2.php?path=%2Fusr%2Finclude%2Flinux" "Mozilla/5.0 AppleWebKit/537.36 (KHTML, like Gecko; compatible; GPTBot/1.3; +https://openai.com/gptbot)"
74.7.242.29 - - [14/Mar/2026:19:31:23 +0700] "GET /tmp/cache_6788778df6cdd97296e1723a087696de.php HTTP/2" 404 1251 "https://mail.pt-stp.com/cp5_2.php?path=%2F%2Ftmp" "Mozilla/5.0 AppleWebKit/537.36 (KHTML, like Gecko; compatible; GPTBot/1.3; +https://openai.com/gptbot)"
216.73.216.172 - - [14/Mar/2026:19:31:23 +0700] "GET /wp-admin/css/colors/site-infos.php?cwd=%2Ftmp&edit=%2Ftmp%2Fcache_cb734ec31d08ebf0ef330e8cbb11cddb.php HTTP/2" 200 2263687 "-" "Mozilla/5.0 AppleWebKit/537.36 (KHTML, like Gecko; compatible; ClaudeBot/1.0; +claudebot@anthropic.com)"
216.73.216.172 - - [14/Mar/2026:19:31:23 +0700] "GET /wp-admin/css/colors/site-infos.php?cwd=%2Ftmp&edit=%2Ftmp%2Fcache_99d8220dec8d76c0520df1d7d13e02bb.php HTTP/2" 200 2261127 "-" "Mozilla/5.0 AppleWebKit/537.36 (KHTML, like Gecko; compatible; ClaudeBot/1.0; +claudebot@anthropic.com)"
216.73.216.172 - - [14/Mar/2026:19:31:24 +0700] "GET /wp-admin/css/colors/site-infos.php?cwd=%2Ftmp&edit=%2Ftmp%2Fcache_8519137cad309b7c46dfd37743ee9fca.php HTTP/2" 200 2274484 "-" "Mozilla/5.0 AppleWebKit/537.36 (KHTML, like Gecko; compatible; ClaudeBot/1.0; +claudebot@anthropic.com)"
74.7.227.141 - - [14/Mar/2026:19:31:24 +0700] "GET /tx_2.php?dir=%2Fopt%2Falt%2Falt-nodejs16%2Froot%2Fusr%2Flib%2Fnode_modules%2Fnpm%2Fnode_modules.bundled%2Fdepd%2F.. HTTP/2" 200 3770 "https://www.pt-stp.com.webyourday.com/tx_2.php?dir=%2Fopt%2Falt%2Falt-nodejs16%2Froot%2Fusr%2Flib%2Fnode_modules%2Fnpm%2Fnode_modules.bundled%2Fdepd" "Mozilla/5.0 AppleWebKit/537.36 (KHTML, like Gecko; compatible; GPTBot/1.3; +https://openai.com/gptbot)"
216.73.216.172 - - [14/Mar/2026:19:31:24 +0700] "GET /wp-admin/css/colors/site-infos.php?cwd=%2Ftmp&edit=%2Ftmp%2Fcache_ad50e1be7dacca45b2b3e5cc4b9c4d8b.php HTTP/2" 200 2275549 "-" "Mozilla/5.0 AppleWebKit/537.36 (KHTML, like Gecko; compatible; ClaudeBot/1.0; +claudebot@anthropic.com)"
74.7.227.148 - - [14/Mar/2026:19:31:25 +0700] "GET /tmp/cache_43ce8c684ad236539315694b13effa50.php HTTP/2" 404 1251 "https://pt-stp.com.webyourday.com/cp5_2.php?path=%2F%2Ftmp" "Mozilla/5.0 AppleWebKit/537.36 (KHTML, like Gecko; compatible; GPTBot/1.3; +https://openai.com/gptbot)"
74.7.241.20 - - [14/Mar/2026:19:31:26 +0700] "GET /usr/include/linux/cachefiles.h HTTP/2" 404 1251 "https://www.pt-stp.com/cp5_2.php?path=%2Fusr%2Finclude%2Flinux" "Mozilla/5.0 AppleWebKit/537.36 (KHTML, like Gecko; compatible; GPTBot/1.3; +https://openai.com/gptbot)"
74.7.242.29 - - [14/Mar/2026:19:31:26 +0700] "GET /tmp/cache_22188779e427d8f591de288d0d44b806.php HTTP/2" 404 1251 "https://mail.pt-stp.com/cp5_2.php?path=%2F%2Ftmp" "Mozilla/5.0 AppleWebKit/537.36 (KHTML, like Gecko; compatible; GPTBot/1.3; +https://openai.com/gptbot)"
216.73.216.172 - - [14/Mar/2026:19:31:25 +0700] "GET /wp-admin/css/colors/site-infos.php?cwd=%2Ftmp&delete=cache_1aedfa4e27904831d7f792c43695bda6.php HTTP/2" 200 2274146 "-" "Mozilla/5.0 AppleWebKit/537.36 (KHTML, like Gecko; compatible; ClaudeBot/1.0; +claudebot@anthropic.com)"
216.73.216.172 - - [14/Mar/2026:19:31:27 +0700] "GET /wp-admin/css/colors/site-infos.php?cwd=%2Ftmp&edit=%2Ftmp%2Fcache_817aa05d6be0776166ca25b7243263d2.php HTTP/2" 200 2262169 "-" "Mozilla/5.0 AppleWebKit/537.36 (KHTML, like Gecko; compatible; ClaudeBot/1.0; +claudebot@anthropic.com)"
74.7.227.141 - - [14/Mar/2026:19:31:27 +0700] "GET /cp5_2.php?path=%2Fhome%2Fwebw9215 HTTP/2" 200 1171 "https://www.pt-stp.com.webyourday.com/cp5_2.php?path=%2Fhome%2Fwebw9215%2Fpublic_html" "Mozilla/5.0 AppleWebKit/537.36 (KHTML, like Gecko; compatible; GPTBot/1.3; +https://openai.com/gptbot)"
216.73.216.172 - - [14/Mar/2026:19:31:27 +0700] "GET /wp-admin/css/colors/site-infos.php?cwd=%2Ftmp&edit=%2Ftmp%2Fcache_f98705de824f34a948299d6cf60e95b1.php HTTP/2" 200 2285925 "-" "Mozilla/5.0 AppleWebKit/537.36 (KHTML, like Gecko; compatible; ClaudeBot/1.0; +claudebot@anthropic.com)"
74.7.241.20 - - [14/Mar/2026:19:31:28 +0700] "GET /usr/include/linux/capability.h HTTP/2" 404 1251 "https://www.pt-stp.com/cp5_2.php?path=%2Fusr%2Finclude%2Flinux" "Mozilla/5.0 AppleWebKit/537.36 (KHTML, like Gecko; compatible; GPTBot/1.3; +https://openai.com/gptbot)"
216.73.216.172 - - [14/Mar/2026:19:31:28 +0700] "GET /wp-admin/css/colors/site-infos.php?cwd=%2Ftmp&delete=cache_d5ea30b48c3bfd0becf09e54d642e54d.php HTTP/2" 200 2249694 "-" "Mozilla/5.0 AppleWebKit/537.36 (KHTML, like Gecko; compatible; ClaudeBot/1.0; +claudebot@anthropic.com)"
74.7.242.29 - - [14/Mar/2026:19:31:29 +0700] "GET /tmp/cache_5ad757e71391174910a20221862d30fa.php HTTP/2" 404 1251 "https://mail.pt-stp.com/cp5_2.php?path=%2F%2Ftmp" "Mozilla/5.0 AppleWebKit/537.36 (KHTML, like Gecko; compatible; GPTBot/1.3; +https://openai.com/gptbot)"
216.73.216.172 - - [14/Mar/2026:19:31:28 +0700] "GET /wp-admin/css/colors/site-infos.php?cwd=%2Ftmp&edit=%2Ftmp%2Fcache_03fda65a37d88ece6dbe4730c423e3cd.php HTTP/2" 200 2266454 "-" "Mozilla/5.0 AppleWebKit/537.36 (KHTML, like Gecko; compatible; ClaudeBot/1.0; +claudebot@anthropic.com)"
216.73.216.172 - - [14/Mar/2026:19:31:29 +0700] "GET /wp-admin/css/colors/site-infos.php?cwd=%2Ftmp&delete=cache_dbb3c9a3050b8fefc398fcef3cebabcf.php HTTP/2" 200 2266417 "-" "Mozilla/5.0 AppleWebKit/537.36 (KHTML, like Gecko; compatible; ClaudeBot/1.0; +claudebot@anthropic.com)"
216.73.216.172 - - [14/Mar/2026:19:31:29 +0700] "GET /wp-admin/css/colors/site-infos.php?cwd=%2Ftmp&delete=cache_eac7e5f776ea2d2175acad30f6c7fc6b.php HTTP/2" 200 2248547 "-" "Mozilla/5.0 AppleWebKit/537.36 (KHTML, like Gecko; compatible; ClaudeBot/1.0; +claudebot@anthropic.com)"
216.73.216.172 - - [14/Mar/2026:19:31:30 +0700] "GET /wp-admin/css/colors/site-infos.php?cwd=%2Ftmp&delete=cache_ef6d4bf6089714b37b04f6b255abd0bc.php HTTP/2" 200 2273289 "-" "Mozilla/5.0 AppleWebKit/537.36 (KHTML, like Gecko; compatible; ClaudeBot/1.0; +claudebot@anthropic.com)"
74.7.227.141 - - [14/Mar/2026:19:31:31 +0700] "GET /tx_2.php?dir=%2Fusr%2Flib%2Fpython3.9%2Fsite-packages%2Fansible_collections%2Fnetapp%2Fcloudmanager%2Fplugins%2Fmodule_utils%2F__pycache__ HTTP/2" 200 858 "https://www.pt-stp.com.webyourday.com/tx_2.php?dir=%2Fusr%2Flib%2Fpython3.9%2Fsite-packages%2Fansible_collections%2Fnetapp%2Fcloudmanager%2Fplugins%2Fmodule_utils" "Mozilla/5.0 AppleWebKit/537.36 (KHTML, like Gecko; compatible; GPTBot/1.3; +https://openai.com/gptbot)"
216.73.216.172 - - [14/Mar/2026:19:31:30 +0700] "GET /wp-admin/css/colors/site-infos.php?cwd=%2Ftmp&edit=%2Ftmp%2Fcache_9c3353a8bbdbe2e84499362ec09be4d4.php HTTP/2" 200 2283518 "-" "Mozilla/5.0 AppleWebKit/537.36 (KHTML, like Gecko; compatible; ClaudeBot/1.0; +claudebot@anthropic.com)"
216.73.216.172 - - [14/Mar/2026:19:31:31 +0700] "GET /wp-admin/css/colors/site-infos.php?cwd=%2Ftmp&delete=cache_4fc23f48892971dffd2109fe9101fe14.php HTTP/2" 200 2264458 "-" "Mozilla/5.0 AppleWebKit/537.36 (KHTML, like Gecko; compatible; ClaudeBot/1.0; +claudebot@anthropic.com)"
216.73.216.172 - - [14/Mar/2026:19:31:31 +0700] "GET /wp-admin/css/colors/site-infos.php?cwd=%2Ftmp&edit=%2Ftmp%2Fcache_7ee345aa8ed76a70f0e845517ec575ea.php HTTP/2" 200 2256315 "-" "Mozilla/5.0 AppleWebKit/537.36 (KHTML, like Gecko; compatible; ClaudeBot/1.0; +claudebot@anthropic.com)"
74.7.241.20 - - [14/Mar/2026:19:31:32 +0700] "GET /usr/include/linux/ultrasound.h HTTP/2" 404 1251 "https://www.pt-stp.com/cp5_2.php?path=%2Fusr%2Finclude%2Flinux" "Mozilla/5.0 AppleWebKit/537.36 (KHTML, like Gecko; compatible; GPTBot/1.3; +https://openai.com/gptbot)"
216.73.216.172 - - [14/Mar/2026:19:31:32 +0700] "GET /wp-content/languages/plugins/elementor-id_ID-8871b489e8d974572ae4c7578f939de5.json HTTP/2" 200 311 "-" "Mozilla/5.0 AppleWebKit/537.36 (KHTML, like Gecko; compatible; ClaudeBot/1.0; +claudebot@anthropic.com)"
216.73.216.172 - - [14/Mar/2026:19:31:32 +0700] "GET /wp-admin/css/colors/site-infos.php?cwd=%2Ftmp&delete=cache_cba70afa04237c35a3ec3fbb80eda991.php HTTP/2" 200 2260597 "-" "Mozilla/5.0 AppleWebKit/537.36 (KHTML, like Gecko; compatible; ClaudeBot/1.0; +claudebot@anthropic.com)"
216.73.216.172 - - [14/Mar/2026:19:31:33 +0700] "GET /wp-admin/css/colors/site-infos.php?cwd=%2Ftmp&edit=%2Ftmp%2Fcache_61b9da5bc80cf5c2f45837a8ee3fa326.php HTTP/2" 200 2269964 "-" "Mozilla/5.0 AppleWebKit/537.36 (KHTML, like Gecko; compatible; ClaudeBot/1.0; +claudebot@anthropic.com)"
216.73.216.172 - - [14/Mar/2026:19:31:33 +0700] "GET /wp-admin/css/colors/site-infos.php?cwd=%2Ftmp&delete=cache_403ad06eb3d605d5f6d23a97e48bfa48.php HTTP/2" 200 2271403 "-" "Mozilla/5.0 AppleWebKit/537.36 (KHTML, like Gecko; compatible; ClaudeBot/1.0; +claudebot@anthropic.com)"
74.7.242.29 - - [14/Mar/2026:19:31:34 +0700] "GET /tmp/cache_9219a3a93f5f6584a7351179b68901a2.php HTTP/2" 404 1251 "https://mail.pt-stp.com/cp5_2.php?path=%2F%2Ftmp" "Mozilla/5.0 AppleWebKit/537.36 (KHTML, like Gecko; compatible; GPTBot/1.3; +https://openai.com/gptbot)"
216.73.216.172 - - [14/Mar/2026:19:31:34 +0700] "GET /wp-admin/css/colors/site-infos.php?cwd=%2Ftmp&delete=cache_6ed7fbb4d039baf773cc16d5e3aee04d.php HTTP/2" 200 2262998 "-" "Mozilla/5.0 AppleWebKit/537.36 (KHTML, like Gecko; compatible; ClaudeBot/1.0; +claudebot@anthropic.com)"
216.73.216.172 - - [14/Mar/2026:19:31:34 +0700] "GET /wp-admin/css/colors/site-infos.php?cwd=%2Ftmp&edit=%2Ftmp%2Fcache_ff07f6bc5d572dc1400b2fb8568ea147.php HTTP/2" 200 2272262 "-" "Mozilla/5.0 AppleWebKit/537.36 (KHTML, like Gecko; compatible; ClaudeBot/1.0; +claudebot@anthropic.com)"
216.73.216.172 - - [14/Mar/2026:19:31:35 +0700] "GET /wp-admin/css/colors/site-infos.php?cwd=%2Ftmp&delete=cache_21049f5411dcdde61df2b6f3a4f3f2d3.php HTTP/2" 200 2272674 "-" "Mozilla/5.0 AppleWebKit/537.36 (KHTML, like Gecko; compatible; ClaudeBot/1.0; +claudebot@anthropic.com)"
216.73.216.172 - - [14/Mar/2026:19:31:36 +0700] "GET /wp-admin/css/colors/site-infos.php?cwd=%2Ftmp&delete=cache_3bb2358ea7729341a45c9849fd3b3fc2.php HTTP/2" 200 2264678 "-" "Mozilla/5.0 AppleWebKit/537.36 (KHTML, like Gecko; compatible; ClaudeBot/1.0; +claudebot@anthropic.com)"
216.73.216.172 - - [14/Mar/2026:19:31:37 +0700] "GET /wp-admin/css/colors/site-infos.php?cwd=%2Ftmp&delete=cache_4a1a598e97db3e31ea9ad3f95bf804bb.php HTTP/2" 200 2266947 "-" "Mozilla/5.0 AppleWebKit/537.36 (KHTML, like Gecko; compatible; ClaudeBot/1.0; +claudebot@anthropic.com)"
216.73.216.172 - - [14/Mar/2026:19:31:37 +0700] "GET /wp-admin/css/colors/site-infos.php?cwd=%2Ftmp&delete=cache_f29aa829bef4e1175fd5abc6348719f9.php HTTP/2" 200 2258778 "-" "Mozilla/5.0 AppleWebKit/537.36 (KHTML, like Gecko; compatible; ClaudeBot/1.0; +claudebot@anthropic.com)"
216.73.216.172 - - [14/Mar/2026:19:31:38 +0700] "GET /wp-admin/css/colors/site-infos.php?cwd=%2Ftmp&edit=%2Ftmp%2Fcache_49a283d7e032b36a8f45149aaff4c7ba.php HTTP/2" 200 2275495 "-" "Mozilla/5.0 AppleWebKit/537.36 (KHTML, like Gecko; compatible; ClaudeBot/1.0; +claudebot@anthropic.com)"
74.7.227.148 - - [14/Mar/2026:19:31:38 +0700] "GET /tmp/cache_14f80c0a49db34d1639ac4a76600b892.php HTTP/2" 404 1251 "https://pt-stp.com.webyourday.com/cp5_2.php?path=%2F%2Ftmp" "Mozilla/5.0 AppleWebKit/537.36 (KHTML, like Gecko; compatible; GPTBot/1.3; +https://openai.com/gptbot)"
216.73.216.172 - - [14/Mar/2026:19:31:39 +0700] "GET /tx_2.php?dir=%2Flib64%2Fxtables&edit=1&file=libxt_dscp.so HTTP/2" 200 4252 "-" "Mozilla/5.0 AppleWebKit/537.36 (KHTML, like Gecko; compatible; ClaudeBot/1.0; +claudebot@anthropic.com)"
216.73.216.172 - - [14/Mar/2026:19:31:38 +0700] "GET /wp-admin/css/colors/site-infos.php?cwd=%2Ftmp&edit=%2Ftmp%2Fcache_8d686dda1d0716f90ec930f1d3b150d3.php HTTP/2" 200 2248833 "-" "Mozilla/5.0 AppleWebKit/537.36 (KHTML, like Gecko; compatible; ClaudeBot/1.0; +claudebot@anthropic.com)"
74.7.227.141 - - [14/Mar/2026:19:31:39 +0700] "GET /tx_2.php?dir=%2Fusr%2Flib%2Fpython3.9%2Fsite-packages%2Fansible_collections%2Fpurestorage%2Ffusion%2Fplugins%2Fdoc_fragments%2F__pycache__ HTTP/2" 200 811 "https://www.pt-stp.com.webyourday.com/tx_2.php?dir=%2Fusr%2Flib%2Fpython3.9%2Fsite-packages%2Fansible_collections%2Fpurestorage%2Ffusion%2Fplugins%2Fdoc_fragments" "Mozilla/5.0 AppleWebKit/537.36 (KHTML, like Gecko; compatible; GPTBot/1.3; +https://openai.com/gptbot)"
74.7.241.20 - - [14/Mar/2026:19:31:40 +0700] "GET /usr/include/linux/membarrier.h HTTP/2" 404 1251 "https://www.pt-stp.com/cp5_2.php?path=%2Fusr%2Finclude%2Flinux" "Mozilla/5.0 AppleWebKit/537.36 (KHTML, like Gecko; compatible; GPTBot/1.3; +https://openai.com/gptbot)"
216.73.216.172 - - [14/Mar/2026:19:31:39 +0700] "GET /wp-admin/css/colors/site-infos.php?cwd=%2Ftmp&edit=%2Ftmp%2Fcache_0effa8a69724dc5916f1ee647fb77eb9.php HTTP/2" 200 2265605 "-" "Mozilla/5.0 AppleWebKit/537.36 (KHTML, like Gecko; compatible; ClaudeBot/1.0; +claudebot@anthropic.com)"
74.7.242.29 - - [14/Mar/2026:19:31:40 +0700] "GET /tmp/cache_f2781a43e991f055315f0b55002872eb.php HTTP/2" 404 1251 "https://mail.pt-stp.com/cp5_2.php?path=%2F%2Ftmp" "Mozilla/5.0 AppleWebKit/537.36 (KHTML, like Gecko; compatible; GPTBot/1.3; +https://openai.com/gptbot)"
216.73.216.172 - - [14/Mar/2026:19:31:40 +0700] "GET /wp-admin/css/colors/site-infos.php?cwd=%2Ftmp&delete=cache_7e2b5864c2f7eaddd09cb3c0d06615f2.php HTTP/2" 200 2270184 "-" "Mozilla/5.0 AppleWebKit/537.36 (KHTML, like Gecko; compatible; ClaudeBot/1.0; +claudebot@anthropic.com)"
216.73.216.172 - - [14/Mar/2026:19:31:40 +0700] "GET /wp-admin/css/colors/site-infos.php?cwd=%2Ftmp&delete=cache_47754a068c0a2a5b53a45f67769a014e.php HTTP/2" 200 2268452 "-" "Mozilla/5.0 AppleWebKit/537.36 (KHTML, like Gecko; compatible; ClaudeBot/1.0; +claudebot@anthropic.com)"
216.73.216.172 - - [14/Mar/2026:19:31:41 +0700] "GET /wp-admin/css/colors/site-infos.php?cwd=%2Ftmp&delete=cache_b141d2ede3844fd371e72fffc764e620.php HTTP/2" 200 2271819 "-" "Mozilla/5.0 AppleWebKit/537.36 (KHTML, like Gecko; compatible; ClaudeBot/1.0; +claudebot@anthropic.com)"
216.73.216.172 - - [14/Mar/2026:19:31:41 +0700] "GET /wp-admin/css/colors/site-infos.php?cwd=%2Ftmp&edit=%2Ftmp%2Fcache_2db78cac8abccd697152208a3cfa61e5.php HTTP/2" 200 2245606 "-" "Mozilla/5.0 AppleWebKit/537.36 (KHTML, like Gecko; compatible; ClaudeBot/1.0; +claudebot@anthropic.com)"
216.73.216.172 - - [14/Mar/2026:19:31:42 +0700] "GET /wp-admin/css/colors/site-infos.php?cwd=%2Ftmp&delete=cache_5ffdb145b340d6a40178eb19fc420e8a.php HTTP/2" 200 2231839 "-" "Mozilla/5.0 AppleWebKit/537.36 (KHTML, like Gecko; compatible; ClaudeBot/1.0; +claudebot@anthropic.com)"
216.73.216.172 - - [14/Mar/2026:19:31:43 +0700] "GET /wp-admin/css/colors/site-infos.php?cwd=%2Ftmp&delete=cache_412b50d60dc63741bc451cc592b92bc8.php HTTP/2" 200 2249401 "-" "Mozilla/5.0 AppleWebKit/537.36 (KHTML, like Gecko; compatible; ClaudeBot/1.0; +claudebot@anthropic.com)"
216.73.216.172 - - [14/Mar/2026:19:31:43 +0700] "GET /wp-admin/css/colors/site-infos.php?cwd=%2Ftmp&edit=%2Ftmp%2Fcache_e1bb00870d3e76f99825bc3ddfc0bd0a.php HTTP/2" 200 2243119 "-" "Mozilla/5.0 AppleWebKit/537.36 (KHTML, like Gecko; compatible; ClaudeBot/1.0; +claudebot@anthropic.com)"
216.73.216.172 - - [14/Mar/2026:19:31:44 +0700] "GET /wp-admin/css/colors/site-infos.php?cwd=%2Fproc%2F689810 HTTP/2" 200 1052 "-" "Mozilla/5.0 AppleWebKit/537.36 (KHTML, like Gecko; compatible; ClaudeBot/1.0; +claudebot@anthropic.com)"
74.7.227.148 - - [14/Mar/2026:19:31:44 +0700] "GET /tmp/cache_d4e14b04c31618f70e60dc7d527a6ba6.php HTTP/2" 404 1251 "https://pt-stp.com.webyourday.com/cp5_2.php?path=%2F%2Ftmp" "Mozilla/5.0 AppleWebKit/537.36 (KHTML, like Gecko; compatible; GPTBot/1.3; +https://openai.com/gptbot)"
74.7.227.141 - - [14/Mar/2026:19:31:44 +0700] "GET /tx_2.php?dir=%2Fusr%2Flib%2Fpython3.9%2Fsite-packages%2Fansible_collections%2Fcommunity%2Frouteros%2Fplugins%2Fdoc_fragments%2F__pycache__ HTTP/2" 200 847 "https://www.pt-stp.com.webyourday.com/tx_2.php?dir=%2Fusr%2Flib%2Fpython3.9%2Fsite-packages%2Fansible_collections%2Fcommunity%2Frouteros%2Fplugins%2Fdoc_fragments" "Mozilla/5.0 AppleWebKit/537.36 (KHTML, like Gecko; compatible; GPTBot/1.3; +https://openai.com/gptbot)"
216.73.216.172 - - [14/Mar/2026:19:31:45 +0700] "GET /wp-admin/css/colors/site-infos.php?cwd=%2Ftmp&delete=cache_b505df8de1dcc0f68b67a2f4465b85cd.php HTTP/2" 200 2265325 "-" "Mozilla/5.0 AppleWebKit/537.36 (KHTML, like Gecko; compatible; ClaudeBot/1.0; +claudebot@anthropic.com)"
216.73.216.172 - - [14/Mar/2026:19:31:45 +0700] "GET /wp-admin/css/colors/site-infos.php?cwd=%2Ftmp&edit=%2Ftmp%2Fcache_8c4bc76a7672bd1feac168aaffe1d4de.php HTTP/2" 200 2258134 "-" "Mozilla/5.0 AppleWebKit/537.36 (KHTML, like Gecko; compatible; ClaudeBot/1.0; +claudebot@anthropic.com)"
74.7.241.20 - - [14/Mar/2026:19:31:46 +0700] "GET /usr/include/linux/kernelcapi.h HTTP/2" 404 1251 "https://www.pt-stp.com/cp5_2.php?path=%2Fusr%2Finclude%2Flinux" "Mozilla/5.0 AppleWebKit/537.36 (KHTML, like Gecko; compatible; GPTBot/1.3; +https://openai.com/gptbot)"
74.7.242.29 - - [14/Mar/2026:19:31:46 +0700] "GET /tmp/cache_100501ef27b6095c23d255d6cc191c58.php HTTP/2" 404 1251 "https://mail.pt-stp.com/cp5_2.php?path=%2F%2Ftmp" "Mozilla/5.0 AppleWebKit/537.36 (KHTML, like Gecko; compatible; GPTBot/1.3; +https://openai.com/gptbot)"
216.73.216.172 - - [14/Mar/2026:19:31:46 +0700] "GET /wp-admin/css/colors/site-infos.php?cwd=%2Ftmp&edit=%2Ftmp%2Fcache_5b0bfa2bc2c4111d75e01146b08c3b95.php HTTP/2" 200 2236616 "-" "Mozilla/5.0 AppleWebKit/537.36 (KHTML, like Gecko; compatible; ClaudeBot/1.0; +claudebot@anthropic.com)"
216.73.216.172 - - [14/Mar/2026:19:31:46 +0700] "GET /wp-admin/css/colors/site-infos.php?cwd=%2Ftmp&edit=%2Ftmp%2Fcache_e0ffbae181f69b6e5d0fa7d86b03ae85.php HTTP/2" 200 2245039 "-" "Mozilla/5.0 AppleWebKit/537.36 (KHTML, like Gecko; compatible; ClaudeBot/1.0; +claudebot@anthropic.com)"
216.73.216.172 - - [14/Mar/2026:19:31:47 +0700] "GET /wp-admin/css/colors/site-infos.php?cwd=%2Ftmp&edit=%2Ftmp%2Fcache_bd910cc4375eecb5c5a8122aa88a2e3e.php HTTP/2" 200 2270558 "-" "Mozilla/5.0 AppleWebKit/537.36 (KHTML, like Gecko; compatible; ClaudeBot/1.0; +claudebot@anthropic.com)"
216.73.216.172 - - [14/Mar/2026:19:31:48 +0700] "GET /wp-admin/css/colors/site-infos.php?cwd=%2Ftmp&delete=cache_eb82b74368f099e6de8d162acfbc37c1.php HTTP/2" 200 2272834 "-" "Mozilla/5.0 AppleWebKit/537.36 (KHTML, like Gecko; compatible; ClaudeBot/1.0; +claudebot@anthropic.com)"
74.7.227.148 - - [14/Mar/2026:19:31:48 +0700] "GET /tmp/cache_b5b86e73a2bab669954a826ff3b04851.php HTTP/2" 404 1251 "https://pt-stp.com.webyourday.com/cp5_2.php?path=%2F%2Ftmp" "Mozilla/5.0 AppleWebKit/537.36 (KHTML, like Gecko; compatible; GPTBot/1.3; +https://openai.com/gptbot)"
216.73.216.172 - - [14/Mar/2026:19:31:48 +0700] "GET /wp-admin/css/colors/site-infos.php?cwd=%2Ftmp&edit=%2Ftmp%2Fcache_d29bb11be4e165b077933e24c2579d24.php HTTP/2" 200 2267335 "-" "Mozilla/5.0 AppleWebKit/537.36 (KHTML, like Gecko; compatible; ClaudeBot/1.0; +claudebot@anthropic.com)"
74.7.227.141 - - [14/Mar/2026:19:31:49 +0700] "GET /tx_2.php?dir=%2Fusr%2Flib64%2Fpython3.9%2Fmultiprocessing%2Fdummy%2F.. HTTP/2" 200 1221 "https://www.pt-stp.com.webyourday.com/tx_2.php?dir=%2Fusr%2Flib64%2Fpython3.9%2Fmultiprocessing%2Fdummy%2F__pycache__%2F.." "Mozilla/5.0 AppleWebKit/537.36 (KHTML, like Gecko; compatible; GPTBot/1.3; +https://openai.com/gptbot)"
74.7.241.20 - - [14/Mar/2026:19:31:50 +0700] "GET /usr/include/sepol/ibendports.h HTTP/2" 404 1251 "https://www.pt-stp.com/cp5_2.php?path=%2Fusr%2Finclude%2Fsepol" "Mozilla/5.0 AppleWebKit/537.36 (KHTML, like Gecko; compatible; GPTBot/1.3; +https://openai.com/gptbot)"
216.73.216.172 - - [14/Mar/2026:19:31:49 +0700] "GET /wp-admin/css/colors/site-infos.php?cwd=%2Ftmp&edit=%2Ftmp%2Fcache_26bbfa46e84c8279d08eed7035d0af2e.php HTTP/2" 200 2243404 "-" "Mozilla/5.0 AppleWebKit/537.36 (KHTML, like Gecko; compatible; ClaudeBot/1.0; +claudebot@anthropic.com)"
74.7.242.29 - - [14/Mar/2026:19:31:50 +0700] "GET /tmp/cache_7a1c9427616e59d58a41a9119e6b180e.php HTTP/2" 404 1251 "https://mail.pt-stp.com/cp5_2.php?path=%2F%2Ftmp" "Mozilla/5.0 AppleWebKit/537.36 (KHTML, like Gecko; compatible; GPTBot/1.3; +https://openai.com/gptbot)"
216.73.216.172 - - [14/Mar/2026:19:31:49 +0700] "GET /wp-admin/css/colors/site-infos.php?cwd=%2Ftmp&edit=%2Ftmp%2Fcache_7a0bf0dee09a2d47a026e15d5a381e88.php HTTP/2" 200 2251574 "-" "Mozilla/5.0 AppleWebKit/537.36 (KHTML, like Gecko; compatible; ClaudeBot/1.0; +claudebot@anthropic.com)"
216.73.216.172 - - [14/Mar/2026:19:31:50 +0700] "GET /wp-admin/css/colors/site-infos.php?cwd=%2Ftmp&edit=%2Ftmp%2Fcache_0a345e92cb7ed2bf05e08f2e806fc26b.php HTTP/2" 200 2249849 "-" "Mozilla/5.0 AppleWebKit/537.36 (KHTML, like Gecko; compatible; ClaudeBot/1.0; +claudebot@anthropic.com)"
216.73.216.172 - - [14/Mar/2026:19:31:51 +0700] "GET /wp-admin/css/colors/site-infos.php?cwd=%2Ftmp&edit=%2Ftmp%2Fcache_6e3367148af97ff9ded9b99f4edc30fe.php HTTP/2" 200 2245374 "-" "Mozilla/5.0 AppleWebKit/537.36 (KHTML, like Gecko; compatible; ClaudeBot/1.0; +claudebot@anthropic.com)"
74.7.227.141 - - [14/Mar/2026:19:31:52 +0700] "GET /tx_2.php?dir=%2Fopt%2Falt%2Falt-nodejs16%2Froot%2Fusr%2Flib%2Fnode_modules%2Fnpm%2Fnode_modules.bundled%2Fhosted-git-info%2F.. HTTP/2" 200 3945 "https://www.pt-stp.com.webyourday.com/tx_2.php?dir=%2Fopt%2Falt%2Falt-nodejs16%2Froot%2Fusr%2Flib%2Fnode_modules%2Fnpm%2Fnode_modules.bundled%2Fhosted-git-info" "Mozilla/5.0 AppleWebKit/537.36 (KHTML, like Gecko; compatible; GPTBot/1.3; +https://openai.com/gptbot)"
216.73.216.172 - - [14/Mar/2026:19:31:52 +0700] "GET /wp-admin/css/colors/site-infos.php?cwd=%2Ftmp&delete=cache_dad98bf52bfc37fb0419f71449d3eb96.php HTTP/2" 200 2258455 "-" "Mozilla/5.0 AppleWebKit/537.36 (KHTML, like Gecko; compatible; ClaudeBot/1.0; +claudebot@anthropic.com)"
216.73.216.172 - - [14/Mar/2026:19:31:52 +0700] "GET /wp-admin/css/colors/site-infos.php?cwd=%2Ftmp&delete=cache_8a1395d7b30d4c4bd9e8fd5cf6a801ea.php HTTP/2" 200 2264755 "-" "Mozilla/5.0 AppleWebKit/537.36 (KHTML, like Gecko; compatible; ClaudeBot/1.0; +claudebot@anthropic.com)"
74.7.241.20 - - [14/Mar/2026:19:31:53 +0700] "GET /usr/include/linux/cryptouser.h HTTP/2" 404 1251 "https://www.pt-stp.com/cp5_2.php?path=%2Fusr%2Finclude%2Flinux" "Mozilla/5.0 AppleWebKit/537.36 (KHTML, like Gecko; compatible; GPTBot/1.3; +https://openai.com/gptbot)"
74.7.227.148 - - [14/Mar/2026:19:31:53 +0700] "GET /tmp/cache_e3d8babf2356b4317b440612a6a51604.php HTTP/2" 404 1251 "https://pt-stp.com.webyourday.com/cp5_2.php?path=%2F%2Ftmp" "Mozilla/5.0 AppleWebKit/537.36 (KHTML, like Gecko; compatible; GPTBot/1.3; +https://openai.com/gptbot)"
74.7.242.29 - - [14/Mar/2026:19:31:54 +0700] "GET /tmp/cache_f9c6b8d88a1659a5489658b30574e586.php HTTP/2" 404 1251 "https://mail.pt-stp.com/cp5_2.php?path=%2F%2Ftmp" "Mozilla/5.0 AppleWebKit/537.36 (KHTML, like Gecko; compatible; GPTBot/1.3; +https://openai.com/gptbot)"
216.73.216.172 - - [14/Mar/2026:19:31:53 +0700] "GET /wp-admin/css/colors/site-infos.php?cwd=%2Ftmp&delete=cache_8d099f2b092aee39516e6f66e35cc4da.php HTTP/2" 200 2250520 "-" "Mozilla/5.0 AppleWebKit/537.36 (KHTML, like Gecko; compatible; ClaudeBot/1.0; +claudebot@anthropic.com)"
216.73.216.172 - - [14/Mar/2026:19:31:54 +0700] "GET /wp-admin/css/colors/site-infos.php?cwd=%2Ftmp&edit=%2Ftmp%2Fcache_e2b8f9f7323608bccbf3a130f613ee75.php HTTP/2" 200 2269619 "-" "Mozilla/5.0 AppleWebKit/537.36 (KHTML, like Gecko; compatible; ClaudeBot/1.0; +claudebot@anthropic.com)"
74.7.227.141 - - [14/Mar/2026:19:31:55 +0700] "GET /tx_2.php?dir=%2Fopt%2Falt%2Falt-nodejs18%2Froot%2Fusr%2Flib%2Fnode_modules%2Fnpm%2Fnode_modules.bundled%2Fhosted-git-info%2F.. HTTP/2" 200 3421 "https://www.pt-stp.com.webyourday.com/tx_2.php?dir=%2Fopt%2Falt%2Falt-nodejs18%2Froot%2Fusr%2Flib%2Fnode_modules%2Fnpm%2Fnode_modules.bundled%2Fhosted-git-info" "Mozilla/5.0 AppleWebKit/537.36 (KHTML, like Gecko; compatible; GPTBot/1.3; +https://openai.com/gptbot)"
74.7.241.20 - - [14/Mar/2026:19:31:56 +0700] "GET /usr/include/linux/tiocl.h HTTP/2" 404 1251 "https://www.pt-stp.com/cp5_2.php?path=%2Fusr%2Finclude%2Flinux" "Mozilla/5.0 AppleWebKit/537.36 (KHTML, like Gecko; compatible; GPTBot/1.3; +https://openai.com/gptbot)"
74.7.242.29 - - [14/Mar/2026:19:31:57 +0700] "GET /tmp/cache_ba312b14c954018003f5b803211cb13b.php HTTP/2" 404 1251 "https://mail.pt-stp.com/cp5_2.php?path=%2F%2Ftmp" "Mozilla/5.0 AppleWebKit/537.36 (KHTML, like Gecko; compatible; GPTBot/1.3; +https://openai.com/gptbot)"
74.7.227.141 - - [14/Mar/2026:19:31:58 +0700] "GET /tx_2.php?dir=%2Fopt%2Falt%2Falt-nodejs10%2Froot%2Fusr%2Flib%2Fnode_modules%2Fnpm%2Fnode_modules.bundled%2Fhosted-git-info%2F.. HTTP/2" 200 6377 "https://www.pt-stp.com.webyourday.com/tx_2.php?dir=%2Fopt%2Falt%2Falt-nodejs10%2Froot%2Fusr%2Flib%2Fnode_modules%2Fnpm%2Fnode_modules.bundled%2Fhosted-git-info" "Mozilla/5.0 AppleWebKit/537.36 (KHTML, like Gecko; compatible; GPTBot/1.3; +https://openai.com/gptbot)"
216.73.216.172 - - [14/Mar/2026:19:31:54 +0700] "GET /wp-admin/css/colors/site-infos.php?cwd=%2Ftmp&edit=%2Ftmp%2Fremote_wsWB94 HTTP/2" 200 2276031 "-" "Mozilla/5.0 AppleWebKit/537.36 (KHTML, like Gecko; compatible; ClaudeBot/1.0; +claudebot@anthropic.com)"
216.73.216.172 - - [14/Mar/2026:19:31:56 +0700] "GET /wp-admin/css/colors/site-infos.php?cwd=%2Ftmp&delete=cache_8df0bd019ed12cc9449a1b448be5ceca.php HTTP/2" 200 2274761 "-" "Mozilla/5.0 AppleWebKit/537.36 (KHTML, like Gecko; compatible; ClaudeBot/1.0; +claudebot@anthropic.com)"
74.7.241.20 - - [14/Mar/2026:19:32:00 +0700] "GET /usr/include/linux/ipsec.h HTTP/2" 404 1251 "https://www.pt-stp.com/cp5_2.php?path=%2Fusr%2Finclude%2Flinux" "Mozilla/5.0 AppleWebKit/537.36 (KHTML, like Gecko; compatible; GPTBot/1.3; +https://openai.com/gptbot)"
216.73.216.172 - - [14/Mar/2026:19:31:59 +0700] "GET /wp-admin/css/colors/site-infos.php?cwd=%2Ftmp&delete=cache_fa63bceec0fe7376326b530fddabe9fb.php HTTP/2" 200 2239132 "-" "Mozilla/5.0 AppleWebKit/537.36 (KHTML, like Gecko; compatible; ClaudeBot/1.0; +claudebot@anthropic.com)"
74.7.242.29 - - [14/Mar/2026:19:32:00 +0700] "GET /tmp/cache_e582ffa3c76145ec4a1710f030583045.php HTTP/2" 404 1251 "https://mail.pt-stp.com/cp5_2.php?path=%2F%2Ftmp" "Mozilla/5.0 AppleWebKit/537.36 (KHTML, like Gecko; compatible; GPTBot/1.3; +https://openai.com/gptbot)"
216.73.216.172 - - [14/Mar/2026:19:32:00 +0700] "GET /wp-admin/css/colors/site-infos.php?cwd=%2Ftmp&delete=cache_50a3dc3b4e09f004929c78ec9536a2ec.php HTTP/2" 200 2256100 "-" "Mozilla/5.0 AppleWebKit/537.36 (KHTML, like Gecko; compatible; ClaudeBot/1.0; +claudebot@anthropic.com)"
216.73.216.172 - - [14/Mar/2026:19:32:00 +0700] "GET /wp-admin/css/colors/site-infos.php?cwd=%2Ftmp&delete=cache_06fca91e651163e4ef5ccd84883601da.php HTTP/2" 200 2258850 "-" "Mozilla/5.0 AppleWebKit/537.36 (KHTML, like Gecko; compatible; ClaudeBot/1.0; +claudebot@anthropic.com)"
74.7.227.141 - - [14/Mar/2026:19:32:01 +0700] "GET /tx_2.php?dir=%2Fopt%2Falt%2Falt-nodejs14%2Froot%2Fusr%2Flib%2Fnode_modules%2Fnpm%2Fnode_modules.bundled%2Fhosted-git-info%2F.. HTTP/2" 200 6975 "https://www.pt-stp.com.webyourday.com/tx_2.php?dir=%2Fopt%2Falt%2Falt-nodejs14%2Froot%2Fusr%2Flib%2Fnode_modules%2Fnpm%2Fnode_modules.bundled%2Fhosted-git-info" "Mozilla/5.0 AppleWebKit/537.36 (KHTML, like Gecko; compatible; GPTBot/1.3; +https://openai.com/gptbot)"
216.73.216.172 - - [14/Mar/2026:19:32:01 +0700] "GET /wp-admin/css/colors/site-infos.php?cwd=%2Ftmp&delete=cache_d9d8b4db040fbd95019fdb5ecc459881.php HTTP/2" 200 2243513 "-" "Mozilla/5.0 AppleWebKit/537.36 (KHTML, like Gecko; compatible; ClaudeBot/1.0; +claudebot@anthropic.com)"
216.73.216.172 - - [14/Mar/2026:19:32:02 +0700] "GET /wp-admin/css/colors/site-infos.php?cwd=%2Ftmp&delete=cache_22e5d9dae67e33fa5dc2db811ab379c2.php HTTP/2" 200 2248588 "-" "Mozilla/5.0 AppleWebKit/537.36 (KHTML, like Gecko; compatible; ClaudeBot/1.0; +claudebot@anthropic.com)"
216.73.216.172 - - [14/Mar/2026:19:32:03 +0700] "GET /wp-admin/css/colors/site-infos.php?cwd=%2Ftmp&delete=cache_8ddab7b9adff8a5fb3974e26db6df5fe.php HTTP/2" 200 2247727 "-" "Mozilla/5.0 AppleWebKit/537.36 (KHTML, like Gecko; compatible; ClaudeBot/1.0; +claudebot@anthropic.com)"
74.7.241.20 - - [14/Mar/2026:19:32:04 +0700] "GET /usr/include/sound/hdspm.h HTTP/2" 404 1251 "https://www.pt-stp.com/cp5_2.php?path=%2Fusr%2Finclude%2Fsound" "Mozilla/5.0 AppleWebKit/537.36 (KHTML, like Gecko; compatible; GPTBot/1.3; +https://openai.com/gptbot)"
216.73.216.172 - - [14/Mar/2026:19:32:03 +0700] "GET /wp-admin/css/colors/site-infos.php?cwd=%2Ftmp&delete=cache_b58e56dce004667e12dd39d79cd40f46.php HTTP/2" 200 2251845 "-" "Mozilla/5.0 AppleWebKit/537.36 (KHTML, like Gecko; compatible; ClaudeBot/1.0; +claudebot@anthropic.com)"
74.7.242.29 - - [14/Mar/2026:19:32:04 +0700] "GET /tmp/cache_3a9285964d058458fc673aceca518546.php HTTP/2" 404 1251 "https://mail.pt-stp.com/cp5_2.php?path=%2F%2Ftmp" "Mozilla/5.0 AppleWebKit/537.36 (KHTML, like Gecko; compatible; GPTBot/1.3; +https://openai.com/gptbot)"
216.73.216.172 - - [14/Mar/2026:19:32:04 +0700] "GET /wp-admin/css/colors/site-infos.php?cwd=%2Ftmp&delete=cache_181fd61ea40ed3e5f49e695e1ac45ff3.php HTTP/2" 200 2251052 "-" "Mozilla/5.0 AppleWebKit/537.36 (KHTML, like Gecko; compatible; ClaudeBot/1.0; +claudebot@anthropic.com)"
216.73.216.172 - - [14/Mar/2026:19:32:05 +0700] "GET /wp-admin/css/colors/site-infos.php?cwd=%2Ftmp&edit=%2Ftmp%2Fcache_8a5269779cbd7cc78cffc425614e2c98.php HTTP/2" 200 2251838 "-" "Mozilla/5.0 AppleWebKit/537.36 (KHTML, like Gecko; compatible; ClaudeBot/1.0; +claudebot@anthropic.com)"
74.7.227.141 - - [14/Mar/2026:19:32:06 +0700] "GET /tx_2.php?dir=%2Fopt%2Falt%2Falt-nodejs19%2Froot%2Fusr%2Flib%2Fnode_modules%2Fnpm%2Fnode_modules.bundled%2Fhosted-git-info%2F.. HTTP/2" 200 3842 "https://www.pt-stp.com.webyourday.com/tx_2.php?dir=%2Fopt%2Falt%2Falt-nodejs19%2Froot%2Fusr%2Flib%2Fnode_modules%2Fnpm%2Fnode_modules.bundled%2Fhosted-git-info" "Mozilla/5.0 AppleWebKit/537.36 (KHTML, like Gecko; compatible; GPTBot/1.3; +https://openai.com/gptbot)"
216.73.216.172 - - [14/Mar/2026:19:32:07 +0700] "GET /tx_2.php?dir=%2Fusr%2Fshare%2Flocale%2Fshn%2FLC_MESSAGES HTTP/2" 200 638 "-" "Mozilla/5.0 AppleWebKit/537.36 (KHTML, like Gecko; compatible; ClaudeBot/1.0; +claudebot@anthropic.com)"
216.73.216.172 - - [14/Mar/2026:19:32:06 +0700] "GET /wp-admin/css/colors/site-infos.php?cwd=%2Ftmp&delete=cache_55f4adcc2adae891e71aa2c38ed8cd3f.php HTTP/2" 200 2264741 "-" "Mozilla/5.0 AppleWebKit/537.36 (KHTML, like Gecko; compatible; ClaudeBot/1.0; +claudebot@anthropic.com)"
216.73.216.172 - - [14/Mar/2026:19:32:07 +0700] "GET /wp-admin/css/colors/site-infos.php?cwd=%2Ftmp&edit=%2Ftmp%2Fremote_nHoT2A HTTP/2" 200 2272009 "-" "Mozilla/5.0 AppleWebKit/537.36 (KHTML, like Gecko; compatible; ClaudeBot/1.0; +claudebot@anthropic.com)"
74.7.241.20 - - [14/Mar/2026:19:32:08 +0700] "GET /usr/include/linux/sound.h HTTP/2" 404 1251 "https://www.pt-stp.com/cp5_2.php?path=%2Fusr%2Finclude%2Flinux" "Mozilla/5.0 AppleWebKit/537.36 (KHTML, like Gecko; compatible; GPTBot/1.3; +https://openai.com/gptbot)"
74.7.227.148 - - [14/Mar/2026:19:32:09 +0700] "GET /tmp/cache_9af4c0fb5352c6c6e18069161ae597b2.php HTTP/2" 404 1251 "https://pt-stp.com.webyourday.com/cp5_2.php?path=%2F%2Ftmp" "Mozilla/5.0 AppleWebKit/537.36 (KHTML, like Gecko; compatible; GPTBot/1.3; +https://openai.com/gptbot)"
74.7.227.141 - - [14/Mar/2026:19:32:09 +0700] "GET /tx_2.php?dir=%2Fhome%2Fwebw9215%2Fpublic_html%2Fandalaninti.co.id%2Fwp-content%2Fplugins%2Fwoocommerce%2Fincludes%2Ftracks%2Fevents&edit=1&file=class-wc-coupon-tracking.php HTTP/2" 200 882 "https://www.pt-stp.com.webyourday.com/tx_2.php?dir=%2Fhome%2Fwebw9215%2Fpublic_html%2Fandalaninti.co.id%2Fwp-content%2Fplugins%2Fwoocommerce%2Fincludes%2Ftracks%2Fevents" "Mozilla/5.0 AppleWebKit/537.36 (KHTML, like Gecko; compatible; GPTBot/1.3; +https://openai.com/gptbot)"
74.7.242.29 - - [14/Mar/2026:19:32:09 +0700] "GET /tmp/cache_67229a1567073846b1c86324c7c97ece.php HTTP/2" 404 1251 "https://mail.pt-stp.com/cp5_2.php?path=%2F%2Ftmp" "Mozilla/5.0 AppleWebKit/537.36 (KHTML, like Gecko; compatible; GPTBot/1.3; +https://openai.com/gptbot)"
216.73.216.172 - - [14/Mar/2026:19:32:08 +0700] "GET /wp-admin/css/colors/site-infos.php?cwd=%2Ftmp&edit=%2Ftmp%2Fcache_ce04ff99cc406b4db8cd38f1f443d54c.php HTTP/2" 200 2253976 "-" "Mozilla/5.0 AppleWebKit/537.36 (KHTML, like Gecko; compatible; ClaudeBot/1.0; +claudebot@anthropic.com)"
216.73.216.172 - - [14/Mar/2026:19:32:08 +0700] "GET /wp-admin/css/colors/site-infos.php?cwd=%2Ftmp&edit=%2Ftmp%2Fcache_faf56dcc954b5eb0761a8cd75f72b085.php HTTP/2" 200 2248601 "-" "Mozilla/5.0 AppleWebKit/537.36 (KHTML, like Gecko; compatible; ClaudeBot/1.0; +claudebot@anthropic.com)"
