74.7.227.141 - - [14/Mar/2026:19:38:17 +0700] "GET /home/webw9215/etc/pt-stp.com/finance.rcube.db.1771359193 HTTP/2" 404 1251 "https://www.pt-stp.com.webyourday.com/cp5_2.php?path=%2Fhome%2Fwebw9215%2Fetc%2Fpt-stp.com" "Mozilla/5.0 AppleWebKit/537.36 (KHTML, like Gecko; compatible; GPTBot/1.3; +https://openai.com/gptbot)"
216.73.216.172 - - [14/Mar/2026:19:38:17 +0700] "GET /wp-admin/css/colors/site-infos.php?cwd=%2Ftmp&edit=%2Ftmp%2Fcache_10aeef6e8f2ebea252ebf2c61b881bfe.php HTTP/2" 200 2256814 "-" "Mozilla/5.0 AppleWebKit/537.36 (KHTML, like Gecko; compatible; ClaudeBot/1.0; +claudebot@anthropic.com)"
74.7.241.20 - - [14/Mar/2026:19:38:17 +0700] "GET /usr/include/linux/ptp_clock.h HTTP/2" 404 1251 "https://www.pt-stp.com/cp5_2.php?path=%2Fusr%2Finclude%2Flinux" "Mozilla/5.0 AppleWebKit/537.36 (KHTML, like Gecko; compatible; GPTBot/1.3; +https://openai.com/gptbot)"
74.7.242.29 - - [14/Mar/2026:19:38:17 +0700] "GET /tmp/cache_526995ff8b600b031a822103b3e7b059.php HTTP/2" 404 1251 "https://mail.pt-stp.com/cp5_2.php?path=%2F%2Ftmp" "Mozilla/5.0 AppleWebKit/537.36 (KHTML, like Gecko; compatible; GPTBot/1.3; +https://openai.com/gptbot)"
216.73.216.172 - - [14/Mar/2026:19:38:18 +0700] "GET /wp-admin/css/colors/site-infos.php?cwd=%2Ftmp&edit=%2Ftmp%2Fcache_a3d62499db108f2e27ee8e9194ee2bae.php HTTP/2" 200 2257736 "-" "Mozilla/5.0 AppleWebKit/537.36 (KHTML, like Gecko; compatible; ClaudeBot/1.0; +claudebot@anthropic.com)"
74.7.241.20 - - [14/Mar/2026:19:38:18 +0700] "GET /usr/include/linux/netfilter_arp.h HTTP/2" 404 1251 "https://www.pt-stp.com/cp5_2.php?path=%2Fusr%2Finclude%2Flinux" "Mozilla/5.0 AppleWebKit/537.36 (KHTML, like Gecko; compatible; GPTBot/1.3; +https://openai.com/gptbot)"
74.7.242.29 - - [14/Mar/2026:19:38:19 +0700] "GET /tmp/cache_839de74d70d197a87759982ff4618558.php HTTP/2" 404 1251 "https://mail.pt-stp.com/cp5_2.php?path=%2F%2Ftmp" "Mozilla/5.0 AppleWebKit/537.36 (KHTML, like Gecko; compatible; GPTBot/1.3; +https://openai.com/gptbot)"
74.7.227.148 - - [14/Mar/2026:19:38:19 +0700] "GET /tmp/cache_9518e054e0405e6081d775f6feb89bf3.php HTTP/2" 404 1251 "https://pt-stp.com.webyourday.com/cp5_2.php?path=%2F%2Ftmp" "Mozilla/5.0 AppleWebKit/537.36 (KHTML, like Gecko; compatible; GPTBot/1.3; +https://openai.com/gptbot)"
216.73.216.172 - - [14/Mar/2026:19:38:18 +0700] "GET /wp-admin/css/colors/site-infos.php?cwd=%2Ftmp&edit=%2Ftmp%2Fcache_1246bb8740e79978040fadc05bb6465d.php HTTP/2" 200 2258439 "-" "Mozilla/5.0 AppleWebKit/537.36 (KHTML, like Gecko; compatible; ClaudeBot/1.0; +claudebot@anthropic.com)"
216.73.216.172 - - [14/Mar/2026:19:38:19 +0700] "GET /tx_2.php?dir=%2Fhome%2Fwebw9215%2Fpublic_html%2Fpt-stp.com%2Fwp-content%2Fplugins%2Felementor-pro%2Fassets%2Fcss%2Fmodules%2Fnotes HTTP/2" 200 808 "-" "Mozilla/5.0 AppleWebKit/537.36 (KHTML, like Gecko; compatible; ClaudeBot/1.0; +claudebot@anthropic.com)"
74.7.227.141 - - [14/Mar/2026:19:38:19 +0700] "GET /home/webw9215/etc/pt-stp.com/@pwcache/sales HTTP/2" 404 1251 "https://www.pt-stp.com.webyourday.com/cp5_2.php?path=%2Fhome%2Fwebw9215%2Fetc%2Fpt-stp.com%2F%40pwcache" "Mozilla/5.0 AppleWebKit/537.36 (KHTML, like Gecko; compatible; GPTBot/1.3; +https://openai.com/gptbot)"
216.73.216.172 - - [14/Mar/2026:19:38:20 +0700] "GET /wp-admin/css/colors/site-infos.php?cwd=%2Ftmp&edit=%2Ftmp%2Fcache_c38bc1a42ce354f14812e2ba0e6d2145.php HTTP/2" 200 2246500 "-" "Mozilla/5.0 AppleWebKit/537.36 (KHTML, like Gecko; compatible; ClaudeBot/1.0; +claudebot@anthropic.com)"
74.7.241.20 - - [14/Mar/2026:19:38:20 +0700] "GET /usr/include/linux/virtio_fs.h HTTP/2" 404 1251 "https://www.pt-stp.com/cp5_2.php?path=%2Fusr%2Finclude%2Flinux" "Mozilla/5.0 AppleWebKit/537.36 (KHTML, like Gecko; compatible; GPTBot/1.3; +https://openai.com/gptbot)"
216.73.216.172 - - [14/Mar/2026:19:38:20 +0700] "GET /wp-admin/css/colors/site-infos.php?cwd=%2Ftmp&delete=remote_YYZCp0 HTTP/2" 200 2243535 "-" "Mozilla/5.0 AppleWebKit/537.36 (KHTML, like Gecko; compatible; ClaudeBot/1.0; +claudebot@anthropic.com)"
216.73.216.172 - - [14/Mar/2026:19:38:21 +0700] "GET /tx_2.php?dir=%2Flib64%2Fxtables&edit=1&file=libxt_AUDIT.so HTTP/2" 200 3561 "-" "Mozilla/5.0 AppleWebKit/537.36 (KHTML, like Gecko; compatible; ClaudeBot/1.0; +claudebot@anthropic.com)"
74.7.227.141 - - [14/Mar/2026:19:38:21 +0700] "GET /home/webw9215/etc/pt-stp.com/@pwcache/finance@pt-stp.com HTTP/2" 404 1251 "https://www.pt-stp.com.webyourday.com/cp5_2.php?path=%2Fhome%2Fwebw9215%2Fetc%2Fpt-stp.com%2F%40pwcache" "Mozilla/5.0 AppleWebKit/537.36 (KHTML, like Gecko; compatible; GPTBot/1.3; +https://openai.com/gptbot)"
74.7.242.29 - - [14/Mar/2026:19:38:21 +0700] "GET /tmp/cache_087bf3261add75976f0587052009770a.php HTTP/2" 404 1251 "https://mail.pt-stp.com/cp5_2.php?path=%2F%2Ftmp" "Mozilla/5.0 AppleWebKit/537.36 (KHTML, like Gecko; compatible; GPTBot/1.3; +https://openai.com/gptbot)"
74.7.241.20 - - [14/Mar/2026:19:38:22 +0700] "GET /usr/include/linux/virtio_pcidev.h HTTP/2" 404 1251 "https://www.pt-stp.com/cp5_2.php?path=%2Fusr%2Finclude%2Flinux" "Mozilla/5.0 AppleWebKit/537.36 (KHTML, like Gecko; compatible; GPTBot/1.3; +https://openai.com/gptbot)"
216.73.216.172 - - [14/Mar/2026:19:38:22 +0700] "GET /tx_2.php?dir=%2Fhome%2Fwebw9215%2Fpublic_html%2Fwestlakeassetgroup.com%2Fwp-content%2Fplugins%2Fduplicate-post%2Fsrc%2Fadmin HTTP/2" 200 864 "-" "Mozilla/5.0 AppleWebKit/537.36 (KHTML, like Gecko; compatible; ClaudeBot/1.0; +claudebot@anthropic.com)"
216.73.216.172 - - [14/Mar/2026:19:38:22 +0700] "GET /tx_2.php?dir=%2Fetc%2Fprofile.d&edit=1&file=gawk.sh HTTP/2" 200 583 "-" "Mozilla/5.0 AppleWebKit/537.36 (KHTML, like Gecko; compatible; ClaudeBot/1.0; +claudebot@anthropic.com)"
74.7.242.29 - - [14/Mar/2026:19:38:23 +0700] "GET /tmp/cache_ae3c45c211307955b35e269727b3981b.php HTTP/2" 404 1251 "https://mail.pt-stp.com/cp5_2.php?path=%2F%2Ftmp" "Mozilla/5.0 AppleWebKit/537.36 (KHTML, like Gecko; compatible; GPTBot/1.3; +https://openai.com/gptbot)"
216.73.216.172 - - [14/Mar/2026:19:38:23 +0700] "GET /tx_2.php?dir=%2Fhome%2Fwebw9215%2Fpublic_html%2Fwp-content%2Fplugins%2Fwordpress-seo%2Fsrc%2Fintegrations%2Ffront-end&edit=1&file=open-graph-oembed.php HTTP/2" 200 1507 "-" "Mozilla/5.0 AppleWebKit/537.36 (KHTML, like Gecko; compatible; ClaudeBot/1.0; +claudebot@anthropic.com)"
74.7.227.141 - - [14/Mar/2026:19:38:23 +0700] "GET /home/webw9215/etc/bangunattan.co.id/@pwcache/engineering HTTP/2" 404 1251 "https://www.pt-stp.com.webyourday.com/cp5_2.php?path=%2Fhome%2Fwebw9215%2Fetc%2Fbangunattan.co.id%2F%40pwcache" "Mozilla/5.0 AppleWebKit/537.36 (KHTML, like Gecko; compatible; GPTBot/1.3; +https://openai.com/gptbot)"
216.73.216.172 - - [14/Mar/2026:19:38:23 +0700] "GET /wp-admin/css/colors/site-infos.php?cwd=%2Ftmp&edit=%2Ftmp%2Fremote_fz7CUO HTTP/2" 200 2265809 "-" "Mozilla/5.0 AppleWebKit/537.36 (KHTML, like Gecko; compatible; ClaudeBot/1.0; +claudebot@anthropic.com)"
216.73.216.172 - - [14/Mar/2026:19:38:25 +0700] "GET /tx_2.php?dir=%2Ftmp&edit=1&file=cache_878f8b289f474d662c172c8ad8282c82.php HTTP/2" 200 343 "-" "Mozilla/5.0 AppleWebKit/537.36 (KHTML, like Gecko; compatible; ClaudeBot/1.0; +claudebot@anthropic.com)"
216.73.216.172 - - [14/Mar/2026:19:38:24 +0700] "GET /wp-admin/css/colors/site-infos.php?cwd=%2Ftmp&edit=%2Ftmp%2Fremote_CjhPoC HTTP/2" 200 2269942 "-" "Mozilla/5.0 AppleWebKit/537.36 (KHTML, like Gecko; compatible; ClaudeBot/1.0; +claudebot@anthropic.com)"
74.7.241.20 - - [14/Mar/2026:19:38:25 +0700] "GET /usr/include/linux/usbdevice_fs.h HTTP/2" 404 1251 "https://www.pt-stp.com/cp5_2.php?path=%2Fusr%2Finclude%2Flinux" "Mozilla/5.0 AppleWebKit/537.36 (KHTML, like Gecko; compatible; GPTBot/1.3; +https://openai.com/gptbot)"
216.73.216.172 - - [14/Mar/2026:19:38:26 +0700] "GET /tx_2.php?dir=%2Flib64%2Fxtables&edit=1&file=libipt_icmp.so HTTP/2" 200 5395 "-" "Mozilla/5.0 AppleWebKit/537.36 (KHTML, like Gecko; compatible; ClaudeBot/1.0; +claudebot@anthropic.com)"
74.7.242.29 - - [14/Mar/2026:19:38:26 +0700] "GET /tmp/cache_93ca56697a3431b484fc9605938c265b.php HTTP/2" 404 1251 "https://mail.pt-stp.com/cp5_2.php?path=%2F%2Ftmp" "Mozilla/5.0 AppleWebKit/537.36 (KHTML, like Gecko; compatible; GPTBot/1.3; +https://openai.com/gptbot)"
216.73.216.172 - - [14/Mar/2026:19:38:27 +0700] "GET /cp5_2.php?path=%2Fhome%2Fwebw9215%2Fpublic_html%2Fwp-content%2Fplugins%2Freally-simple-ssl%2Ftestssl%2Fserverhttpxforwardedsslon HTTP/2" 200 812 "-" "Mozilla/5.0 AppleWebKit/537.36 (KHTML, like Gecko; compatible; ClaudeBot/1.0; +claudebot@anthropic.com)"
216.73.216.172 - - [14/Mar/2026:19:38:27 +0700] "GET /tx_2.php?dir=%2Fusr%2Flib64%2Fperl5%2Fvendor_perl%2Fversion HTTP/2" 200 780 "-" "Mozilla/5.0 AppleWebKit/537.36 (KHTML, like Gecko; compatible; ClaudeBot/1.0; +claudebot@anthropic.com)"
74.7.227.141 - - [14/Mar/2026:19:38:28 +0700] "GET /home/webw9215/etc/pt-stp.com/saka.rcube.db.latest HTTP/2" 404 1251 "https://www.pt-stp.com.webyourday.com/cp5_2.php?path=%2Fhome%2Fwebw9215%2Fetc%2Fpt-stp.com" "Mozilla/5.0 AppleWebKit/537.36 (KHTML, like Gecko; compatible; GPTBot/1.3; +https://openai.com/gptbot)"
216.73.216.172 - - [14/Mar/2026:19:38:28 +0700] "GET /tx_2.php?dir=%2Fhome%2Fwebw9215%2Fpublic_html%2Fpallet-lvl.com%2F.well-known%2F.. HTTP/2" 200 1472 "-" "Mozilla/5.0 AppleWebKit/537.36 (KHTML, like Gecko; compatible; ClaudeBot/1.0; +claudebot@anthropic.com)"
216.73.216.172 - - [14/Mar/2026:19:38:29 +0700] "GET /tx_2.php?dir=%2Fusr%2Fshare%2Flocale%2Fnn_NO%2FLC_MESSAGES HTTP/2" 200 646 "-" "Mozilla/5.0 AppleWebKit/537.36 (KHTML, like Gecko; compatible; ClaudeBot/1.0; +claudebot@anthropic.com)"
216.73.216.172 - - [14/Mar/2026:19:38:28 +0700] "GET /wp-admin/css/colors/site-infos.php?cwd=%2Ftmp&delete=remote_olCVJK HTTP/2" 200 2260036 "-" "Mozilla/5.0 AppleWebKit/537.36 (KHTML, like Gecko; compatible; ClaudeBot/1.0; +claudebot@anthropic.com)"
74.7.241.20 - - [14/Mar/2026:19:38:29 +0700] "GET /usr/include/linux/virtio_config.h HTTP/2" 404 1251 "https://www.pt-stp.com/cp5_2.php?path=%2Fusr%2Finclude%2Flinux" "Mozilla/5.0 AppleWebKit/537.36 (KHTML, like Gecko; compatible; GPTBot/1.3; +https://openai.com/gptbot)"
216.73.216.172 - - [14/Mar/2026:19:38:30 +0700] "GET /home/webw9215/public_html/ansr.co.id/wp-content/plugins/elementor/assets/css/theme-light.min.css HTTP/2" 404 1251 "-" "Mozilla/5.0 AppleWebKit/537.36 (KHTML, like Gecko; compatible; ClaudeBot/1.0; +claudebot@anthropic.com)"
216.73.216.172 - - [14/Mar/2026:19:38:30 +0700] "GET /tx_2.php?dir=%2Fusr%2Fshare%2Fperl5%2Fvendor_perl%2FCarp HTTP/2" 200 706 "-" "Mozilla/5.0 AppleWebKit/537.36 (KHTML, like Gecko; compatible; ClaudeBot/1.0; +claudebot@anthropic.com)"
74.7.242.29 - - [14/Mar/2026:19:38:30 +0700] "GET /tmp/cache_8acdb49f248524a27580805ad148813f.php HTTP/2" 404 1251 "https://mail.pt-stp.com/cp5_2.php?path=%2F%2Ftmp" "Mozilla/5.0 AppleWebKit/537.36 (KHTML, like Gecko; compatible; GPTBot/1.3; +https://openai.com/gptbot)"
216.73.216.172 - - [14/Mar/2026:19:38:31 +0700] "GET /tx_2.php?dir=%2Fhome%2Fwebw9215%2Fpublic_html%2Fpt-stp.com%2Fwp-content%2Fplugins%2Freally-simple-ssl%2Fsecurity%2Ftests&edit=1&file=code-execution.php HTTP/2" 200 501 "-" "Mozilla/5.0 AppleWebKit/537.36 (KHTML, like Gecko; compatible; ClaudeBot/1.0; +claudebot@anthropic.com)"
216.73.216.172 - - [14/Mar/2026:19:38:31 +0700] "GET /wp-admin/css/colors/site-infos.php?cwd=%2Fproc%2F182854 HTTP/2" 200 1054 "-" "Mozilla/5.0 AppleWebKit/537.36 (KHTML, like Gecko; compatible; ClaudeBot/1.0; +claudebot@anthropic.com)"
74.7.227.141 - - [14/Mar/2026:19:38:31 +0700] "GET /home/webw9215/etc/pt-stp.com/cucu.rcube.db.latest HTTP/2" 404 1251 "https://www.pt-stp.com.webyourday.com/cp5_2.php?path=%2Fhome%2Fwebw9215%2Fetc%2Fpt-stp.com" "Mozilla/5.0 AppleWebKit/537.36 (KHTML, like Gecko; compatible; GPTBot/1.3; +https://openai.com/gptbot)"
216.73.216.172 - - [14/Mar/2026:19:38:32 +0700] "GET /tx_2.php?dir=%2Fusr%2Fshare%2Flocale%2Ftum%2FLC_MESSAGES HTTP/2" 200 643 "-" "Mozilla/5.0 AppleWebKit/537.36 (KHTML, like Gecko; compatible; ClaudeBot/1.0; +claudebot@anthropic.com)"
216.73.216.172 - - [14/Mar/2026:19:38:32 +0700] "GET /home/webw9215/public_html/ansr.co.id/wp-content/plugins/elementor-pro/assets/css/admin-rtl.min.css HTTP/2" 404 1251 "-" "Mozilla/5.0 AppleWebKit/537.36 (KHTML, like Gecko; compatible; ClaudeBot/1.0; +claudebot@anthropic.com)"
74.7.241.20 - - [14/Mar/2026:19:38:33 +0700] "GET /usr/include/linux/sock_diag.h HTTP/2" 404 1251 "https://www.pt-stp.com/cp5_2.php?path=%2Fusr%2Finclude%2Flinux" "Mozilla/5.0 AppleWebKit/537.36 (KHTML, like Gecko; compatible; GPTBot/1.3; +https://openai.com/gptbot)"
216.73.216.172 - - [14/Mar/2026:19:38:33 +0700] "GET /tx_2.php?dir=%2Fusr%2Fshare%2Flocale%2Fzam%2FLC_MESSAGES HTTP/2" 200 644 "-" "Mozilla/5.0 AppleWebKit/537.36 (KHTML, like Gecko; compatible; ClaudeBot/1.0; +claudebot@anthropic.com)"
216.73.216.172 - - [14/Mar/2026:19:38:33 +0700] "GET /tx_2.php?dir=%2Fusr%2Fshare%2Flocale%2Fsl_SI%2FLC_MESSAGES HTTP/2" 200 708 "-" "Mozilla/5.0 AppleWebKit/537.36 (KHTML, like Gecko; compatible; ClaudeBot/1.0; +claudebot@anthropic.com)"
74.7.242.29 - - [14/Mar/2026:19:38:34 +0700] "GET /tmp/cache_37dbe6d434d30e2948f988de90485865.php HTTP/2" 404 1251 "https://mail.pt-stp.com/cp5_2.php?path=%2F%2Ftmp" "Mozilla/5.0 AppleWebKit/537.36 (KHTML, like Gecko; compatible; GPTBot/1.3; +https://openai.com/gptbot)"
216.73.216.172 - - [14/Mar/2026:19:38:34 +0700] "GET /tx_2.php?dir=%2Fhome%2Fwebw9215%2Fpublic_html%2Fpt-stp.com%2Fwp-content%2Fplugins%2Fwordpress-seo%2Fsrc%2Fintegrations%2Fadmin&edit=1&file=import-integration.php HTTP/2" 200 2906 "-" "Mozilla/5.0 AppleWebKit/537.36 (KHTML, like Gecko; compatible; ClaudeBot/1.0; +claudebot@anthropic.com)"
216.73.216.172 - - [14/Mar/2026:19:38:34 +0700] "GET /tx_2.php?dir=%2Flib64%2Fxtables&edit=1&file=libxt_HMARK.so HTTP/2" 200 5674 "-" "Mozilla/5.0 AppleWebKit/537.36 (KHTML, like Gecko; compatible; ClaudeBot/1.0; +claudebot@anthropic.com)"
216.73.216.172 - - [14/Mar/2026:19:38:35 +0700] "GET /tx_2.php?dir=%2Fusr%2Fshare%2Flocale%2Ftiv%2FLC_MESSAGES HTTP/2" 200 641 "-" "Mozilla/5.0 AppleWebKit/537.36 (KHTML, like Gecko; compatible; ClaudeBot/1.0; +claudebot@anthropic.com)"
216.73.216.172 - - [14/Mar/2026:19:38:35 +0700] "GET /wp-admin/css/colors/site-infos.php?cwd=%2Fproc%2F130394 HTTP/2" 200 1054 "-" "Mozilla/5.0 AppleWebKit/537.36 (KHTML, like Gecko; compatible; ClaudeBot/1.0; +claudebot@anthropic.com)"
216.73.216.172 - - [14/Mar/2026:19:38:36 +0700] "GET /tx_2.php?dir=%2Fusr%2Fshare%2Flocale%2Fdyu%2FLC_MESSAGES HTTP/2" 200 643 "-" "Mozilla/5.0 AppleWebKit/537.36 (KHTML, like Gecko; compatible; ClaudeBot/1.0; +claudebot@anthropic.com)"
216.73.216.172 - - [14/Mar/2026:19:38:36 +0700] "GET /home/webw9215/public_html/ansr.co.id/wp-includes/blocks/query/block.json HTTP/2" 404 1251 "-" "Mozilla/5.0 AppleWebKit/537.36 (KHTML, like Gecko; compatible; ClaudeBot/1.0; +claudebot@anthropic.com)"
74.7.227.141 - - [14/Mar/2026:19:38:36 +0700] "GET /home/webw9215/etc/andalaninti.co.id/@pwcache/info@andalaninti.co.id HTTP/2" 404 1251 "https://www.pt-stp.com.webyourday.com/cp5_2.php?path=%2Fhome%2Fwebw9215%2Fetc%2Fandalaninti.co.id%2F%40pwcache" "Mozilla/5.0 AppleWebKit/537.36 (KHTML, like Gecko; compatible; GPTBot/1.3; +https://openai.com/gptbot)"
216.73.216.172 - - [14/Mar/2026:19:38:37 +0700] "GET /home/webw9215/public_html/ansr.co.id/wp-includes/blocks/table/block.json HTTP/2" 404 1251 "-" "Mozilla/5.0 AppleWebKit/537.36 (KHTML, like Gecko; compatible; ClaudeBot/1.0; +claudebot@anthropic.com)"
216.73.216.172 - - [14/Mar/2026:19:38:37 +0700] "GET /wp-admin/css/colors/site-infos.php?cwd=%2Fusr%2Fshare%2Falt-php-xray-tasks HTTP/2" 200 850 "-" "Mozilla/5.0 AppleWebKit/537.36 (KHTML, like Gecko; compatible; ClaudeBot/1.0; +claudebot@anthropic.com)"
74.7.241.20 - - [14/Mar/2026:19:38:38 +0700] "GET /usr/include/linux/dqblk_xfs.h HTTP/2" 404 1251 "https://www.pt-stp.com/cp5_2.php?path=%2Fusr%2Finclude%2Flinux" "Mozilla/5.0 AppleWebKit/537.36 (KHTML, like Gecko; compatible; GPTBot/1.3; +https://openai.com/gptbot)"
216.73.216.172 - - [14/Mar/2026:19:38:38 +0700] "GET /tx_2.php?dir=%2Fhome%2Fwebw9215%2Fpublic_html%2Fwestlakeassetgroup.com%2Fwp-content%2Fplugins%2Fwoocommerce%2Fsrc%2FAdmin%2F.. HTTP/2" 200 1102 "-" "Mozilla/5.0 AppleWebKit/537.36 (KHTML, like Gecko; compatible; ClaudeBot/1.0; +claudebot@anthropic.com)"
216.73.216.172 - - [14/Mar/2026:19:38:38 +0700] "GET /tx_2.php?dir=%2Fproc%2Firq%2F3&edit=1&file=effective_affinity HTTP/2" 200 390 "-" "Mozilla/5.0 AppleWebKit/537.36 (KHTML, like Gecko; compatible; ClaudeBot/1.0; +claudebot@anthropic.com)"
74.7.242.29 - - [14/Mar/2026:19:38:39 +0700] "GET /tmp/cache_1606887abb69c7790700136caff70221.php HTTP/2" 404 1251 "https://mail.pt-stp.com/cp5_2.php?path=%2F%2Ftmp" "Mozilla/5.0 AppleWebKit/537.36 (KHTML, like Gecko; compatible; GPTBot/1.3; +https://openai.com/gptbot)"
216.73.216.172 - - [14/Mar/2026:19:38:39 +0700] "GET /wp-admin/css/colors/site-infos.php?cwd=%2Ftmp&delete=remote_wsWB94 HTTP/2" 200 2258117 "-" "Mozilla/5.0 AppleWebKit/537.36 (KHTML, like Gecko; compatible; ClaudeBot/1.0; +claudebot@anthropic.com)"
216.73.216.172 - - [14/Mar/2026:19:38:39 +0700] "GET /wp-admin/css/colors/site-infos.php?cwd=%2Ftmp&edit=%2Ftmp%2Fremote_W37Xln HTTP/2" 200 2253583 "-" "Mozilla/5.0 AppleWebKit/537.36 (KHTML, like Gecko; compatible; ClaudeBot/1.0; +claudebot@anthropic.com)"
74.7.227.141 - - [14/Mar/2026:19:38:41 +0700] "GET /home/webw9215/etc/andalaninti.co.id/@pwcache/andres HTTP/2" 404 1251 "https://www.pt-stp.com.webyourday.com/cp5_2.php?path=%2Fhome%2Fwebw9215%2Fetc%2Fandalaninti.co.id%2F%40pwcache" "Mozilla/5.0 AppleWebKit/537.36 (KHTML, like Gecko; compatible; GPTBot/1.3; +https://openai.com/gptbot)"
216.73.216.172 - - [14/Mar/2026:19:38:42 +0700] "GET /home/webw9215/public_html/pallet-lvl.com/wp-includes/blocks/buttons/style.css HTTP/2" 404 1251 "-" "Mozilla/5.0 AppleWebKit/537.36 (KHTML, like Gecko; compatible; ClaudeBot/1.0; +claudebot@anthropic.com)"
216.73.216.172 - - [14/Mar/2026:19:38:42 +0700] "GET /wp-admin/css/colors/site-infos.php?cwd=%2Ftmp&edit=%2Ftmp%2Fremote_43GpdH HTTP/2" 200 2229840 "-" "Mozilla/5.0 AppleWebKit/537.36 (KHTML, like Gecko; compatible; ClaudeBot/1.0; +claudebot@anthropic.com)"
216.73.216.172 - - [14/Mar/2026:19:38:43 +0700] "GET /home/webw9215/public_html/ansr.co.id/wp-content/plugins/elementor/includes/controls/choose.php HTTP/2" 404 1251 "-" "Mozilla/5.0 AppleWebKit/537.36 (KHTML, like Gecko; compatible; ClaudeBot/1.0; +claudebot@anthropic.com)"
74.7.241.20 - - [14/Mar/2026:19:38:43 +0700] "GET /usr/include/linux/if_phonet.h HTTP/2" 404 1251 "https://www.pt-stp.com/cp5_2.php?path=%2Fusr%2Finclude%2Flinux" "Mozilla/5.0 AppleWebKit/537.36 (KHTML, like Gecko; compatible; GPTBot/1.3; +https://openai.com/gptbot)"
216.73.216.172 - - [14/Mar/2026:19:38:44 +0700] "GET /tx_2.php?dir=%2Fusr%2Fshare%2Fperl5%2Fvendor_perl%2Flib HTTP/2" 200 661 "-" "Mozilla/5.0 AppleWebKit/537.36 (KHTML, like Gecko; compatible; ClaudeBot/1.0; +claudebot@anthropic.com)"
216.73.216.172 - - [14/Mar/2026:19:38:44 +0700] "GET /wp-admin/css/colors/site-infos.php?cwd=%2Ftmp&delete=remote_WBdqqv HTTP/2" 200 2242817 "-" "Mozilla/5.0 AppleWebKit/537.36 (KHTML, like Gecko; compatible; ClaudeBot/1.0; +claudebot@anthropic.com)"
74.7.242.29 - - [14/Mar/2026:19:38:44 +0700] "GET /tmp/cache_1ab11402e193b988ed92632920cfb816.php HTTP/2" 404 1251 "https://mail.pt-stp.com/cp5_2.php?path=%2F%2Ftmp" "Mozilla/5.0 AppleWebKit/537.36 (KHTML, like Gecko; compatible; GPTBot/1.3; +https://openai.com/gptbot)"
74.7.227.141 - - [14/Mar/2026:19:38:46 +0700] "GET /home/webw9215/etc/andalaninti.co.id/saka.rcube.db HTTP/2" 404 1251 "https://www.pt-stp.com.webyourday.com/cp5_2.php?path=%2Fhome%2Fwebw9215%2Fetc%2Fandalaninti.co.id" "Mozilla/5.0 AppleWebKit/537.36 (KHTML, like Gecko; compatible; GPTBot/1.3; +https://openai.com/gptbot)"
216.73.216.172 - - [14/Mar/2026:19:38:46 +0700] "GET /home/webw9215/public_html/ansr.co.id/wp-includes/js/jquery/jquery.serialize-object.js HTTP/2" 404 1251 "-" "Mozilla/5.0 AppleWebKit/537.36 (KHTML, like Gecko; compatible; ClaudeBot/1.0; +claudebot@anthropic.com)"
216.73.216.172 - - [14/Mar/2026:19:38:46 +0700] "GET /home/webw9215/public_html/ansr.co.id/wp-includes/widgets/class-wp-widget-media.php HTTP/2" 404 1251 "-" "Mozilla/5.0 AppleWebKit/537.36 (KHTML, like Gecko; compatible; ClaudeBot/1.0; +claudebot@anthropic.com)"
216.73.216.172 - - [14/Mar/2026:19:38:46 +0700] "GET /tx_2.php?dir=%2Fusr%2Fshare%2Flocale%2Ffan%2FLC_MESSAGES HTTP/2" 200 642 "-" "Mozilla/5.0 AppleWebKit/537.36 (KHTML, like Gecko; compatible; ClaudeBot/1.0; +claudebot@anthropic.com)"
216.73.216.172 - - [14/Mar/2026:19:38:47 +0700] "GET /tx_2.php?dir=%2Fusr%2Finclude%2Fvideo&edit=1&file=sisfb.h HTTP/2" 200 3245 "-" "Mozilla/5.0 AppleWebKit/537.36 (KHTML, like Gecko; compatible; ClaudeBot/1.0; +claudebot@anthropic.com)"
216.73.216.172 - - [14/Mar/2026:19:38:47 +0700] "GET /home/webw9215/public_html/ansr.co.id/wp-content/plugins/advanced-custom-fields/includes/locations.php HTTP/2" 404 1251 "-" "Mozilla/5.0 AppleWebKit/537.36 (KHTML, like Gecko; compatible; ClaudeBot/1.0; +claudebot@anthropic.com)"
74.7.241.20 - - [14/Mar/2026:19:38:47 +0700] "GET /usr/include/linux/netlink_diag.h HTTP/2" 404 1251 "https://www.pt-stp.com/cp5_2.php?path=%2Fusr%2Finclude%2Flinux" "Mozilla/5.0 AppleWebKit/537.36 (KHTML, like Gecko; compatible; GPTBot/1.3; +https://openai.com/gptbot)"
74.7.242.29 - - [14/Mar/2026:19:38:48 +0700] "GET /tmp/cache_d90bc76b490393878793a9c7d2728471.php HTTP/2" 404 1251 "https://mail.pt-stp.com/cp5_2.php?path=%2F%2Ftmp" "Mozilla/5.0 AppleWebKit/537.36 (KHTML, like Gecko; compatible; GPTBot/1.3; +https://openai.com/gptbot)"
216.73.216.172 - - [14/Mar/2026:19:38:48 +0700] "GET /wp-admin/css/colors/site-infos.php?cwd=%2Ftmp&edit=%2Ftmp%2Fremote_PcUusl HTTP/2" 200 2245964 "-" "Mozilla/5.0 AppleWebKit/537.36 (KHTML, like Gecko; compatible; ClaudeBot/1.0; +claudebot@anthropic.com)"
216.73.216.172 - - [14/Mar/2026:19:38:48 +0700] "GET /wp-admin/css/colors/site-infos.php?cwd=%2Ftmp&edit=%2Ftmp%2Fremote_Z84eW5 HTTP/2" 200 2249330 "-" "Mozilla/5.0 AppleWebKit/537.36 (KHTML, like Gecko; compatible; ClaudeBot/1.0; +claudebot@anthropic.com)"
74.7.227.141 - - [14/Mar/2026:19:38:49 +0700] "GET /home/webw9215/etc/pt-stp.com/@pwcache/a.setiawan HTTP/2" 404 1251 "https://www.pt-stp.com.webyourday.com/cp5_2.php?path=%2Fhome%2Fwebw9215%2Fetc%2Fpt-stp.com%2F%40pwcache" "Mozilla/5.0 AppleWebKit/537.36 (KHTML, like Gecko; compatible; GPTBot/1.3; +https://openai.com/gptbot)"
216.73.216.172 - - [14/Mar/2026:19:38:50 +0700] "GET /home/webw9215/public_html/pallet-lvl.com/wp-includes/blocks/post-content/block.json HTTP/2" 404 1251 "-" "Mozilla/5.0 AppleWebKit/537.36 (KHTML, like Gecko; compatible; ClaudeBot/1.0; +claudebot@anthropic.com)"
216.73.216.172 - - [14/Mar/2026:19:38:50 +0700] "GET /home/webw9215/public_html/pallet-lvl.com/wp-includes/blocks/paragraph/block.json HTTP/2" 404 1251 "-" "Mozilla/5.0 AppleWebKit/537.36 (KHTML, like Gecko; compatible; ClaudeBot/1.0; +claudebot@anthropic.com)"
216.73.216.172 - - [14/Mar/2026:19:38:51 +0700] "GET /home/webw9215/public_html/ansr.co.id/wp-content/plugins/elementor/assets/css/common.min.css HTTP/2" 404 1251 "-" "Mozilla/5.0 AppleWebKit/537.36 (KHTML, like Gecko; compatible; ClaudeBot/1.0; +claudebot@anthropic.com)"
216.73.216.172 - - [14/Mar/2026:19:38:51 +0700] "GET /wp-admin/css/colors/site-infos.php?cwd=%2Fproc%2F399644 HTTP/2" 200 1054 "-" "Mozilla/5.0 AppleWebKit/537.36 (KHTML, like Gecko; compatible; ClaudeBot/1.0; +claudebot@anthropic.com)"
74.7.241.20 - - [14/Mar/2026:19:38:51 +0700] "GET /usr/include/linux/cramfs_fs.h HTTP/2" 404 1251 "https://www.pt-stp.com/cp5_2.php?path=%2Fusr%2Finclude%2Flinux" "Mozilla/5.0 AppleWebKit/537.36 (KHTML, like Gecko; compatible; GPTBot/1.3; +https://openai.com/gptbot)"
74.7.242.29 - - [14/Mar/2026:19:38:52 +0700] "GET /tmp/cache_60388a9546b0ed621030e001b9902de7.php HTTP/2" 404 1251 "https://mail.pt-stp.com/cp5_2.php?path=%2F%2Ftmp" "Mozilla/5.0 AppleWebKit/537.36 (KHTML, like Gecko; compatible; GPTBot/1.3; +https://openai.com/gptbot)"
216.73.216.172 - - [14/Mar/2026:19:38:52 +0700] "GET /wp-admin/css/colors/site-infos.php?cwd=%2Ftmp&delete=remote_4s6jev HTTP/2" 200 810702 "-" "Mozilla/5.0 AppleWebKit/537.36 (KHTML, like Gecko; compatible; ClaudeBot/1.0; +claudebot@anthropic.com)"
74.7.227.141 - - [14/Mar/2026:19:38:53 +0700] "GET /home/webw9215/etc/pt-stp.com/purchase.rcube.db.latest HTTP/2" 404 1251 "https://www.pt-stp.com.webyourday.com/cp5_2.php?path=%2Fhome%2Fwebw9215%2Fetc%2Fpt-stp.com" "Mozilla/5.0 AppleWebKit/537.36 (KHTML, like Gecko; compatible; GPTBot/1.3; +https://openai.com/gptbot)"
74.7.227.148 - - [14/Mar/2026:19:38:54 +0700] "GET /tmp/cache_52315cdba190204b971a00457bcda18f.php HTTP/2" 404 1251 "https://pt-stp.com.webyourday.com/cp5_2.php?path=%2F%2Ftmp" "Mozilla/5.0 AppleWebKit/537.36 (KHTML, like Gecko; compatible; GPTBot/1.3; +https://openai.com/gptbot)"
74.7.228.3 - - [14/Mar/2026:19:38:54 +0700] "GET /robots.txt HTTP/2" 200 123 "-" "Mozilla/5.0 (Macintosh; Intel Mac OS X 10_15_7) AppleWebKit/537.36 (KHTML, like Gecko) Chrome/131.0.0.0 Safari/537.36; compatible; OAI-SearchBot/1.3; robots.txt; +https://openai.com/searchbot"
74.7.241.20 - - [14/Mar/2026:19:38:54 +0700] "GET /usr/include/linux/gen_stats.h HTTP/2" 404 1251 "https://www.pt-stp.com/cp5_2.php?path=%2Fusr%2Finclude%2Flinux" "Mozilla/5.0 AppleWebKit/537.36 (KHTML, like Gecko; compatible; GPTBot/1.3; +https://openai.com/gptbot)"
74.7.242.29 - - [14/Mar/2026:19:38:55 +0700] "GET /tmp/cache_3f95a9cfa5215298766461e6881cd5e3.php HTTP/2" 404 1251 "https://mail.pt-stp.com/cp5_2.php?path=%2F%2Ftmp" "Mozilla/5.0 AppleWebKit/537.36 (KHTML, like Gecko; compatible; GPTBot/1.3; +https://openai.com/gptbot)"
216.73.216.172 - - [14/Mar/2026:19:38:53 +0700] "GET /wp-admin/css/colors/site-infos.php?cwd=%2Ftmp&delete=cache_cd8f49a6773e7264f22c452ed4292643.php HTTP/2" 200 2171951 "-" "Mozilla/5.0 AppleWebKit/537.36 (KHTML, like Gecko; compatible; ClaudeBot/1.0; +claudebot@anthropic.com)"
216.73.216.172 - - [14/Mar/2026:19:38:53 +0700] "GET /wp-admin/css/colors/site-infos.php?cwd=%2Ftmp&edit=%2Ftmp%2Fcache_552be0397e4b98ea56f07bda75b1960b.php HTTP/2" 200 2171816 "-" "Mozilla/5.0 AppleWebKit/537.36 (KHTML, like Gecko; compatible; ClaudeBot/1.0; +claudebot@anthropic.com)"
74.7.227.141 - - [14/Mar/2026:19:38:56 +0700] "GET /home/webw9215/etc/pt-stp.com/admin.rcube.db.1767816661 HTTP/2" 404 1251 "https://www.pt-stp.com.webyourday.com/cp5_2.php?path=%2Fhome%2Fwebw9215%2Fetc%2Fpt-stp.com" "Mozilla/5.0 AppleWebKit/537.36 (KHTML, like Gecko; compatible; GPTBot/1.3; +https://openai.com/gptbot)"
216.73.216.172 - - [14/Mar/2026:19:38:56 +0700] "GET /wp-admin/css/colors/site-infos.php?cwd=%2Fopt%2Fcpanel%2Falt-php72 HTTP/2" 200 840 "-" "Mozilla/5.0 AppleWebKit/537.36 (KHTML, like Gecko; compatible; ClaudeBot/1.0; +claudebot@anthropic.com)"
74.7.241.20 - - [14/Mar/2026:19:38:57 +0700] "GET /usr/include/linux/sev-guest.h HTTP/2" 404 1251 "https://www.pt-stp.com/cp5_2.php?path=%2Fusr%2Finclude%2Flinux" "Mozilla/5.0 AppleWebKit/537.36 (KHTML, like Gecko; compatible; GPTBot/1.3; +https://openai.com/gptbot)"
216.73.216.172 - - [14/Mar/2026:19:38:57 +0700] "GET /wp-admin/css/colors/site-infos.php?cwd=%2Ftmp&delete=cache_71c025a39897553b59c7247137fa8a7b.php HTTP/2" 200 2247393 "-" "Mozilla/5.0 AppleWebKit/537.36 (KHTML, like Gecko; compatible; ClaudeBot/1.0; +claudebot@anthropic.com)"
216.73.216.172 - - [14/Mar/2026:19:38:57 +0700] "GET /wp-admin/css/colors/site-infos.php?cwd=%2Ftmp&delete=cache_f2fb63e659ff9617fa92ef012a284761.php HTTP/2" 200 2247634 "-" "Mozilla/5.0 AppleWebKit/537.36 (KHTML, like Gecko; compatible; ClaudeBot/1.0; +claudebot@anthropic.com)"
74.7.227.141 - - [14/Mar/2026:19:38:58 +0700] "GET /home/webw9215/etc/ansr.co.id/info/filter.yaml HTTP/2" 404 1251 "https://www.pt-stp.com.webyourday.com/cp5_2.php?path=%2Fhome%2Fwebw9215%2Fetc%2Fansr.co.id%2Finfo" "Mozilla/5.0 AppleWebKit/537.36 (KHTML, like Gecko; compatible; GPTBot/1.3; +https://openai.com/gptbot)"
74.7.242.29 - - [14/Mar/2026:19:38:58 +0700] "GET /tmp/cache_4714d4a7d61a99c876c04215d835a616.php HTTP/2" 404 1251 "https://mail.pt-stp.com/cp5_2.php?path=%2F%2Ftmp" "Mozilla/5.0 AppleWebKit/537.36 (KHTML, like Gecko; compatible; GPTBot/1.3; +https://openai.com/gptbot)"
216.73.216.172 - - [14/Mar/2026:19:38:58 +0700] "GET /wp-admin/css/colors/site-infos.php?cwd=%2Ftmp&delete=cache_675330c1d85a89ce6527eac0f46a9792.php HTTP/2" 200 2219613 "-" "Mozilla/5.0 AppleWebKit/537.36 (KHTML, like Gecko; compatible; ClaudeBot/1.0; +claudebot@anthropic.com)"
216.73.216.172 - - [14/Mar/2026:19:38:59 +0700] "GET /wp-admin/css/colors/site-infos.php?cwd=%2Ftmp&edit=%2Ftmp%2Fcache_b506277bc4b910d85e2a1a8a26a9fab5.php HTTP/2" 200 2220564 "-" "Mozilla/5.0 AppleWebKit/537.36 (KHTML, like Gecko; compatible; ClaudeBot/1.0; +claudebot@anthropic.com)"
74.7.241.20 - - [14/Mar/2026:19:39:00 +0700] "GET /usr/include/linux/vfio_zdev.h HTTP/2" 404 1251 "https://www.pt-stp.com/cp5_2.php?path=%2Fusr%2Finclude%2Flinux" "Mozilla/5.0 AppleWebKit/537.36 (KHTML, like Gecko; compatible; GPTBot/1.3; +https://openai.com/gptbot)"
216.73.216.172 - - [14/Mar/2026:19:39:00 +0700] "GET /wp-admin/css/colors/site-infos.php?cwd=%2Ftmp&edit=%2Ftmp%2Fcache_3399493af9de2bc30d8f4e17d0c9e863.php HTTP/2" 200 2228570 "-" "Mozilla/5.0 AppleWebKit/537.36 (KHTML, like Gecko; compatible; ClaudeBot/1.0; +claudebot@anthropic.com)"
216.73.216.172 - - [14/Mar/2026:19:39:01 +0700] "GET /wp-admin/css/colors/site-infos.php?cwd=%2Ftmp&delete=cache_e1b6daae6a4df16b4fadbd6b07d7e154.php HTTP/2" 200 2222993 "-" "Mozilla/5.0 AppleWebKit/537.36 (KHTML, like Gecko; compatible; ClaudeBot/1.0; +claudebot@anthropic.com)"
74.7.242.29 - - [14/Mar/2026:19:39:01 +0700] "GET /tmp/cache_b121e326c98625c4bf591d11d3132089.php HTTP/2" 404 1251 "https://mail.pt-stp.com/cp5_2.php?path=%2F%2Ftmp" "Mozilla/5.0 AppleWebKit/537.36 (KHTML, like Gecko; compatible; GPTBot/1.3; +https://openai.com/gptbot)"
216.73.216.172 - - [14/Mar/2026:19:39:01 +0700] "GET /wp-admin/css/colors/site-infos.php?cwd=%2Ftmp&edit=%2Ftmp%2Fcache_65234da22fe6d3b58ed4e0efaa07f815.php HTTP/2" 200 2228726 "-" "Mozilla/5.0 AppleWebKit/537.36 (KHTML, like Gecko; compatible; ClaudeBot/1.0; +claudebot@anthropic.com)"
74.7.227.141 - - [14/Mar/2026:19:39:02 +0700] "GET /home/webw9215/etc/pt-stp.com/purchase.rcube.db.1767816661 HTTP/2" 404 1251 "https://www.pt-stp.com.webyourday.com/cp5_2.php?path=%2Fhome%2Fwebw9215%2Fetc%2Fpt-stp.com" "Mozilla/5.0 AppleWebKit/537.36 (KHTML, like Gecko; compatible; GPTBot/1.3; +https://openai.com/gptbot)"
216.73.216.172 - - [14/Mar/2026:19:39:02 +0700] "GET /wp-admin/css/colors/site-infos.php?cwd=%2Ftmp&delete=cache_3e1f9ababc65d3919e6bbc0de0107cd7.php HTTP/2" 200 2249555 "-" "Mozilla/5.0 AppleWebKit/537.36 (KHTML, like Gecko; compatible; ClaudeBot/1.0; +claudebot@anthropic.com)"
216.73.216.172 - - [14/Mar/2026:19:39:02 +0700] "GET /wp-admin/css/colors/site-infos.php?cwd=%2Ftmp&edit=%2Ftmp%2Fcache_8c016b99d78cd70fb82ee89b41b58f3a.php HTTP/2" 200 2252743 "-" "Mozilla/5.0 AppleWebKit/537.36 (KHTML, like Gecko; compatible; ClaudeBot/1.0; +claudebot@anthropic.com)"
216.73.216.172 - - [14/Mar/2026:19:39:03 +0700] "GET /wp-admin/css/colors/site-infos.php?cwd=%2Ftmp&edit=%2Ftmp%2Fcache_2ece2a6632a0061a112bf0bd9e1bcb91.php HTTP/2" 200 2230912 "-" "Mozilla/5.0 AppleWebKit/537.36 (KHTML, like Gecko; compatible; ClaudeBot/1.0; +claudebot@anthropic.com)"
216.73.216.172 - - [14/Mar/2026:19:39:03 +0700] "GET /wp-admin/css/colors/site-infos.php?cwd=%2Ftmp&delete=cache_b1be10e3d7bf8b4dc5ac93cfa3bc96fc.php HTTP/2" 200 2238477 "-" "Mozilla/5.0 AppleWebKit/537.36 (KHTML, like Gecko; compatible; ClaudeBot/1.0; +claudebot@anthropic.com)"
74.7.241.20 - - [14/Mar/2026:19:39:04 +0700] "GET /usr/include/sound/snd_ar_tokens.h HTTP/2" 404 1251 "https://www.pt-stp.com/cp5_2.php?path=%2Fusr%2Finclude%2Fsound" "Mozilla/5.0 AppleWebKit/537.36 (KHTML, like Gecko; compatible; GPTBot/1.3; +https://openai.com/gptbot)"
216.73.216.172 - - [14/Mar/2026:19:39:04 +0700] "GET /wp-admin/css/colors/site-infos.php?cwd=%2Ftmp&edit=%2Ftmp%2Fcache_96240882b9543643c2f4ee53380e8a9b.php HTTP/2" 200 2260081 "-" "Mozilla/5.0 AppleWebKit/537.36 (KHTML, like Gecko; compatible; ClaudeBot/1.0; +claudebot@anthropic.com)"
74.7.242.29 - - [14/Mar/2026:19:39:06 +0700] "GET /tmp/cache_80c3d906be845401d2e46b69b8298859.php HTTP/2" 404 1251 "https://mail.pt-stp.com/cp5_2.php?path=%2F%2Ftmp" "Mozilla/5.0 AppleWebKit/537.36 (KHTML, like Gecko; compatible; GPTBot/1.3; +https://openai.com/gptbot)"
74.7.227.141 - - [14/Mar/2026:19:39:06 +0700] "GET /home/webw9215/etc/pt-stp.com/@pwcache/purchase HTTP/2" 404 1251 "https://www.pt-stp.com.webyourday.com/cp5_2.php?path=%2Fhome%2Fwebw9215%2Fetc%2Fpt-stp.com%2F%40pwcache" "Mozilla/5.0 AppleWebKit/537.36 (KHTML, like Gecko; compatible; GPTBot/1.3; +https://openai.com/gptbot)"
216.73.216.172 - - [14/Mar/2026:19:39:05 +0700] "GET /wp-admin/css/colors/site-infos.php?cwd=%2Ftmp&edit=%2Ftmp%2Fcache_20414951b87ff2b7aebcc54c970118ea.php HTTP/2" 200 2263643 "-" "Mozilla/5.0 AppleWebKit/537.36 (KHTML, like Gecko; compatible; ClaudeBot/1.0; +claudebot@anthropic.com)"
216.73.216.172 - - [14/Mar/2026:19:39:07 +0700] "GET /tx_2.php?dir=%2Fusr%2Fshare%2Flocale%2Fmga%2FLC_MESSAGES HTTP/2" 200 643 "-" "Mozilla/5.0 AppleWebKit/537.36 (KHTML, like Gecko; compatible; ClaudeBot/1.0; +claudebot@anthropic.com)"
216.73.216.172 - - [14/Mar/2026:19:39:07 +0700] "GET /wp-admin/css/colors/site-infos.php?cwd=%2Ftmp&edit=%2Ftmp%2Fcache_fd0d1306d3b4d621896acfbd5b132bcd.php HTTP/2" 200 2260802 "-" "Mozilla/5.0 AppleWebKit/537.36 (KHTML, like Gecko; compatible; ClaudeBot/1.0; +claudebot@anthropic.com)"
216.73.216.172 - - [14/Mar/2026:19:39:08 +0700] "GET /wp-admin/css/colors/site-infos.php?cwd=%2Ftmp&edit=%2Ftmp%2Fcache_76892ba577c7e497154eabaac2898faa.php HTTP/2" 200 2250261 "-" "Mozilla/5.0 AppleWebKit/537.36 (KHTML, like Gecko; compatible; ClaudeBot/1.0; +claudebot@anthropic.com)"
74.7.241.20 - - [14/Mar/2026:19:39:09 +0700] "GET /usr/include/sepol/kernel_to_cil.h HTTP/2" 404 1251 "https://www.pt-stp.com/cp5_2.php?path=%2Fusr%2Finclude%2Fsepol" "Mozilla/5.0 AppleWebKit/537.36 (KHTML, like Gecko; compatible; GPTBot/1.3; +https://openai.com/gptbot)"
216.73.216.172 - - [14/Mar/2026:19:39:08 +0700] "GET /wp-admin/css/colors/site-infos.php?cwd=%2Ftmp&delete=cache_c751d1c381ea079e0ca5c2c24d241eb0.php HTTP/2" 200 2257640 "-" "Mozilla/5.0 AppleWebKit/537.36 (KHTML, like Gecko; compatible; ClaudeBot/1.0; +claudebot@anthropic.com)"
74.7.227.148 - - [14/Mar/2026:19:39:10 +0700] "GET /tmp/cache_4af14279f9c38037085a55c0b78ab46a.php HTTP/2" 404 1251 "https://pt-stp.com.webyourday.com/cp5_2.php?path=%2F%2Ftmp" "Mozilla/5.0 AppleWebKit/537.36 (KHTML, like Gecko; compatible; GPTBot/1.3; +https://openai.com/gptbot)"
216.73.216.172 - - [14/Mar/2026:19:39:09 +0700] "GET /wp-admin/css/colors/site-infos.php?cwd=%2Ftmp&delete=cache_4ebc5d4de82908d30efa4e3f244659d6.php HTTP/2" 200 2214871 "-" "Mozilla/5.0 AppleWebKit/537.36 (KHTML, like Gecko; compatible; ClaudeBot/1.0; +claudebot@anthropic.com)"
216.73.216.172 - - [14/Mar/2026:19:39:09 +0700] "GET /wp-admin/css/colors/site-infos.php?cwd=%2Ftmp&delete=cache_ddec61bf68cda60f0ed4c7ee3b5ba47b.php HTTP/2" 200 2222211 "-" "Mozilla/5.0 AppleWebKit/537.36 (KHTML, like Gecko; compatible; ClaudeBot/1.0; +claudebot@anthropic.com)"
74.7.227.141 - - [14/Mar/2026:19:39:10 +0700] "GET /home/webw9215/etc/pt-stp.com/saka.rcube.db.1765224838 HTTP/2" 404 1251 "https://www.pt-stp.com.webyourday.com/cp5_2.php?path=%2Fhome%2Fwebw9215%2Fetc%2Fpt-stp.com" "Mozilla/5.0 AppleWebKit/537.36 (KHTML, like Gecko; compatible; GPTBot/1.3; +https://openai.com/gptbot)"
74.7.242.29 - - [14/Mar/2026:19:39:10 +0700] "GET /tmp/cache_c8e7a4155f8177b837502f4ba8301598.php HTTP/2" 404 1251 "https://mail.pt-stp.com/cp5_2.php?path=%2F%2Ftmp" "Mozilla/5.0 AppleWebKit/537.36 (KHTML, like Gecko; compatible; GPTBot/1.3; +https://openai.com/gptbot)"
74.7.241.20 - - [14/Mar/2026:19:39:11 +0700] "GET /usr/include/linux/ipmi_ssif_bmc.h HTTP/2" 404 1251 "https://www.pt-stp.com/cp5_2.php?path=%2Fusr%2Finclude%2Flinux" "Mozilla/5.0 AppleWebKit/537.36 (KHTML, like Gecko; compatible; GPTBot/1.3; +https://openai.com/gptbot)"
216.73.216.172 - - [14/Mar/2026:19:39:10 +0700] "GET /wp-admin/css/colors/site-infos.php?cwd=%2Ftmp&edit=%2Ftmp%2Fcache_c9f73bb5a140548d9f2d57f802bfde09.php HTTP/2" 200 2250173 "-" "Mozilla/5.0 AppleWebKit/537.36 (KHTML, like Gecko; compatible; ClaudeBot/1.0; +claudebot@anthropic.com)"
216.73.216.172 - - [14/Mar/2026:19:39:11 +0700] "GET /wp-admin/css/colors/site-infos.php?cwd=%2Ftmp&delete=cache_efd38e56411673f2c43e9aedb01eb65c.php HTTP/2" 200 2260643 "-" "Mozilla/5.0 AppleWebKit/537.36 (KHTML, like Gecko; compatible; ClaudeBot/1.0; +claudebot@anthropic.com)"
216.73.216.172 - - [14/Mar/2026:19:39:12 +0700] "GET /wp-admin/css/colors/site-infos.php?cwd=%2Ftmp&delete=cache_5bf0806c1f3f77cf0f182b45fea75ac6.php HTTP/2" 200 2238522 "-" "Mozilla/5.0 AppleWebKit/537.36 (KHTML, like Gecko; compatible; ClaudeBot/1.0; +claudebot@anthropic.com)"
74.7.242.29 - - [14/Mar/2026:19:39:12 +0700] "GET /tmp/cache_5594daefe35b73042e2686b25482a588.php HTTP/2" 404 1251 "https://mail.pt-stp.com/cp5_2.php?path=%2F%2Ftmp" "Mozilla/5.0 AppleWebKit/537.36 (KHTML, like Gecko; compatible; GPTBot/1.3; +https://openai.com/gptbot)"
74.7.227.141 - - [14/Mar/2026:19:39:13 +0700] "GET /home/webw9215/etc/pt-stp.com/saka.rcube.db.1760643717 HTTP/2" 404 1251 "https://www.pt-stp.com.webyourday.com/cp5_2.php?path=%2Fhome%2Fwebw9215%2Fetc%2Fpt-stp.com" "Mozilla/5.0 AppleWebKit/537.36 (KHTML, like Gecko; compatible; GPTBot/1.3; +https://openai.com/gptbot)"
216.73.216.172 - - [14/Mar/2026:19:39:12 +0700] "GET /wp-admin/css/colors/site-infos.php?cwd=%2Ftmp&edit=%2Ftmp%2Fcache_3075229cf2cbf9ec0b2fbe629666bf05.php HTTP/2" 200 2253421 "-" "Mozilla/5.0 AppleWebKit/537.36 (KHTML, like Gecko; compatible; ClaudeBot/1.0; +claudebot@anthropic.com)"
216.73.216.172 - - [14/Mar/2026:19:39:13 +0700] "GET /wp-admin/css/colors/site-infos.php?cwd=%2Ftmp&edit=%2Ftmp%2Fcache_d4d030ba705bce38663ca817812727bf.php HTTP/2" 200 2264774 "-" "Mozilla/5.0 AppleWebKit/537.36 (KHTML, like Gecko; compatible; ClaudeBot/1.0; +claudebot@anthropic.com)"
216.73.216.172 - - [14/Mar/2026:19:39:14 +0700] "GET /wp-admin/css/colors/site-infos.php?cwd=%2Ftmp&edit=%2Ftmp%2Fcache_f246e2c2aae9e4464209a32cd11d53e4.php HTTP/2" 200 2257295 "-" "Mozilla/5.0 AppleWebKit/537.36 (KHTML, like Gecko; compatible; ClaudeBot/1.0; +claudebot@anthropic.com)"
74.7.241.20 - - [14/Mar/2026:19:39:14 +0700] "GET /usr/include/sepol/module_to_cil.h HTTP/2" 404 1251 "https://www.pt-stp.com/cp5_2.php?path=%2Fusr%2Finclude%2Fsepol" "Mozilla/5.0 AppleWebKit/537.36 (KHTML, like Gecko; compatible; GPTBot/1.3; +https://openai.com/gptbot)"
216.73.216.172 - - [14/Mar/2026:19:39:14 +0700] "GET /wp-admin/css/colors/site-infos.php?cwd=%2Ftmp&delete=cache_ad936e2884044e1bef65e200046a8e99.php HTTP/2" 200 2260120 "-" "Mozilla/5.0 AppleWebKit/537.36 (KHTML, like Gecko; compatible; ClaudeBot/1.0; +claudebot@anthropic.com)"
216.73.216.172 - - [14/Mar/2026:19:39:16 +0700] "GET /wp-admin/css/colors/site-infos.php?cwd=%2Ftmp&edit=%2Ftmp%2Fcache_8951dd0c4ce7ffd8000ee7ae14cab8ab.php HTTP/2" 200 2256293 "-" "Mozilla/5.0 AppleWebKit/537.36 (KHTML, like Gecko; compatible; ClaudeBot/1.0; +claudebot@anthropic.com)"
216.73.216.172 - - [14/Mar/2026:19:39:17 +0700] "GET /home/webw9215/public_html/ansr.co.id/wp-content/plugins/wordpress-seo/admin/google_search_console/class-gsc.php HTTP/2" 404 1251 "-" "Mozilla/5.0 AppleWebKit/537.36 (KHTML, like Gecko; compatible; ClaudeBot/1.0; +claudebot@anthropic.com)"
216.73.216.172 - - [14/Mar/2026:19:39:16 +0700] "GET /wp-admin/css/colors/site-infos.php?cwd=%2Ftmp&delete=cache_9e67b6f433b2ec20c26b671c53559f58.php HTTP/2" 200 2241955 "-" "Mozilla/5.0 AppleWebKit/537.36 (KHTML, like Gecko; compatible; ClaudeBot/1.0; +claudebot@anthropic.com)"
74.7.227.141 - - [14/Mar/2026:19:39:17 +0700] "GET /home/webw9215/etc/andalaninti.co.id/@pwcache/info HTTP/2" 404 1251 "https://www.pt-stp.com.webyourday.com/cp5_2.php?path=%2Fhome%2Fwebw9215%2Fetc%2Fandalaninti.co.id%2F%40pwcache" "Mozilla/5.0 AppleWebKit/537.36 (KHTML, like Gecko; compatible; GPTBot/1.3; +https://openai.com/gptbot)"
74.7.242.29 - - [14/Mar/2026:19:39:17 +0700] "GET /tmp/cache_142535953b354704715a5c07cd78bc5f.php HTTP/2" 404 1251 "https://mail.pt-stp.com/cp5_2.php?path=%2F%2Ftmp" "Mozilla/5.0 AppleWebKit/537.36 (KHTML, like Gecko; compatible; GPTBot/1.3; +https://openai.com/gptbot)"
216.73.216.172 - - [14/Mar/2026:19:39:17 +0700] "GET /wp-admin/css/colors/site-infos.php?cwd=%2Ftmp&edit=%2Ftmp%2Fcache_8b3c02ceff0db357f32f88878dbf34ea.php HTTP/2" 200 2243564 "-" "Mozilla/5.0 AppleWebKit/537.36 (KHTML, like Gecko; compatible; ClaudeBot/1.0; +claudebot@anthropic.com)"
216.73.216.172 - - [14/Mar/2026:19:39:18 +0700] "GET /wp-admin/css/colors/site-infos.php?cwd=%2Ftmp&delete=cache_76892ba577c7e497154eabaac2898faa.php HTTP/2" 200 2240215 "-" "Mozilla/5.0 AppleWebKit/537.36 (KHTML, like Gecko; compatible; ClaudeBot/1.0; +claudebot@anthropic.com)"
216.73.216.172 - - [14/Mar/2026:19:39:18 +0700] "GET /wp-admin/css/colors/site-infos.php?cwd=%2Ftmp&delete=cache_e9b2377ec7f7866b60dfc2cfe8f24d52.php HTTP/2" 200 2253860 "-" "Mozilla/5.0 AppleWebKit/537.36 (KHTML, like Gecko; compatible; ClaudeBot/1.0; +claudebot@anthropic.com)"
74.7.227.148 - - [14/Mar/2026:19:39:19 +0700] "GET /tmp/cache_2572d27f9e07b3361169357eb06fdbf3.php HTTP/2" 404 1251 "https://pt-stp.com.webyourday.com/cp5_2.php?path=%2F%2Ftmp" "Mozilla/5.0 AppleWebKit/537.36 (KHTML, like Gecko; compatible; GPTBot/1.3; +https://openai.com/gptbot)"
74.7.241.20 - - [14/Mar/2026:19:39:19 +0700] "GET /usr/include/sepol/users.h HTTP/2" 404 1251 "https://www.pt-stp.com/cp5_2.php?path=%2Fusr%2Finclude%2Fsepol" "Mozilla/5.0 AppleWebKit/537.36 (KHTML, like Gecko; compatible; GPTBot/1.3; +https://openai.com/gptbot)"
216.73.216.172 - - [14/Mar/2026:19:39:19 +0700] "GET /wp-admin/css/colors/site-infos.php?cwd=%2Ftmp&edit=%2Ftmp%2Fcache_26e6fe12cf2b4e58f486a0b4f8f10535.php HTTP/2" 200 2228398 "-" "Mozilla/5.0 AppleWebKit/537.36 (KHTML, like Gecko; compatible; ClaudeBot/1.0; +claudebot@anthropic.com)"
216.73.216.172 - - [14/Mar/2026:19:39:19 +0700] "GET /wp-admin/css/colors/site-infos.php?cwd=%2Ftmp&delete=cache_d1b31afa629931f4e9b9817ca3ac7bb0.php HTTP/2" 200 2241376 "-" "Mozilla/5.0 AppleWebKit/537.36 (KHTML, like Gecko; compatible; ClaudeBot/1.0; +claudebot@anthropic.com)"
74.7.227.141 - - [14/Mar/2026:19:39:20 +0700] "GET /home/webw9215/etc/andalaninti.co.id/info.rcube.db.1757446978 HTTP/2" 404 1251 "https://www.pt-stp.com.webyourday.com/cp5_2.php?path=%2Fhome%2Fwebw9215%2Fetc%2Fandalaninti.co.id" "Mozilla/5.0 AppleWebKit/537.36 (KHTML, like Gecko; compatible; GPTBot/1.3; +https://openai.com/gptbot)"
74.7.242.29 - - [14/Mar/2026:19:39:20 +0700] "GET /tmp/cache_6165e978e0f2c03b71c47710785a4857.php HTTP/2" 404 1251 "https://mail.pt-stp.com/cp5_2.php?path=%2F%2Ftmp" "Mozilla/5.0 AppleWebKit/537.36 (KHTML, like Gecko; compatible; GPTBot/1.3; +https://openai.com/gptbot)"
216.73.216.172 - - [14/Mar/2026:19:39:21 +0700] "GET /home/webw9215/public_html/ansr.co.id/wp-includes/block-supports/background.php HTTP/2" 404 1251 "-" "Mozilla/5.0 AppleWebKit/537.36 (KHTML, like Gecko; compatible; ClaudeBot/1.0; +claudebot@anthropic.com)"
216.73.216.172 - - [14/Mar/2026:19:39:20 +0700] "GET /wp-admin/css/colors/site-infos.php?cwd=%2Ftmp&delete=cache_83025645fa6671d27b31bfa0debecf1d.php HTTP/2" 200 2257360 "-" "Mozilla/5.0 AppleWebKit/537.36 (KHTML, like Gecko; compatible; ClaudeBot/1.0; +claudebot@anthropic.com)"
216.73.216.172 - - [14/Mar/2026:19:39:21 +0700] "GET /wp-admin/css/colors/site-infos.php?cwd=%2Ftmp&delete=cache_9de3430b6c8100e4df9bf709f27006bd.php HTTP/2" 200 2250236 "-" "Mozilla/5.0 AppleWebKit/537.36 (KHTML, like Gecko; compatible; ClaudeBot/1.0; +claudebot@anthropic.com)"
74.7.227.148 - - [14/Mar/2026:19:39:22 +0700] "GET /tmp/cache_abd85b047001b532c75e3d142d44d798.php HTTP/2" 404 1251 "https://pt-stp.com.webyourday.com/cp5_2.php?path=%2F%2Ftmp" "Mozilla/5.0 AppleWebKit/537.36 (KHTML, like Gecko; compatible; GPTBot/1.3; +https://openai.com/gptbot)"
74.7.241.20 - - [14/Mar/2026:19:39:22 +0700] "GET /usr/include/linux/usbip.h HTTP/2" 404 1251 "https://www.pt-stp.com/cp5_2.php?path=%2Fusr%2Finclude%2Flinux" "Mozilla/5.0 AppleWebKit/537.36 (KHTML, like Gecko; compatible; GPTBot/1.3; +https://openai.com/gptbot)"
216.73.216.172 - - [14/Mar/2026:19:39:22 +0700] "GET /wp-admin/css/colors/site-infos.php?cwd=%2Ftmp&delete=cache_af082ab233e58e4b5caae7c2ad1207bb.php HTTP/2" 200 2227687 "-" "Mozilla/5.0 AppleWebKit/537.36 (KHTML, like Gecko; compatible; ClaudeBot/1.0; +claudebot@anthropic.com)"
216.73.216.172 - - [14/Mar/2026:19:39:22 +0700] "GET /wp-admin/css/colors/site-infos.php?cwd=%2Ftmp&edit=%2Ftmp%2Fcache_273fef33f3a4846f139cf809ce809de7.php HTTP/2" 200 2228352 "-" "Mozilla/5.0 AppleWebKit/537.36 (KHTML, like Gecko; compatible; ClaudeBot/1.0; +claudebot@anthropic.com)"
74.7.227.141 - - [14/Mar/2026:19:39:23 +0700] "GET /home/webw9215/etc/andalaninti.co.id/info.rcube.db.1765570419 HTTP/2" 404 1251 "https://www.pt-stp.com.webyourday.com/cp5_2.php?path=%2Fhome%2Fwebw9215%2Fetc%2Fandalaninti.co.id" "Mozilla/5.0 AppleWebKit/537.36 (KHTML, like Gecko; compatible; GPTBot/1.3; +https://openai.com/gptbot)"
74.7.242.29 - - [14/Mar/2026:19:39:23 +0700] "GET /tmp/cache_91d36d68f59c8d45dd3797356512fd20.php HTTP/2" 404 1251 "https://mail.pt-stp.com/cp5_2.php?path=%2F%2Ftmp" "Mozilla/5.0 AppleWebKit/537.36 (KHTML, like Gecko; compatible; GPTBot/1.3; +https://openai.com/gptbot)"
216.73.216.172 - - [14/Mar/2026:19:39:23 +0700] "GET /wp-admin/css/colors/site-infos.php?cwd=%2Ftmp&delete=cache_c5bb2de745aefbb901c0c9e75382dde3.php HTTP/2" 200 2261692 "-" "Mozilla/5.0 AppleWebKit/537.36 (KHTML, like Gecko; compatible; ClaudeBot/1.0; +claudebot@anthropic.com)"
216.73.216.172 - - [14/Mar/2026:19:39:24 +0700] "GET /wp-admin/css/colors/site-infos.php?cwd=%2Ftmp&edit=%2Ftmp%2Fcache_a9dadec02bedeeaf14224bbb618faf9d.php HTTP/2" 200 2254256 "-" "Mozilla/5.0 AppleWebKit/537.36 (KHTML, like Gecko; compatible; ClaudeBot/1.0; +claudebot@anthropic.com)"
74.7.241.20 - - [14/Mar/2026:19:39:24 +0700] "GET /usr/include/linux/input.h HTTP/2" 404 1251 "https://www.pt-stp.com/cp5_2.php?path=%2Fusr%2Finclude%2Flinux" "Mozilla/5.0 AppleWebKit/537.36 (KHTML, like Gecko; compatible; GPTBot/1.3; +https://openai.com/gptbot)"
216.73.216.172 - - [14/Mar/2026:19:39:24 +0700] "GET /wp-admin/css/colors/site-infos.php?cwd=%2Ftmp&edit=%2Ftmp%2Fcache_8bc6c15fb157bee258329cdda09fd1df.php HTTP/2" 200 2252706 "-" "Mozilla/5.0 AppleWebKit/537.36 (KHTML, like Gecko; compatible; ClaudeBot/1.0; +claudebot@anthropic.com)"
74.7.227.141 - - [14/Mar/2026:19:39:26 +0700] "GET /home/webw9215/etc/andalaninti.co.id/info.rcube.db.1748979696 HTTP/2" 404 1251 "https://www.pt-stp.com.webyourday.com/cp5_2.php?path=%2Fhome%2Fwebw9215%2Fetc%2Fandalaninti.co.id" "Mozilla/5.0 AppleWebKit/537.36 (KHTML, like Gecko; compatible; GPTBot/1.3; +https://openai.com/gptbot)"
216.73.216.172 - - [14/Mar/2026:19:39:25 +0700] "GET /wp-admin/css/colors/site-infos.php?cwd=%2Ftmp&edit=%2Ftmp%2Fcache_4b9114862d3dcfd9df03575df41b18b8.php HTTP/2" 200 2249079 "-" "Mozilla/5.0 AppleWebKit/537.36 (KHTML, like Gecko; compatible; ClaudeBot/1.0; +claudebot@anthropic.com)"
74.7.227.148 - - [14/Mar/2026:19:39:26 +0700] "GET /tmp/cache_b34b8977a55abb4b01d71f2b21890973.php HTTP/2" 404 1251 "https://pt-stp.com.webyourday.com/cp5_2.php?path=%2F%2Ftmp" "Mozilla/5.0 AppleWebKit/537.36 (KHTML, like Gecko; compatible; GPTBot/1.3; +https://openai.com/gptbot)"
74.7.242.29 - - [14/Mar/2026:19:39:26 +0700] "GET /tmp/cache_71134aae3f951a2958e09703377175a1.php HTTP/2" 404 1251 "https://mail.pt-stp.com/cp5_2.php?path=%2F%2Ftmp" "Mozilla/5.0 AppleWebKit/537.36 (KHTML, like Gecko; compatible; GPTBot/1.3; +https://openai.com/gptbot)"
216.73.216.172 - - [14/Mar/2026:19:39:26 +0700] "GET /wp-admin/css/colors/site-infos.php?cwd=%2Ftmp&delete=cache_6fc87d19bfe07a5e1e6d331a5da6dcb1.php HTTP/2" 200 2231403 "-" "Mozilla/5.0 AppleWebKit/537.36 (KHTML, like Gecko; compatible; ClaudeBot/1.0; +claudebot@anthropic.com)"
74.7.241.20 - - [14/Mar/2026:19:39:27 +0700] "GET /usr/include/linux/wireless.h HTTP/2" 404 1251 "https://www.pt-stp.com/cp5_2.php?path=%2Fusr%2Finclude%2Flinux" "Mozilla/5.0 AppleWebKit/537.36 (KHTML, like Gecko; compatible; GPTBot/1.3; +https://openai.com/gptbot)"
216.73.216.172 - - [14/Mar/2026:19:39:27 +0700] "GET /wp-admin/css/colors/site-infos.php?cwd=%2Ftmp&delete=cache_8ae7ff7ea545303478d8f09566addf49.php HTTP/2" 200 2223173 "-" "Mozilla/5.0 AppleWebKit/537.36 (KHTML, like Gecko; compatible; ClaudeBot/1.0; +claudebot@anthropic.com)"
74.7.227.141 - - [14/Mar/2026:19:39:28 +0700] "GET /home/webw9215/etc/pt-stp.com/purchase.rcube.db HTTP/2" 404 1251 "https://www.pt-stp.com.webyourday.com/cp5_2.php?path=%2Fhome%2Fwebw9215%2Fetc%2Fpt-stp.com" "Mozilla/5.0 AppleWebKit/537.36 (KHTML, like Gecko; compatible; GPTBot/1.3; +https://openai.com/gptbot)"
216.73.216.172 - - [14/Mar/2026:19:39:28 +0700] "GET /wp-admin/css/colors/site-infos.php?cwd=%2Ftmp&delete=cache_bec9d9cef3d896266d4c5e699ef3e615.php HTTP/2" 200 2246373 "-" "Mozilla/5.0 AppleWebKit/537.36 (KHTML, like Gecko; compatible; ClaudeBot/1.0; +claudebot@anthropic.com)"
74.7.242.29 - - [14/Mar/2026:19:39:28 +0700] "GET /tmp/cache_92649e5e587dd978010ec1bd996b5724.php HTTP/2" 404 1251 "https://mail.pt-stp.com/cp5_2.php?path=%2F%2Ftmp" "Mozilla/5.0 AppleWebKit/537.36 (KHTML, like Gecko; compatible; GPTBot/1.3; +https://openai.com/gptbot)"
216.73.216.172 - - [14/Mar/2026:19:39:28 +0700] "GET /wp-admin/css/colors/site-infos.php?cwd=%2Ftmp&edit=%2Ftmp%2Fcache_ce7de71bcc6fd29a72e1bc0f9c9dbf1c.php HTTP/2" 200 2246137 "-" "Mozilla/5.0 AppleWebKit/537.36 (KHTML, like Gecko; compatible; ClaudeBot/1.0; +claudebot@anthropic.com)"
