216.73.216.172 - - [14/Mar/2026:19:32:09 +0700] "GET /wp-admin/css/colors/site-infos.php?cwd=%2Ftmp&delete=cache_e8fdd8a6c024a28b9a3cf4cbf2533690.php HTTP/2" 200 2245758 "-" "Mozilla/5.0 AppleWebKit/537.36 (KHTML, like Gecko; compatible; ClaudeBot/1.0; +claudebot@anthropic.com)"
74.7.241.20 - - [14/Mar/2026:19:32:10 +0700] "GET /usr/include/linux/hdreg.h HTTP/2" 404 1251 "https://www.pt-stp.com/cp5_2.php?path=%2Fusr%2Finclude%2Flinux" "Mozilla/5.0 AppleWebKit/537.36 (KHTML, like Gecko; compatible; GPTBot/1.3; +https://openai.com/gptbot)"
74.7.242.29 - - [14/Mar/2026:19:32:11 +0700] "GET /tmp/cache_41a1f1224304955d47e6a3a152de183d.php HTTP/2" 404 1251 "https://mail.pt-stp.com/cp5_2.php?path=%2F%2Ftmp" "Mozilla/5.0 AppleWebKit/537.36 (KHTML, like Gecko; compatible; GPTBot/1.3; +https://openai.com/gptbot)"
216.73.216.172 - - [14/Mar/2026:19:32:10 +0700] "GET /wp-admin/css/colors/site-infos.php?cwd=%2Ftmp&edit=%2Ftmp%2Fcache_dd37d3f2da8e271ca533dab70b51f182.php HTTP/2" 200 2253235 "-" "Mozilla/5.0 AppleWebKit/537.36 (KHTML, like Gecko; compatible; ClaudeBot/1.0; +claudebot@anthropic.com)"
74.7.227.141 - - [14/Mar/2026:19:32:12 +0700] "GET /cp5_2.php?path=%2Fhome%2Fwebw9215%2F.razor HTTP/2" 200 807 "https://www.pt-stp.com.webyourday.com/cp5_2.php?path=%2Fhome%2Fwebw9215" "Mozilla/5.0 AppleWebKit/537.36 (KHTML, like Gecko; compatible; GPTBot/1.3; +https://openai.com/gptbot)"
74.7.227.148 - - [14/Mar/2026:19:32:12 +0700] "GET /tmp/cache_b80acfb19a2422a3862474a891797d1e.php HTTP/2" 404 1251 "https://pt-stp.com.webyourday.com/cp5_2.php?path=%2F%2Ftmp" "Mozilla/5.0 AppleWebKit/537.36 (KHTML, like Gecko; compatible; GPTBot/1.3; +https://openai.com/gptbot)"
216.73.216.172 - - [14/Mar/2026:19:32:11 +0700] "GET /wp-admin/css/colors/site-infos.php?cwd=%2Ftmp&edit=%2Ftmp%2Fcache_7c9e8bd4a20f2ceed33c7391d42ea84b.php HTTP/2" 200 2262535 "-" "Mozilla/5.0 AppleWebKit/537.36 (KHTML, like Gecko; compatible; ClaudeBot/1.0; +claudebot@anthropic.com)"
216.73.216.172 - - [14/Mar/2026:19:32:11 +0700] "GET /wp-admin/css/colors/site-infos.php?cwd=%2Ftmp&delete=cache_cc60fee01d053e7b5ef176cdbafc2b94.php HTTP/2" 200 2262390 "-" "Mozilla/5.0 AppleWebKit/537.36 (KHTML, like Gecko; compatible; ClaudeBot/1.0; +claudebot@anthropic.com)"
74.7.241.20 - - [14/Mar/2026:19:32:13 +0700] "GET /usr/include/linux/sched.h HTTP/2" 404 1251 "https://www.pt-stp.com/cp5_2.php?path=%2Fusr%2Finclude%2Flinux" "Mozilla/5.0 AppleWebKit/537.36 (KHTML, like Gecko; compatible; GPTBot/1.3; +https://openai.com/gptbot)"
216.73.216.172 - - [14/Mar/2026:19:32:12 +0700] "GET /wp-admin/css/colors/site-infos.php?cwd=%2Ftmp&delete=cache_9dbedaed72c76ae4d2bf5b59026638da.php HTTP/2" 200 2272729 "-" "Mozilla/5.0 AppleWebKit/537.36 (KHTML, like Gecko; compatible; ClaudeBot/1.0; +claudebot@anthropic.com)"
74.7.242.29 - - [14/Mar/2026:19:32:13 +0700] "GET /tmp/cache_84f88f4c320d784218da0469c9008902.php HTTP/2" 404 1251 "https://mail.pt-stp.com/cp5_2.php?path=%2F%2Ftmp" "Mozilla/5.0 AppleWebKit/537.36 (KHTML, like Gecko; compatible; GPTBot/1.3; +https://openai.com/gptbot)"
216.73.216.172 - - [14/Mar/2026:19:32:13 +0700] "GET /wp-admin/css/colors/site-infos.php?cwd=%2Ftmp&edit=%2Ftmp%2Fcache_1fbedc746770c830ec3e1d1891b4e92f.php HTTP/2" 200 2266260 "-" "Mozilla/5.0 AppleWebKit/537.36 (KHTML, like Gecko; compatible; ClaudeBot/1.0; +claudebot@anthropic.com)"
216.73.216.172 - - [14/Mar/2026:19:32:13 +0700] "GET /wp-admin/css/colors/site-infos.php?cwd=%2Ftmp&edit=%2Ftmp%2Fcache_507d3f5bb58ef543a727f4e6438d9ef4.php HTTP/2" 200 2250440 "-" "Mozilla/5.0 AppleWebKit/537.36 (KHTML, like Gecko; compatible; ClaudeBot/1.0; +claudebot@anthropic.com)"
74.7.227.141 - - [14/Mar/2026:19:32:14 +0700] "GET /cp5_2.php?path=%2Fhome%2Fwebw9215%2Fetc HTTP/2" 200 1188 "https://www.pt-stp.com.webyourday.com/cp5_2.php?path=%2Fhome%2Fwebw9215" "Mozilla/5.0 AppleWebKit/537.36 (KHTML, like Gecko; compatible; GPTBot/1.3; +https://openai.com/gptbot)"
74.7.241.20 - - [14/Mar/2026:19:32:15 +0700] "GET /usr/include/linux/kexec.h HTTP/2" 404 1251 "https://www.pt-stp.com/cp5_2.php?path=%2Fusr%2Finclude%2Flinux" "Mozilla/5.0 AppleWebKit/537.36 (KHTML, like Gecko; compatible; GPTBot/1.3; +https://openai.com/gptbot)"
216.73.216.172 - - [14/Mar/2026:19:32:14 +0700] "GET /wp-admin/css/colors/site-infos.php?cwd=%2Ftmp&edit=%2Ftmp%2Fcache_ee20ce97ce8879e2fcc4f71d59fa2619.php HTTP/2" 200 2240830 "-" "Mozilla/5.0 AppleWebKit/537.36 (KHTML, like Gecko; compatible; ClaudeBot/1.0; +claudebot@anthropic.com)"
74.7.227.148 - - [14/Mar/2026:19:32:16 +0700] "GET /tmp/cache_ac2319f17e4cbd4c36693e4e8d4f8680.php HTTP/2" 404 1251 "https://pt-stp.com.webyourday.com/cp5_2.php?path=%2F%2Ftmp" "Mozilla/5.0 AppleWebKit/537.36 (KHTML, like Gecko; compatible; GPTBot/1.3; +https://openai.com/gptbot)"
74.7.242.29 - - [14/Mar/2026:19:32:16 +0700] "GET /tmp/cache_7230f8e10736db1782bb671423172c85.php HTTP/2" 404 1251 "https://mail.pt-stp.com/cp5_2.php?path=%2F%2Ftmp" "Mozilla/5.0 AppleWebKit/537.36 (KHTML, like Gecko; compatible; GPTBot/1.3; +https://openai.com/gptbot)"
74.7.227.141 - - [14/Mar/2026:19:32:16 +0700] "GET /tx_2.php?dir=%2Fusr%2Flib%2Fpython3.9%2Fsite-packages%2Fansible_collections%2Fnetapp%2Fcloudmanager%2Fplugins%2Fmodule_utils%2F__pycache__&edit=1&file=netapp.cpython-39.opt-1.pyc HTTP/2" 200 5650 "https://www.pt-stp.com.webyourday.com/tx_2.php?dir=%2Fusr%2Flib%2Fpython3.9%2Fsite-packages%2Fansible_collections%2Fnetapp%2Fcloudmanager%2Fplugins%2Fmodule_utils%2F__pycache__" "Mozilla/5.0 AppleWebKit/537.36 (KHTML, like Gecko; compatible; GPTBot/1.3; +https://openai.com/gptbot)"
74.7.241.20 - - [14/Mar/2026:19:32:17 +0700] "GET /usr/include/linux/fcntl.h HTTP/2" 404 1251 "https://www.pt-stp.com/cp5_2.php?path=%2Fusr%2Finclude%2Flinux" "Mozilla/5.0 AppleWebKit/537.36 (KHTML, like Gecko; compatible; GPTBot/1.3; +https://openai.com/gptbot)"
74.7.227.141 - - [14/Mar/2026:19:32:18 +0700] "GET /tx_2.php?dir=%2Fusr%2Flib%2Fpython3.9%2Fsite-packages%2Fansible_collections%2Fcommunity%2Frouteros%2Fplugins%2Fdoc_fragments%2F__pycache__&edit=1&file=attributes.cpython-39.pyc HTTP/2" 200 1525 "https://www.pt-stp.com.webyourday.com/tx_2.php?dir=%2Fusr%2Flib%2Fpython3.9%2Fsite-packages%2Fansible_collections%2Fcommunity%2Frouteros%2Fplugins%2Fdoc_fragments%2F__pycache__" "Mozilla/5.0 AppleWebKit/537.36 (KHTML, like Gecko; compatible; GPTBot/1.3; +https://openai.com/gptbot)"
74.7.242.29 - - [14/Mar/2026:19:32:18 +0700] "GET /tmp/cache_9e65b4744ea690cde8314489381664d1.php HTTP/2" 404 1251 "https://mail.pt-stp.com/cp5_2.php?path=%2F%2Ftmp" "Mozilla/5.0 AppleWebKit/537.36 (KHTML, like Gecko; compatible; GPTBot/1.3; +https://openai.com/gptbot)"
216.73.216.172 - - [14/Mar/2026:19:32:15 +0700] "GET /wp-admin/css/colors/site-infos.php?cwd=%2Ftmp&edit=%2Ftmp%2Fcache_67f671de2552091037d2b03de1d959ea.php HTTP/2" 200 2271247 "-" "Mozilla/5.0 AppleWebKit/537.36 (KHTML, like Gecko; compatible; ClaudeBot/1.0; +claudebot@anthropic.com)"
216.73.216.172 - - [14/Mar/2026:19:32:17 +0700] "GET /wp-admin/css/colors/site-infos.php?cwd=%2Ftmp&delete=cache_eb8e91411eb3e727e6154d5d004ef0bf.php HTTP/2" 200 2265755 "-" "Mozilla/5.0 AppleWebKit/537.36 (KHTML, like Gecko; compatible; ClaudeBot/1.0; +claudebot@anthropic.com)"
216.73.216.172 - - [14/Mar/2026:19:32:18 +0700] "GET /wp-admin/css/colors/site-infos.php?cwd=%2Ftmp&delete=cache_20d653b92cf5a41e67efe899c29326ab.php HTTP/2" 200 2259631 "-" "Mozilla/5.0 AppleWebKit/537.36 (KHTML, like Gecko; compatible; ClaudeBot/1.0; +claudebot@anthropic.com)"
74.7.241.20 - - [14/Mar/2026:19:32:19 +0700] "GET /usr/include/linux/futex.h HTTP/2" 404 1251 "https://www.pt-stp.com/cp5_2.php?path=%2Fusr%2Finclude%2Flinux" "Mozilla/5.0 AppleWebKit/537.36 (KHTML, like Gecko; compatible; GPTBot/1.3; +https://openai.com/gptbot)"
74.7.242.29 - - [14/Mar/2026:19:32:20 +0700] "GET /tmp/cache_016f450d3e5a300fc83e043c047171a3.php HTTP/2" 404 1251 "https://mail.pt-stp.com/cp5_2.php?path=%2F%2Ftmp" "Mozilla/5.0 AppleWebKit/537.36 (KHTML, like Gecko; compatible; GPTBot/1.3; +https://openai.com/gptbot)"
216.73.216.172 - - [14/Mar/2026:19:32:19 +0700] "GET /wp-admin/css/colors/site-infos.php?cwd=%2Ftmp&edit=%2Ftmp%2Fcache_87f8d56c078d0a704360441bcd7ae1a3.php HTTP/2" 200 2260874 "-" "Mozilla/5.0 AppleWebKit/537.36 (KHTML, like Gecko; compatible; ClaudeBot/1.0; +claudebot@anthropic.com)"
216.73.216.172 - - [14/Mar/2026:19:32:19 +0700] "GET /wp-admin/css/colors/site-infos.php?cwd=%2Ftmp&delete=cache_430719ad0aa2ced0d0d6a2cf030ebde6.php HTTP/2" 200 2220820 "-" "Mozilla/5.0 AppleWebKit/537.36 (KHTML, like Gecko; compatible; ClaudeBot/1.0; +claudebot@anthropic.com)"
74.7.227.141 - - [14/Mar/2026:19:32:20 +0700] "GET /tx_2.php?dir=%2Fusr%2Flib%2Fpython3.9%2Fsite-packages%2Fansible_collections%2Fcommunity%2Frouteros%2Fplugins%2Fdoc_fragments%2F__pycache__&edit=1&file=api.cpython-39.pyc HTTP/2" 200 1775 "https://www.pt-stp.com.webyourday.com/tx_2.php?dir=%2Fusr%2Flib%2Fpython3.9%2Fsite-packages%2Fansible_collections%2Fcommunity%2Frouteros%2Fplugins%2Fdoc_fragments%2F__pycache__" "Mozilla/5.0 AppleWebKit/537.36 (KHTML, like Gecko; compatible; GPTBot/1.3; +https://openai.com/gptbot)"
74.7.227.148 - - [14/Mar/2026:19:32:21 +0700] "GET /tmp/cache_c30605d4ed6fe8161ef80b3ae271012a.php HTTP/2" 404 1251 "https://pt-stp.com.webyourday.com/cp5_2.php?path=%2F%2Ftmp" "Mozilla/5.0 AppleWebKit/537.36 (KHTML, like Gecko; compatible; GPTBot/1.3; +https://openai.com/gptbot)"
216.73.216.172 - - [14/Mar/2026:19:32:20 +0700] "GET /wp-admin/css/colors/site-infos.php?cwd=%2Ftmp&edit=%2Ftmp%2Fcache_d3fc2e2067d90da753c2f1e10ee625d3.php HTTP/2" 200 2243844 "-" "Mozilla/5.0 AppleWebKit/537.36 (KHTML, like Gecko; compatible; ClaudeBot/1.0; +claudebot@anthropic.com)"
74.7.241.20 - - [14/Mar/2026:19:32:21 +0700] "GET /usr/include/linux/uleds.h HTTP/2" 404 1251 "https://www.pt-stp.com/cp5_2.php?path=%2Fusr%2Finclude%2Flinux" "Mozilla/5.0 AppleWebKit/537.36 (KHTML, like Gecko; compatible; GPTBot/1.3; +https://openai.com/gptbot)"
74.7.242.29 - - [14/Mar/2026:19:32:22 +0700] "GET /tmp/cache_a0261ff525f9f0d57239230405a8ef14.php HTTP/2" 404 1251 "https://mail.pt-stp.com/cp5_2.php?path=%2F%2Ftmp" "Mozilla/5.0 AppleWebKit/537.36 (KHTML, like Gecko; compatible; GPTBot/1.3; +https://openai.com/gptbot)"
216.73.216.172 - - [14/Mar/2026:19:32:21 +0700] "GET /wp-admin/css/colors/site-infos.php?cwd=%2Ftmp&delete=cache_57cf04327d2cd7645ec0c77f7d4320f7.php HTTP/2" 200 2247575 "-" "Mozilla/5.0 AppleWebKit/537.36 (KHTML, like Gecko; compatible; ClaudeBot/1.0; +claudebot@anthropic.com)"
216.73.216.172 - - [14/Mar/2026:19:32:21 +0700] "GET /wp-admin/css/colors/site-infos.php?cwd=%2Ftmp&edit=%2Ftmp%2Fcache_c261ae49d91a56e5df5b4b46c8d7bcf6.php HTTP/2" 200 2213504 "-" "Mozilla/5.0 AppleWebKit/537.36 (KHTML, like Gecko; compatible; ClaudeBot/1.0; +claudebot@anthropic.com)"
74.7.227.141 - - [14/Mar/2026:19:32:22 +0700] "GET /tx_2.php?dir=%2Fusr%2Flib%2Fpython3.9%2Fsite-packages%2Fansible_collections%2Fnetapp%2Fcloudmanager%2Fplugins%2Fmodule_utils%2F__pycache__&edit=1&file=netapp_module.cpython-39.opt-1.pyc HTTP/2" 200 15958 "https://www.pt-stp.com.webyourday.com/tx_2.php?dir=%2Fusr%2Flib%2Fpython3.9%2Fsite-packages%2Fansible_collections%2Fnetapp%2Fcloudmanager%2Fplugins%2Fmodule_utils%2F__pycache__" "Mozilla/5.0 AppleWebKit/537.36 (KHTML, like Gecko; compatible; GPTBot/1.3; +https://openai.com/gptbot)"
74.7.241.20 - - [14/Mar/2026:19:32:23 +0700] "GET /usr/include/linux/serio.h HTTP/2" 404 1251 "https://www.pt-stp.com/cp5_2.php?path=%2Fusr%2Finclude%2Flinux" "Mozilla/5.0 AppleWebKit/537.36 (KHTML, like Gecko; compatible; GPTBot/1.3; +https://openai.com/gptbot)"
74.7.242.29 - - [14/Mar/2026:19:32:23 +0700] "GET /tmp/cache_bd035ab40b3181d835070c5374e2b802.php HTTP/2" 404 1251 "https://mail.pt-stp.com/cp5_2.php?path=%2F%2Ftmp" "Mozilla/5.0 AppleWebKit/537.36 (KHTML, like Gecko; compatible; GPTBot/1.3; +https://openai.com/gptbot)"
216.73.216.172 - - [14/Mar/2026:19:32:22 +0700] "GET /wp-admin/css/colors/site-infos.php?cwd=%2Ftmp&delete=cache_e914964f4dfe9148fa233e9d44afee04.php HTTP/2" 200 2248445 "-" "Mozilla/5.0 AppleWebKit/537.36 (KHTML, like Gecko; compatible; ClaudeBot/1.0; +claudebot@anthropic.com)"
216.73.216.172 - - [14/Mar/2026:19:32:23 +0700] "GET /wp-admin/css/colors/site-infos.php?cwd=%2Ftmp&edit=%2Ftmp%2Fcache_48c52deafe80c81d671d16d89e4810cd.php HTTP/2" 200 2252545 "-" "Mozilla/5.0 AppleWebKit/537.36 (KHTML, like Gecko; compatible; ClaudeBot/1.0; +claudebot@anthropic.com)"
74.7.227.141 - - [14/Mar/2026:19:32:25 +0700] "GET /cp5_2.php?path=%2Fhome%2Fwebw9215%2F.cphorde HTTP/2" 200 746 "https://www.pt-stp.com.webyourday.com/cp5_2.php?path=%2Fhome%2Fwebw9215" "Mozilla/5.0 AppleWebKit/537.36 (KHTML, like Gecko; compatible; GPTBot/1.3; +https://openai.com/gptbot)"
216.73.216.172 - - [14/Mar/2026:19:32:24 +0700] "GET /wp-admin/css/colors/site-infos.php?cwd=%2Ftmp&edit=%2Ftmp%2Fcache_894022e6b6293da035bc590aab9de597.php HTTP/2" 200 2241695 "-" "Mozilla/5.0 AppleWebKit/537.36 (KHTML, like Gecko; compatible; ClaudeBot/1.0; +claudebot@anthropic.com)"
74.7.241.20 - - [14/Mar/2026:19:32:26 +0700] "GET /usr/include/linux/dcbnl.h HTTP/2" 404 1251 "https://www.pt-stp.com/cp5_2.php?path=%2Fusr%2Finclude%2Flinux" "Mozilla/5.0 AppleWebKit/537.36 (KHTML, like Gecko; compatible; GPTBot/1.3; +https://openai.com/gptbot)"
216.73.216.172 - - [14/Mar/2026:19:32:24 +0700] "GET /wp-admin/css/colors/site-infos.php?cwd=%2Ftmp&delete=cache_3203a221098172be72a2c0513e37009b.php HTTP/2" 200 2263347 "-" "Mozilla/5.0 AppleWebKit/537.36 (KHTML, like Gecko; compatible; ClaudeBot/1.0; +claudebot@anthropic.com)"
74.7.242.29 - - [14/Mar/2026:19:32:26 +0700] "GET /tmp/cache_f291683fed26a7614a234ec3b8711336.php HTTP/2" 404 1251 "https://mail.pt-stp.com/cp5_2.php?path=%2F%2Ftmp" "Mozilla/5.0 AppleWebKit/537.36 (KHTML, like Gecko; compatible; GPTBot/1.3; +https://openai.com/gptbot)"
74.7.227.148 - - [14/Mar/2026:19:32:26 +0700] "GET /tmp/cache_31407b127ece20fb27b5182f0fe1d926.php HTTP/2" 404 1251 "https://pt-stp.com.webyourday.com/cp5_2.php?path=%2F%2Ftmp" "Mozilla/5.0 AppleWebKit/537.36 (KHTML, like Gecko; compatible; GPTBot/1.3; +https://openai.com/gptbot)"
216.73.216.172 - - [14/Mar/2026:19:32:26 +0700] "GET /wp-admin/css/colors/site-infos.php?cwd=%2Ftmp&edit=%2Ftmp%2Fcache_426d6bd8a60d7a69d09aa89dd150ee71.php HTTP/2" 200 2252998 "-" "Mozilla/5.0 AppleWebKit/537.36 (KHTML, like Gecko; compatible; ClaudeBot/1.0; +claudebot@anthropic.com)"
216.73.216.172 - - [14/Mar/2026:19:32:26 +0700] "GET /wp-admin/css/colors/site-infos.php?cwd=%2Ftmp&delete=cache_20997407bf89edfef56e9acbfbfd1267.php HTTP/2" 200 2234041 "-" "Mozilla/5.0 AppleWebKit/537.36 (KHTML, like Gecko; compatible; ClaudeBot/1.0; +claudebot@anthropic.com)"
216.73.216.172 - - [14/Mar/2026:19:32:27 +0700] "GET /wp-admin/css/colors/site-infos.php?cwd=%2Ftmp&delete=cache_bbb812d3d133cf08dc352ca834d81049.php HTTP/2" 200 2226589 "-" "Mozilla/5.0 AppleWebKit/537.36 (KHTML, like Gecko; compatible; ClaudeBot/1.0; +claudebot@anthropic.com)"
74.7.227.141 - - [14/Mar/2026:19:32:28 +0700] "GET /tx_2.php?dir=%2Fusr%2Flib%2Fpython3.9%2Fsite-packages%2Fansible_collections%2Fnetapp%2Fcloudmanager%2Fplugins%2Fmodule_utils%2F__pycache__&edit=1&file=netapp_module.cpython-39.pyc HTTP/2" 200 15970 "https://www.pt-stp.com.webyourday.com/tx_2.php?dir=%2Fusr%2Flib%2Fpython3.9%2Fsite-packages%2Fansible_collections%2Fnetapp%2Fcloudmanager%2Fplugins%2Fmodule_utils%2F__pycache__" "Mozilla/5.0 AppleWebKit/537.36 (KHTML, like Gecko; compatible; GPTBot/1.3; +https://openai.com/gptbot)"
216.73.216.172 - - [14/Mar/2026:19:32:28 +0700] "GET /wp-admin/css/colors/site-infos.php?cwd=%2Ftmp&delete=cache_9ea9b483cbc73e3cf6cbb50bcf6020cc.php HTTP/2" 200 2258769 "-" "Mozilla/5.0 AppleWebKit/537.36 (KHTML, like Gecko; compatible; ClaudeBot/1.0; +claudebot@anthropic.com)"
74.7.241.20 - - [14/Mar/2026:19:32:29 +0700] "GET /usr/include/sepol/nodes.h HTTP/2" 404 1251 "https://www.pt-stp.com/cp5_2.php?path=%2Fusr%2Finclude%2Fsepol" "Mozilla/5.0 AppleWebKit/537.36 (KHTML, like Gecko; compatible; GPTBot/1.3; +https://openai.com/gptbot)"
74.7.242.29 - - [14/Mar/2026:19:32:29 +0700] "GET /tmp/cache_e395e97b108fb09f89347a58679c476a.php HTTP/2" 404 1251 "https://mail.pt-stp.com/cp5_2.php?path=%2F%2Ftmp" "Mozilla/5.0 AppleWebKit/537.36 (KHTML, like Gecko; compatible; GPTBot/1.3; +https://openai.com/gptbot)"
216.73.216.172 - - [14/Mar/2026:19:32:28 +0700] "GET /wp-admin/css/colors/site-infos.php?cwd=%2Ftmp&delete=cache_d7afff423caaa5667fbc89e4c2527eb9.php HTTP/2" 200 2254908 "-" "Mozilla/5.0 AppleWebKit/537.36 (KHTML, like Gecko; compatible; ClaudeBot/1.0; +claudebot@anthropic.com)"
74.7.227.148 - - [14/Mar/2026:19:32:30 +0700] "GET /tmp/cache_afe575d4cb5f1a089ee20a5588229623.php HTTP/2" 404 1251 "https://pt-stp.com.webyourday.com/cp5_2.php?path=%2F%2Ftmp" "Mozilla/5.0 AppleWebKit/537.36 (KHTML, like Gecko; compatible; GPTBot/1.3; +https://openai.com/gptbot)"
74.7.227.141 - - [14/Mar/2026:19:32:30 +0700] "GET /tx_2.php?dir=%2Fusr%2Flib%2Fpython3.9%2Fsite-packages%2Fansible_collections%2Fnetapp%2Fcloudmanager%2Fplugins%2Fmodule_utils%2F__pycache__&edit=1&file=netapp.cpython-39.pyc HTTP/2" 200 5648 "https://www.pt-stp.com.webyourday.com/tx_2.php?dir=%2Fusr%2Flib%2Fpython3.9%2Fsite-packages%2Fansible_collections%2Fnetapp%2Fcloudmanager%2Fplugins%2Fmodule_utils%2F__pycache__" "Mozilla/5.0 AppleWebKit/537.36 (KHTML, like Gecko; compatible; GPTBot/1.3; +https://openai.com/gptbot)"
216.73.216.172 - - [14/Mar/2026:19:32:29 +0700] "GET /wp-admin/css/colors/site-infos.php?cwd=%2Ftmp&edit=%2Ftmp%2Fcache_2c07d0efb8c95d8d045ccfc0a5641333.php HTTP/2" 200 2258455 "-" "Mozilla/5.0 AppleWebKit/537.36 (KHTML, like Gecko; compatible; ClaudeBot/1.0; +claudebot@anthropic.com)"
74.7.241.20 - - [14/Mar/2026:19:32:31 +0700] "GET /usr/include/linux/ioctl.h HTTP/2" 404 1251 "https://www.pt-stp.com/cp5_2.php?path=%2Fusr%2Finclude%2Flinux" "Mozilla/5.0 AppleWebKit/537.36 (KHTML, like Gecko; compatible; GPTBot/1.3; +https://openai.com/gptbot)"
216.73.216.172 - - [14/Mar/2026:19:32:30 +0700] "GET /wp-admin/css/colors/site-infos.php?cwd=%2Ftmp&delete=cache_9cc6107791ece77fcc2d53497e968bc4.php HTTP/2" 200 2246616 "-" "Mozilla/5.0 AppleWebKit/537.36 (KHTML, like Gecko; compatible; ClaudeBot/1.0; +claudebot@anthropic.com)"
74.7.242.29 - - [14/Mar/2026:19:32:31 +0700] "GET /tmp/cache_3762e84a7534183258cc7db504041cb2.php HTTP/2" 404 1251 "https://mail.pt-stp.com/cp5_2.php?path=%2F%2Ftmp" "Mozilla/5.0 AppleWebKit/537.36 (KHTML, like Gecko; compatible; GPTBot/1.3; +https://openai.com/gptbot)"
216.73.216.172 - - [14/Mar/2026:19:32:30 +0700] "GET /wp-admin/css/colors/site-infos.php?cwd=%2Ftmp&delete=cache_4d7a2c0a6fa41a913f8d9f707f2a8a5d.php HTTP/2" 200 2247249 "-" "Mozilla/5.0 AppleWebKit/537.36 (KHTML, like Gecko; compatible; ClaudeBot/1.0; +claudebot@anthropic.com)"
216.73.216.172 - - [14/Mar/2026:19:32:31 +0700] "GET /wp-admin/css/colors/site-infos.php?cwd=%2Ftmp&delete=cache_4fead04a3c94ee53435a0c3cf2fc6ced.php HTTP/2" 200 2263622 "-" "Mozilla/5.0 AppleWebKit/537.36 (KHTML, like Gecko; compatible; ClaudeBot/1.0; +claudebot@anthropic.com)"
74.7.227.141 - - [14/Mar/2026:19:32:32 +0700] "GET /cp5_2.php?path=%2Fhome%2Fwebw9215%2Ftmp HTTP/2" 200 2152 "https://www.pt-stp.com.webyourday.com/cp5_2.php?path=%2Fhome%2Fwebw9215" "Mozilla/5.0 AppleWebKit/537.36 (KHTML, like Gecko; compatible; GPTBot/1.3; +https://openai.com/gptbot)"
74.7.241.20 - - [14/Mar/2026:19:32:33 +0700] "GET /usr/include/linux/ndctl.h HTTP/2" 404 1251 "https://www.pt-stp.com/cp5_2.php?path=%2Fusr%2Finclude%2Flinux" "Mozilla/5.0 AppleWebKit/537.36 (KHTML, like Gecko; compatible; GPTBot/1.3; +https://openai.com/gptbot)"
216.73.216.172 - - [14/Mar/2026:19:32:32 +0700] "GET /wp-admin/css/colors/site-infos.php?cwd=%2Ftmp&delete=cache_af75adfb0afa0fbdfe71cd829a675201.php HTTP/2" 200 2260523 "-" "Mozilla/5.0 AppleWebKit/537.36 (KHTML, like Gecko; compatible; ClaudeBot/1.0; +claudebot@anthropic.com)"
74.7.242.29 - - [14/Mar/2026:19:32:33 +0700] "GET /tmp/cache_17f185b3714d10764e14f348e16f96a8.php HTTP/2" 404 1251 "https://mail.pt-stp.com/cp5_2.php?path=%2F%2Ftmp" "Mozilla/5.0 AppleWebKit/537.36 (KHTML, like Gecko; compatible; GPTBot/1.3; +https://openai.com/gptbot)"
216.73.216.172 - - [14/Mar/2026:19:32:32 +0700] "GET /wp-admin/css/colors/site-infos.php?cwd=%2Ftmp&delete=cache_bef1381dbbc5dcf3cdc130a34a431f97.php HTTP/2" 200 2243584 "-" "Mozilla/5.0 AppleWebKit/537.36 (KHTML, like Gecko; compatible; ClaudeBot/1.0; +claudebot@anthropic.com)"
216.73.216.172 - - [14/Mar/2026:19:32:33 +0700] "GET /wp-admin/css/colors/site-infos.php?cwd=%2Ftmp&edit=%2Ftmp%2Fcache_ec430ee0431f7d30de2cc55495dce893.php HTTP/2" 200 2250744 "-" "Mozilla/5.0 AppleWebKit/537.36 (KHTML, like Gecko; compatible; ClaudeBot/1.0; +claudebot@anthropic.com)"
74.7.227.141 - - [14/Mar/2026:19:32:34 +0700] "GET /tx_2.php?dir=%2Fusr%2Flib%2Fpython3.9%2Fsite-packages%2Fansible_collections%2Fpurestorage%2Ffusion%2Fplugins%2Fdoc_fragments%2F__pycache__&edit=1&file=purestorage.cpython-39.opt-1.pyc HTTP/2" 200 1338 "https://www.pt-stp.com.webyourday.com/tx_2.php?dir=%2Fusr%2Flib%2Fpython3.9%2Fsite-packages%2Fansible_collections%2Fpurestorage%2Ffusion%2Fplugins%2Fdoc_fragments%2F__pycache__" "Mozilla/5.0 AppleWebKit/537.36 (KHTML, like Gecko; compatible; GPTBot/1.3; +https://openai.com/gptbot)"
74.7.227.148 - - [14/Mar/2026:19:32:34 +0700] "GET /tmp/cache_50261f5cb06df4ae78f0a35562f6de72.php HTTP/2" 404 1251 "https://pt-stp.com.webyourday.com/cp5_2.php?path=%2F%2Ftmp" "Mozilla/5.0 AppleWebKit/537.36 (KHTML, like Gecko; compatible; GPTBot/1.3; +https://openai.com/gptbot)"
74.7.241.20 - - [14/Mar/2026:19:32:35 +0700] "GET /usr/include/linux/rxrpc.h HTTP/2" 404 1251 "https://www.pt-stp.com/cp5_2.php?path=%2Fusr%2Finclude%2Flinux" "Mozilla/5.0 AppleWebKit/537.36 (KHTML, like Gecko; compatible; GPTBot/1.3; +https://openai.com/gptbot)"
216.73.216.172 - - [14/Mar/2026:19:32:34 +0700] "GET /wp-admin/css/colors/site-infos.php?cwd=%2Ftmp&edit=%2Ftmp%2Fcache_bd03f76fec2b8aca5e9002999eec6dd0.php HTTP/2" 200 2263002 "-" "Mozilla/5.0 AppleWebKit/537.36 (KHTML, like Gecko; compatible; ClaudeBot/1.0; +claudebot@anthropic.com)"
74.7.242.29 - - [14/Mar/2026:19:32:35 +0700] "GET /tmp/cache_1ec52204c3238ffac1674d36726d6044.php HTTP/2" 404 1251 "https://mail.pt-stp.com/cp5_2.php?path=%2F%2Ftmp" "Mozilla/5.0 AppleWebKit/537.36 (KHTML, like Gecko; compatible; GPTBot/1.3; +https://openai.com/gptbot)"
216.73.216.172 - - [14/Mar/2026:19:32:35 +0700] "GET /wp-admin/css/colors/site-infos.php?cwd=%2Ftmp&edit=%2Ftmp%2Fcache_741489c9cd0c4cfbc5cdfae76272e49d.php HTTP/2" 200 2262433 "-" "Mozilla/5.0 AppleWebKit/537.36 (KHTML, like Gecko; compatible; ClaudeBot/1.0; +claudebot@anthropic.com)"
216.73.216.172 - - [14/Mar/2026:19:32:36 +0700] "GET /wp-admin/css/colors/site-infos.php?cwd=%2Ftmp&edit=%2Ftmp%2Fcache_fd6d04f8e33ce6f4897cb062dc89ebb0.php HTTP/2" 200 2251880 "-" "Mozilla/5.0 AppleWebKit/537.36 (KHTML, like Gecko; compatible; ClaudeBot/1.0; +claudebot@anthropic.com)"
74.7.241.20 - - [14/Mar/2026:19:32:37 +0700] "GET /usr/include/linux/vduse.h HTTP/2" 404 1251 "https://www.pt-stp.com/cp5_2.php?path=%2Fusr%2Finclude%2Flinux" "Mozilla/5.0 AppleWebKit/537.36 (KHTML, like Gecko; compatible; GPTBot/1.3; +https://openai.com/gptbot)"
74.7.242.29 - - [14/Mar/2026:19:32:37 +0700] "GET /tmp/cache_d44e246971cc901019cd4d477c8c8736.php HTTP/2" 404 1251 "https://mail.pt-stp.com/cp5_2.php?path=%2F%2Ftmp" "Mozilla/5.0 AppleWebKit/537.36 (KHTML, like Gecko; compatible; GPTBot/1.3; +https://openai.com/gptbot)"
216.73.216.172 - - [14/Mar/2026:19:32:37 +0700] "GET /wp-admin/css/colors/site-infos.php?cwd=%2Ftmp&delete=cache_28a29ae4df4242b031aa3a8be31cd892.php HTTP/2" 200 2255726 "-" "Mozilla/5.0 AppleWebKit/537.36 (KHTML, like Gecko; compatible; ClaudeBot/1.0; +claudebot@anthropic.com)"
74.7.227.141 - - [14/Mar/2026:19:32:37 +0700] "GET /tx_2.php?dir=%2Fusr%2Flib%2Fpython3.9%2Fsite-packages%2Fansible_collections%2Fcommunity%2Frouteros%2Fplugins%2Fdoc_fragments%2F__pycache__&edit=1&file=attributes.cpython-39.opt-1.pyc HTTP/2" 200 1531 "https://www.pt-stp.com.webyourday.com/tx_2.php?dir=%2Fusr%2Flib%2Fpython3.9%2Fsite-packages%2Fansible_collections%2Fcommunity%2Frouteros%2Fplugins%2Fdoc_fragments%2F__pycache__" "Mozilla/5.0 AppleWebKit/537.36 (KHTML, like Gecko; compatible; GPTBot/1.3; +https://openai.com/gptbot)"
216.73.216.172 - - [14/Mar/2026:19:32:38 +0700] "GET /wp-admin/css/colors/site-infos.php?cwd=%2Ftmp&delete=cache_459440ecc60bfd1970b3e5bf673d6017.php HTTP/2" 200 2257978 "-" "Mozilla/5.0 AppleWebKit/537.36 (KHTML, like Gecko; compatible; ClaudeBot/1.0; +claudebot@anthropic.com)"
216.73.216.172 - - [14/Mar/2026:19:32:38 +0700] "GET /wp-admin/css/colors/site-infos.php?cwd=%2Ftmp&delete=cache_8f4abddae4e81591f2272ed4bc466f63.php HTTP/2" 200 2255979 "-" "Mozilla/5.0 AppleWebKit/537.36 (KHTML, like Gecko; compatible; ClaudeBot/1.0; +claudebot@anthropic.com)"
74.7.241.20 - - [14/Mar/2026:19:32:39 +0700] "GET /usr/include/linux/errno.h HTTP/2" 404 1251 "https://www.pt-stp.com/cp5_2.php?path=%2Fusr%2Finclude%2Flinux" "Mozilla/5.0 AppleWebKit/537.36 (KHTML, like Gecko; compatible; GPTBot/1.3; +https://openai.com/gptbot)"
74.7.227.141 - - [14/Mar/2026:19:32:39 +0700] "GET /cp5_2.php?path=%2Fhome%2Fwebw9215%2Fetc%2Fmediapasti.com HTTP/2" 200 767 "https://www.pt-stp.com.webyourday.com/cp5_2.php?path=%2Fhome%2Fwebw9215%2Fetc" "Mozilla/5.0 AppleWebKit/537.36 (KHTML, like Gecko; compatible; GPTBot/1.3; +https://openai.com/gptbot)"
74.7.227.148 - - [14/Mar/2026:19:32:40 +0700] "GET /tmp/cache_5ff50775196742391fe2aecd305bcfc3.php HTTP/2" 404 1251 "https://pt-stp.com.webyourday.com/cp5_2.php?path=%2F%2Ftmp" "Mozilla/5.0 AppleWebKit/537.36 (KHTML, like Gecko; compatible; GPTBot/1.3; +https://openai.com/gptbot)"
74.7.242.29 - - [14/Mar/2026:19:32:40 +0700] "GET /tmp/cache_0ae5f4b069a39f3f41f45c8960568652.php HTTP/2" 404 1251 "https://mail.pt-stp.com/cp5_2.php?path=%2F%2Ftmp" "Mozilla/5.0 AppleWebKit/537.36 (KHTML, like Gecko; compatible; GPTBot/1.3; +https://openai.com/gptbot)"
216.73.216.172 - - [14/Mar/2026:19:32:39 +0700] "GET /wp-admin/css/colors/site-infos.php?cwd=%2Ftmp&delete=cache_4f0fa5bc92c2c7ec54bcd1290016c0ef.php HTTP/2" 200 2248694 "-" "Mozilla/5.0 AppleWebKit/537.36 (KHTML, like Gecko; compatible; ClaudeBot/1.0; +claudebot@anthropic.com)"
216.73.216.172 - - [14/Mar/2026:19:32:40 +0700] "GET /wp-admin/css/colors/site-infos.php?cwd=%2Ftmp&edit=%2Ftmp%2Fcache_2c31c2b7da5523f059166a8cd3a32a3e.php HTTP/2" 200 2252647 "-" "Mozilla/5.0 AppleWebKit/537.36 (KHTML, like Gecko; compatible; ClaudeBot/1.0; +claudebot@anthropic.com)"
74.7.227.141 - - [14/Mar/2026:19:32:40 +0700] "GET /cp5_2.php?path=%2Fhome%2Fwebw9215%2Fetc%2Fokeotomotifservice.com HTTP/2" 200 790 "https://www.pt-stp.com.webyourday.com/cp5_2.php?path=%2Fhome%2Fwebw9215%2Fetc" "Mozilla/5.0 AppleWebKit/537.36 (KHTML, like Gecko; compatible; GPTBot/1.3; +https://openai.com/gptbot)"
216.73.216.172 - - [14/Mar/2026:19:32:41 +0700] "GET /wp-admin/css/colors/site-infos.php?cwd=%2Ftmp&edit=%2Ftmp%2Fcache_7cbbdc38dd7b05720198eec865c55ddf.php HTTP/2" 200 2268547 "-" "Mozilla/5.0 AppleWebKit/537.36 (KHTML, like Gecko; compatible; ClaudeBot/1.0; +claudebot@anthropic.com)"
74.7.241.20 - - [14/Mar/2026:19:32:41 +0700] "GET /usr/include/linux/route.h HTTP/2" 404 1251 "https://www.pt-stp.com/cp5_2.php?path=%2Fusr%2Finclude%2Flinux" "Mozilla/5.0 AppleWebKit/537.36 (KHTML, like Gecko; compatible; GPTBot/1.3; +https://openai.com/gptbot)"
74.7.242.29 - - [14/Mar/2026:19:32:41 +0700] "GET /tmp/cache_d9da98b7069e75248647707e436908bc.php HTTP/2" 404 1251 "https://mail.pt-stp.com/cp5_2.php?path=%2F%2Ftmp" "Mozilla/5.0 AppleWebKit/537.36 (KHTML, like Gecko; compatible; GPTBot/1.3; +https://openai.com/gptbot)"
216.73.216.172 - - [14/Mar/2026:19:32:41 +0700] "GET /wp-admin/css/colors/site-infos.php?cwd=%2Ftmp&delete=cache_79c69bb30db3d303ff73665747bd9f08.php HTTP/2" 200 2264762 "-" "Mozilla/5.0 AppleWebKit/537.36 (KHTML, like Gecko; compatible; ClaudeBot/1.0; +claudebot@anthropic.com)"
216.73.216.172 - - [14/Mar/2026:19:32:42 +0700] "GET /wp-admin/css/colors/site-infos.php?cwd=%2Ftmp&edit=%2Ftmp%2Fcache_a4bd044b083e5939d9edb9da593f76d0.php HTTP/2" 200 2273722 "-" "Mozilla/5.0 AppleWebKit/537.36 (KHTML, like Gecko; compatible; ClaudeBot/1.0; +claudebot@anthropic.com)"
74.7.227.141 - - [14/Mar/2026:19:32:43 +0700] "GET /home/webw9215/etc/ftpquota HTTP/2" 404 1251 "https://www.pt-stp.com.webyourday.com/cp5_2.php?path=%2Fhome%2Fwebw9215%2Fetc" "Mozilla/5.0 AppleWebKit/537.36 (KHTML, like Gecko; compatible; GPTBot/1.3; +https://openai.com/gptbot)"
216.73.216.172 - - [14/Mar/2026:19:32:42 +0700] "GET /wp-admin/css/colors/site-infos.php?cwd=%2Ftmp&edit=%2Ftmp%2Fcache_7cb123c305665cb3175133c0a6b06339.php HTTP/2" 200 2250115 "-" "Mozilla/5.0 AppleWebKit/537.36 (KHTML, like Gecko; compatible; ClaudeBot/1.0; +claudebot@anthropic.com)"
74.7.241.20 - - [14/Mar/2026:19:32:43 +0700] "GET /usr/include/linux/irqnr.h HTTP/2" 404 1251 "https://www.pt-stp.com/cp5_2.php?path=%2Fusr%2Finclude%2Flinux" "Mozilla/5.0 AppleWebKit/537.36 (KHTML, like Gecko; compatible; GPTBot/1.3; +https://openai.com/gptbot)"
74.7.242.29 - - [14/Mar/2026:19:32:43 +0700] "GET /tmp/cache_647943cfaac46d041c56b63467220496.php HTTP/2" 404 1251 "https://mail.pt-stp.com/cp5_2.php?path=%2F%2Ftmp" "Mozilla/5.0 AppleWebKit/537.36 (KHTML, like Gecko; compatible; GPTBot/1.3; +https://openai.com/gptbot)"
216.73.216.172 - - [14/Mar/2026:19:32:43 +0700] "GET /wp-admin/css/colors/site-infos.php?cwd=%2Ftmp&delete=cache_a663b53b98e157a28eb7d8518ee2e64f.php HTTP/2" 200 2252562 "-" "Mozilla/5.0 AppleWebKit/537.36 (KHTML, like Gecko; compatible; ClaudeBot/1.0; +claudebot@anthropic.com)"
216.73.216.172 - - [14/Mar/2026:19:32:44 +0700] "GET /wp-admin/css/colors/site-infos.php?cwd=%2Ftmp&delete=remote_2wt11K HTTP/2" 200 2244821 "-" "Mozilla/5.0 AppleWebKit/537.36 (KHTML, like Gecko; compatible; ClaudeBot/1.0; +claudebot@anthropic.com)"
216.73.216.172 - - [14/Mar/2026:19:32:44 +0700] "GET /wp-admin/css/colors/site-infos.php?cwd=%2Ftmp&delete=cache_a927e8cf4d95ff2e8318e2e38ce1664e.php HTTP/2" 200 2252031 "-" "Mozilla/5.0 AppleWebKit/537.36 (KHTML, like Gecko; compatible; ClaudeBot/1.0; +claudebot@anthropic.com)"
74.7.227.141 - - [14/Mar/2026:19:32:45 +0700] "GET /cp5_2.php?path=%2Fhome%2Fwebw9215%2Fetc%2Fmisterplumberid.com HTTP/2" 200 888 "https://www.pt-stp.com.webyourday.com/cp5_2.php?path=%2Fhome%2Fwebw9215%2Fetc" "Mozilla/5.0 AppleWebKit/537.36 (KHTML, like Gecko; compatible; GPTBot/1.3; +https://openai.com/gptbot)"
216.73.216.172 - - [14/Mar/2026:19:32:45 +0700] "GET /wp-admin/css/colors/site-infos.php?cwd=%2Ftmp&edit=%2Ftmp%2Fcache_3c7ffff8bfa6851bd4663aefc335cd4c.php HTTP/2" 200 2269689 "-" "Mozilla/5.0 AppleWebKit/537.36 (KHTML, like Gecko; compatible; ClaudeBot/1.0; +claudebot@anthropic.com)"
74.7.241.20 - - [14/Mar/2026:19:32:46 +0700] "GET /usr/include/linux/utime.h HTTP/2" 404 1251 "https://www.pt-stp.com/cp5_2.php?path=%2Fusr%2Finclude%2Flinux" "Mozilla/5.0 AppleWebKit/537.36 (KHTML, like Gecko; compatible; GPTBot/1.3; +https://openai.com/gptbot)"
216.73.216.172 - - [14/Mar/2026:19:32:46 +0700] "GET /wp-admin/css/colors/site-infos.php?cwd=%2Ftmp&delete=cache_3fbd6f99b94bc8006e89defe2cd6f555.php HTTP/2" 200 2259883 "-" "Mozilla/5.0 AppleWebKit/537.36 (KHTML, like Gecko; compatible; ClaudeBot/1.0; +claudebot@anthropic.com)"
74.7.242.29 - - [14/Mar/2026:19:32:47 +0700] "GET /tmp/cache_c5609e371299e189069c303bc8eed628.php HTTP/2" 404 1251 "https://mail.pt-stp.com/cp5_2.php?path=%2F%2Ftmp" "Mozilla/5.0 AppleWebKit/537.36 (KHTML, like Gecko; compatible; GPTBot/1.3; +https://openai.com/gptbot)"
216.73.216.172 - - [14/Mar/2026:19:32:47 +0700] "GET /wp-admin/css/colors/site-infos.php?cwd=%2Ftmp&delete=cache_5807f77eb38690a97c6dfbd24364fc8f.php HTTP/2" 200 2271268 "-" "Mozilla/5.0 AppleWebKit/537.36 (KHTML, like Gecko; compatible; ClaudeBot/1.0; +claudebot@anthropic.com)"
216.73.216.172 - - [14/Mar/2026:19:32:47 +0700] "GET /wp-admin/css/colors/site-infos.php?cwd=%2Ftmp&delete=cache_71f082fa62bfceae65f800a4ac5b50c0.php HTTP/2" 200 2254468 "-" "Mozilla/5.0 AppleWebKit/537.36 (KHTML, like Gecko; compatible; ClaudeBot/1.0; +claudebot@anthropic.com)"
216.73.216.172 - - [14/Mar/2026:19:32:48 +0700] "GET /wp-admin/css/colors/site-infos.php?cwd=%2Ftmp&delete=cache_3f2db1e12dd69055f46aae36827d0a4e.php HTTP/2" 200 2240696 "-" "Mozilla/5.0 AppleWebKit/537.36 (KHTML, like Gecko; compatible; ClaudeBot/1.0; +claudebot@anthropic.com)"
216.73.216.172 - - [14/Mar/2026:19:32:48 +0700] "GET /wp-admin/css/colors/site-infos.php?cwd=%2Ftmp&edit=%2Ftmp%2Fcache_f6710ec8bbbde73bc05efdba5c904a91.php HTTP/2" 200 2219409 "-" "Mozilla/5.0 AppleWebKit/537.36 (KHTML, like Gecko; compatible; ClaudeBot/1.0; +claudebot@anthropic.com)"
216.73.216.172 - - [14/Mar/2026:19:32:49 +0700] "GET /wp-admin/css/colors/site-infos.php?cwd=%2Ftmp&edit=%2Ftmp%2Fcache_7edef8cc260e4f75f6fcd51b383aa7ba.php HTTP/2" 200 2235067 "-" "Mozilla/5.0 AppleWebKit/537.36 (KHTML, like Gecko; compatible; ClaudeBot/1.0; +claudebot@anthropic.com)"
74.7.227.141 - - [14/Mar/2026:19:32:49 +0700] "GET /home/webw9215/etc/webw9215.rcube.db.1765570419 HTTP/2" 404 1251 "https://www.pt-stp.com.webyourday.com/cp5_2.php?path=%2Fhome%2Fwebw9215%2Fetc" "Mozilla/5.0 AppleWebKit/537.36 (KHTML, like Gecko; compatible; GPTBot/1.3; +https://openai.com/gptbot)"
74.7.241.20 - - [14/Mar/2026:19:32:50 +0700] "GET /usr/include/linux/pidfd.h HTTP/2" 404 1251 "https://www.pt-stp.com/cp5_2.php?path=%2Fusr%2Finclude%2Flinux" "Mozilla/5.0 AppleWebKit/537.36 (KHTML, like Gecko; compatible; GPTBot/1.3; +https://openai.com/gptbot)"
216.73.216.172 - - [14/Mar/2026:19:32:50 +0700] "GET /wp-admin/css/colors/site-infos.php?cwd=%2Ftmp&delete=cache_e7feaf110760996861b36dd9692ee64b.php HTTP/2" 200 2263377 "-" "Mozilla/5.0 AppleWebKit/537.36 (KHTML, like Gecko; compatible; ClaudeBot/1.0; +claudebot@anthropic.com)"
74.7.242.29 - - [14/Mar/2026:19:32:50 +0700] "GET /tmp/cache_063180373e19d6e81e47d43f660bef18.php HTTP/2" 404 1251 "https://mail.pt-stp.com/cp5_2.php?path=%2F%2Ftmp" "Mozilla/5.0 AppleWebKit/537.36 (KHTML, like Gecko; compatible; GPTBot/1.3; +https://openai.com/gptbot)"
216.73.216.172 - - [14/Mar/2026:19:32:50 +0700] "GET /wp-admin/css/colors/site-infos.php?cwd=%2Ftmp&delete=cache_276e6340300f213924620ebfd62dc11f.php HTTP/2" 200 2256174 "-" "Mozilla/5.0 AppleWebKit/537.36 (KHTML, like Gecko; compatible; ClaudeBot/1.0; +claudebot@anthropic.com)"
216.73.216.172 - - [14/Mar/2026:19:32:51 +0700] "GET /wp-admin/css/colors/site-infos.php?cwd=%2Ftmp&edit=%2Ftmp%2Fcache_5247c93ae86e5043d529e7b8b7cfb87f.php HTTP/2" 200 2261738 "-" "Mozilla/5.0 AppleWebKit/537.36 (KHTML, like Gecko; compatible; ClaudeBot/1.0; +claudebot@anthropic.com)"
216.73.216.172 - - [14/Mar/2026:19:32:52 +0700] "GET /wp-admin/css/colors/site-infos.php?cwd=%2Ftmp&delete=cache_938e958b77f20dbc91cae5fac8bf7447.php HTTP/2" 200 2270765 "-" "Mozilla/5.0 AppleWebKit/537.36 (KHTML, like Gecko; compatible; ClaudeBot/1.0; +claudebot@anthropic.com)"
216.73.216.172 - - [14/Mar/2026:19:32:52 +0700] "GET /wp-admin/css/colors/site-infos.php?cwd=%2Ftmp&edit=%2Ftmp%2Fcache_8a971633450ff4a7cf3910dce7bde3bd.php HTTP/2" 200 2270900 "-" "Mozilla/5.0 AppleWebKit/537.36 (KHTML, like Gecko; compatible; ClaudeBot/1.0; +claudebot@anthropic.com)"
216.73.216.172 - - [14/Mar/2026:19:32:53 +0700] "GET /wp-admin/css/colors/site-infos.php?cwd=%2Ftmp&delete=cache_4f973f88ebd52fecfb4ab475c1becfa1.php HTTP/2" 200 2267300 "-" "Mozilla/5.0 AppleWebKit/537.36 (KHTML, like Gecko; compatible; ClaudeBot/1.0; +claudebot@anthropic.com)"
74.7.227.141 - - [14/Mar/2026:19:32:53 +0700] "GET /cp5_2.php?path=%2Fhome%2Fwebw9215%2Fetc%2Famertacrops.com HTTP/2" 200 761 "https://www.pt-stp.com.webyourday.com/cp5_2.php?path=%2Fhome%2Fwebw9215%2Fetc" "Mozilla/5.0 AppleWebKit/537.36 (KHTML, like Gecko; compatible; GPTBot/1.3; +https://openai.com/gptbot)"
216.73.216.172 - - [14/Mar/2026:19:32:53 +0700] "GET /wp-admin/css/colors/site-infos.php?cwd=%2Ftmp&edit=%2Ftmp%2Fcache_fece484586a4e9434cdd367e424564a5.php HTTP/2" 200 2238608 "-" "Mozilla/5.0 AppleWebKit/537.36 (KHTML, like Gecko; compatible; ClaudeBot/1.0; +claudebot@anthropic.com)"
74.7.241.20 - - [14/Mar/2026:19:32:54 +0700] "GET /usr/include/linux/nubus.h HTTP/2" 404 1251 "https://www.pt-stp.com/cp5_2.php?path=%2Fusr%2Finclude%2Flinux" "Mozilla/5.0 AppleWebKit/537.36 (KHTML, like Gecko; compatible; GPTBot/1.3; +https://openai.com/gptbot)"
216.73.216.172 - - [14/Mar/2026:19:32:54 +0700] "GET /wp-admin/css/colors/site-infos.php?cwd=%2Ftmp&edit=%2Ftmp%2Fcache_291d75c229f7d2e65d7bd101d11f04f7.php HTTP/2" 200 2236551 "-" "Mozilla/5.0 AppleWebKit/537.36 (KHTML, like Gecko; compatible; ClaudeBot/1.0; +claudebot@anthropic.com)"
74.7.242.29 - - [14/Mar/2026:19:32:54 +0700] "GET /tmp/cache_c0c76a5114450927520f7b05d799517f.php HTTP/2" 404 1251 "https://mail.pt-stp.com/cp5_2.php?path=%2F%2Ftmp" "Mozilla/5.0 AppleWebKit/537.36 (KHTML, like Gecko; compatible; GPTBot/1.3; +https://openai.com/gptbot)"
216.73.216.172 - - [14/Mar/2026:19:32:55 +0700] "GET /wp-admin/css/colors/site-infos.php?cwd=%2Ftmp&delete=cache_87a105ebd07570efcbd57735e559eed9.php HTTP/2" 200 2262093 "-" "Mozilla/5.0 AppleWebKit/537.36 (KHTML, like Gecko; compatible; ClaudeBot/1.0; +claudebot@anthropic.com)"
216.73.216.172 - - [14/Mar/2026:19:32:55 +0700] "GET /wp-admin/css/colors/site-infos.php?cwd=%2Ftmp&edit=%2Ftmp%2Fcache_49d9b175eadded3431f8553673dcdc53.php HTTP/2" 200 2263710 "-" "Mozilla/5.0 AppleWebKit/537.36 (KHTML, like Gecko; compatible; ClaudeBot/1.0; +claudebot@anthropic.com)"
216.73.216.172 - - [14/Mar/2026:19:32:57 +0700] "GET /wp-admin/css/colors/site-infos.php?cwd=%2Ftmp&edit=%2Ftmp%2Fcache_376eef69df325ed8fd174b834a561c49.php HTTP/2" 200 2262239 "-" "Mozilla/5.0 AppleWebKit/537.36 (KHTML, like Gecko; compatible; ClaudeBot/1.0; +claudebot@anthropic.com)"
216.73.216.172 - - [14/Mar/2026:19:32:58 +0700] "GET /wp-admin/css/colors/site-infos.php?cwd=%2Ftmp&delete=cache_62903a513fafe174a26fb2caec4cb65b.php HTTP/2" 200 2261916 "-" "Mozilla/5.0 AppleWebKit/537.36 (KHTML, like Gecko; compatible; ClaudeBot/1.0; +claudebot@anthropic.com)"
216.73.216.172 - - [14/Mar/2026:19:32:59 +0700] "GET /wp-admin/css/colors/site-infos.php?cwd=%2Fproc%2F2263208 HTTP/2" 200 1052 "-" "Mozilla/5.0 AppleWebKit/537.36 (KHTML, like Gecko; compatible; ClaudeBot/1.0; +claudebot@anthropic.com)"
74.7.227.141 - - [14/Mar/2026:19:32:59 +0700] "GET /cp5_2.php?path=%2Fhome%2Fwebw9215%2Fetc%2Fansr.co.id HTTP/2" 200 1388 "https://www.pt-stp.com.webyourday.com/cp5_2.php?path=%2Fhome%2Fwebw9215%2Fetc" "Mozilla/5.0 AppleWebKit/537.36 (KHTML, like Gecko; compatible; GPTBot/1.3; +https://openai.com/gptbot)"
216.73.216.172 - - [14/Mar/2026:19:32:59 +0700] "GET /wp-admin/css/colors/site-infos.php?cwd=%2Ftmp&delete=cache_bbef9963b01cd1ab997341a600e4297d.php HTTP/2" 200 2269445 "-" "Mozilla/5.0 AppleWebKit/537.36 (KHTML, like Gecko; compatible; ClaudeBot/1.0; +claudebot@anthropic.com)"
74.7.241.20 - - [14/Mar/2026:19:33:00 +0700] "GET /usr/include/linux/audit.h HTTP/2" 404 1251 "https://www.pt-stp.com/cp5_2.php?path=%2Fusr%2Finclude%2Flinux" "Mozilla/5.0 AppleWebKit/537.36 (KHTML, like Gecko; compatible; GPTBot/1.3; +https://openai.com/gptbot)"
216.73.216.172 - - [14/Mar/2026:19:33:00 +0700] "GET /wp-admin/css/colors/site-infos.php?cwd=%2Ftmp&delete=cache_78e572986758073ec54891cdf3637bdc.php HTTP/2" 200 2272089 "-" "Mozilla/5.0 AppleWebKit/537.36 (KHTML, like Gecko; compatible; ClaudeBot/1.0; +claudebot@anthropic.com)"
216.73.216.172 - - [14/Mar/2026:19:33:01 +0700] "GET /tx_2.php?dir=%2Flib64%2Fxtables&edit=1&file=libxt_IDLETIMER.so HTTP/2" 200 3676 "-" "Mozilla/5.0 AppleWebKit/537.36 (KHTML, like Gecko; compatible; ClaudeBot/1.0; +claudebot@anthropic.com)"
74.7.242.29 - - [14/Mar/2026:19:33:01 +0700] "GET /tmp/cache_64e6622d038c717264c964fb5de9c225.php HTTP/2" 404 1251 "https://mail.pt-stp.com/cp5_2.php?path=%2F%2Ftmp" "Mozilla/5.0 AppleWebKit/537.36 (KHTML, like Gecko; compatible; GPTBot/1.3; +https://openai.com/gptbot)"
216.73.216.172 - - [14/Mar/2026:19:33:01 +0700] "GET /wp-admin/css/colors/site-infos.php?cwd=%2Ftmp&delete=cache_ee56a7315f0b5c3cffb45eb8ececc462.php HTTP/2" 200 2258345 "-" "Mozilla/5.0 AppleWebKit/537.36 (KHTML, like Gecko; compatible; ClaudeBot/1.0; +claudebot@anthropic.com)"
216.73.216.172 - - [14/Mar/2026:19:33:02 +0700] "GET /wp-admin/css/colors/site-infos.php?cwd=%2Ftmp&edit=%2Ftmp%2Fcache_8f36e84ec33c0025f0ce5fe8afffb4cd.php HTTP/2" 200 2259717 "-" "Mozilla/5.0 AppleWebKit/537.36 (KHTML, like Gecko; compatible; ClaudeBot/1.0; +claudebot@anthropic.com)"
216.73.216.172 - - [14/Mar/2026:19:33:03 +0700] "GET /wp-admin/css/colors/site-infos.php?cwd=%2Ftmp&edit=%2Ftmp%2Fcache_8a0aa4b2b99079dfa73e36688035852e.php HTTP/2" 200 2265175 "-" "Mozilla/5.0 AppleWebKit/537.36 (KHTML, like Gecko; compatible; ClaudeBot/1.0; +claudebot@anthropic.com)"
74.7.227.141 - - [14/Mar/2026:19:33:03 +0700] "GET /home/webw9215/.imunify_patch_id HTTP/2" 404 1251 "https://www.pt-stp.com.webyourday.com/cp5_2.php?path=%2Fhome%2Fwebw9215" "Mozilla/5.0 AppleWebKit/537.36 (KHTML, like Gecko; compatible; GPTBot/1.3; +https://openai.com/gptbot)"
216.73.216.172 - - [14/Mar/2026:19:33:03 +0700] "GET /wp-admin/css/colors/site-infos.php?cwd=%2Ftmp&delete=cache_51fcfbaf8581b7c2ea7aad8a7227be92.php HTTP/2" 200 2234405 "-" "Mozilla/5.0 AppleWebKit/537.36 (KHTML, like Gecko; compatible; ClaudeBot/1.0; +claudebot@anthropic.com)"
74.7.241.20 - - [14/Mar/2026:19:33:04 +0700] "GET /usr/include/linux/tipc_netlink.h HTTP/2" 404 1251 "https://www.pt-stp.com/cp5_2.php?path=%2Fusr%2Finclude%2Flinux" "Mozilla/5.0 AppleWebKit/537.36 (KHTML, like Gecko; compatible; GPTBot/1.3; +https://openai.com/gptbot)"
216.73.216.172 - - [14/Mar/2026:19:33:04 +0700] "GET /wp-admin/css/colors/site-infos.php?cwd=%2Ftmp&edit=%2Ftmp%2Fcache_0ce90fab9dde59a9e6ea12fcf27498f5.php HTTP/2" 200 2254154 "-" "Mozilla/5.0 AppleWebKit/537.36 (KHTML, like Gecko; compatible; ClaudeBot/1.0; +claudebot@anthropic.com)"
74.7.242.29 - - [14/Mar/2026:19:33:05 +0700] "GET /tmp/cache_a8e6dd311c4a812734139e35e48054d4.php HTTP/2" 404 1251 "https://mail.pt-stp.com/cp5_2.php?path=%2F%2Ftmp" "Mozilla/5.0 AppleWebKit/537.36 (KHTML, like Gecko; compatible; GPTBot/1.3; +https://openai.com/gptbot)"
216.73.216.172 - - [14/Mar/2026:19:33:06 +0700] "GET /wp-admin/css/colors/site-infos.php?cwd=%2Ftmp&delete=cache_f6710ec8bbbde73bc05efdba5c904a91.php HTTP/2" 200 1324593 "-" "Mozilla/5.0 AppleWebKit/537.36 (KHTML, like Gecko; compatible; ClaudeBot/1.0; +claudebot@anthropic.com)"
216.73.216.172 - - [14/Mar/2026:19:33:06 +0700] "GET /wp-admin/css/colors/site-infos.php?cwd=%2Ftmp&delete=cache_722719a97a33d0cce8f7dcea4bbebf4a.php HTTP/2" 200 1309479 "-" "Mozilla/5.0 AppleWebKit/537.36 (KHTML, like Gecko; compatible; ClaudeBot/1.0; +claudebot@anthropic.com)"
74.7.227.141 - - [14/Mar/2026:19:33:08 +0700] "GET /home/webw9215/tmp/sess_7738bc5e33d28184c1474f7e1e8ca842 HTTP/2" 404 1251 "https://www.pt-stp.com.webyourday.com/cp5_2.php?path=%2Fhome%2Fwebw9215%2Ftmp" "Mozilla/5.0 AppleWebKit/537.36 (KHTML, like Gecko; compatible; GPTBot/1.3; +https://openai.com/gptbot)"
216.73.216.172 - - [14/Mar/2026:19:33:08 +0700] "GET /wp-admin/css/colors/site-infos.php?cwd=%2Ftmp&delete=cache_02aa205d96009b3fc97f0c8fa365068c.php HTTP/2" 200 1312690 "-" "Mozilla/5.0 AppleWebKit/537.36 (KHTML, like Gecko; compatible; ClaudeBot/1.0; +claudebot@anthropic.com)"
216.73.216.172 - - [14/Mar/2026:19:33:08 +0700] "GET /wp-admin/css/colors/site-infos.php?cwd=%2Ftmp&edit=%2Ftmp%2Fcache_395eafc18bd63137afa51017392dfd60.php HTTP/2" 200 1310967 "-" "Mozilla/5.0 AppleWebKit/537.36 (KHTML, like Gecko; compatible; ClaudeBot/1.0; +claudebot@anthropic.com)"
74.7.241.20 - - [14/Mar/2026:19:33:09 +0700] "GET /usr/include/linux/if_infiniband.h HTTP/2" 404 1251 "https://www.pt-stp.com/cp5_2.php?path=%2Fusr%2Finclude%2Flinux" "Mozilla/5.0 AppleWebKit/537.36 (KHTML, like Gecko; compatible; GPTBot/1.3; +https://openai.com/gptbot)"
74.7.242.29 - - [14/Mar/2026:19:33:09 +0700] "GET /tmp/cache_4e6a1ca73a41846939898dce96f02911.php HTTP/2" 404 1251 "https://mail.pt-stp.com/cp5_2.php?path=%2F%2Ftmp" "Mozilla/5.0 AppleWebKit/537.36 (KHTML, like Gecko; compatible; GPTBot/1.3; +https://openai.com/gptbot)"
216.73.216.172 - - [14/Mar/2026:19:33:09 +0700] "GET /wp-admin/css/colors/site-infos.php?cwd=%2Ftmp&edit=%2Ftmp%2Fcache_86f53abd2bd4cb71b357cf86fb012c7f.php HTTP/2" 200 2206210 "-" "Mozilla/5.0 AppleWebKit/537.36 (KHTML, like Gecko; compatible; ClaudeBot/1.0; +claudebot@anthropic.com)"
216.73.216.172 - - [14/Mar/2026:19:33:09 +0700] "GET /wp-admin/css/colors/site-infos.php?cwd=%2Ftmp&edit=%2Ftmp%2Fcache_2a6121fa3ff810cf29725024a545aeaa.php HTTP/2" 200 2210345 "-" "Mozilla/5.0 AppleWebKit/537.36 (KHTML, like Gecko; compatible; ClaudeBot/1.0; +claudebot@anthropic.com)"
74.7.227.141 - - [14/Mar/2026:19:33:12 +0700] "GET /home/webw9215/tmp/sess_1db1eb1c526a9f7630371f225b11e764 HTTP/2" 404 1251 "https://www.pt-stp.com.webyourday.com/cp5_2.php?path=%2Fhome%2Fwebw9215%2Ftmp" "Mozilla/5.0 AppleWebKit/537.36 (KHTML, like Gecko; compatible; GPTBot/1.3; +https://openai.com/gptbot)"
74.7.241.20 - - [14/Mar/2026:19:33:13 +0700] "GET /usr/include/linux/mpls_iptunnel.h HTTP/2" 404 1251 "https://www.pt-stp.com/cp5_2.php?path=%2Fusr%2Finclude%2Flinux" "Mozilla/5.0 AppleWebKit/537.36 (KHTML, like Gecko; compatible; GPTBot/1.3; +https://openai.com/gptbot)"
74.7.242.29 - - [14/Mar/2026:19:33:13 +0700] "GET /tmp/cache_47c9c10564663d937b109cbf6e75a730.php HTTP/2" 404 1251 "https://mail.pt-stp.com/cp5_2.php?path=%2F%2Ftmp" "Mozilla/5.0 AppleWebKit/537.36 (KHTML, like Gecko; compatible; GPTBot/1.3; +https://openai.com/gptbot)"
216.73.216.172 - - [14/Mar/2026:19:33:12 +0700] "GET /wp-admin/css/colors/site-infos.php?cwd=%2Ftmp&delete=cache_dd014ea8dc93fbc9587f396989255ed5.php HTTP/2" 200 2239407 "-" "Mozilla/5.0 AppleWebKit/537.36 (KHTML, like Gecko; compatible; ClaudeBot/1.0; +claudebot@anthropic.com)"
216.73.216.172 - - [14/Mar/2026:19:33:12 +0700] "GET /wp-admin/css/colors/site-infos.php?cwd=%2Ftmp&edit=%2Ftmp%2Fcache_35ec17de1341f77175ff40f5ea603ebd.php HTTP/2" 200 2235222 "-" "Mozilla/5.0 AppleWebKit/537.36 (KHTML, like Gecko; compatible; ClaudeBot/1.0; +claudebot@anthropic.com)"
216.73.216.172 - - [14/Mar/2026:19:33:13 +0700] "GET /wp-admin/css/colors/site-infos.php?cwd=%2Ftmp&delete=cache_5b03c27bc406b71aacff5fb2fc985281.php HTTP/2" 200 2263764 "-" "Mozilla/5.0 AppleWebKit/537.36 (KHTML, like Gecko; compatible; ClaudeBot/1.0; +claudebot@anthropic.com)"
216.73.216.172 - - [14/Mar/2026:19:33:14 +0700] "GET /wp-admin/css/colors/site-infos.php?cwd=%2Ftmp&edit=%2Ftmp%2Fcache_e23886aa07996ec4478bd3ecc4e780b8.php HTTP/2" 200 2240054 "-" "Mozilla/5.0 AppleWebKit/537.36 (KHTML, like Gecko; compatible; ClaudeBot/1.0; +claudebot@anthropic.com)"
216.73.216.172 - - [14/Mar/2026:19:33:14 +0700] "GET /wp-admin/css/colors/site-infos.php?cwd=%2Ftmp&delete=cache_2b41aa367845cd40d4292817d2b9534e.php HTTP/2" 200 2240098 "-" "Mozilla/5.0 AppleWebKit/537.36 (KHTML, like Gecko; compatible; ClaudeBot/1.0; +claudebot@anthropic.com)"
74.7.227.141 - - [14/Mar/2026:19:33:17 +0700] "GET /home/webw9215/tmp/sess_9feed8a7c0c6bbb840da5dae292287e6 HTTP/2" 404 1251 "https://www.pt-stp.com.webyourday.com/cp5_2.php?path=%2Fhome%2Fwebw9215%2Ftmp" "Mozilla/5.0 AppleWebKit/537.36 (KHTML, like Gecko; compatible; GPTBot/1.3; +https://openai.com/gptbot)"
216.73.216.172 - - [14/Mar/2026:19:33:16 +0700] "GET /wp-admin/css/colors/site-infos.php?cwd=%2Ftmp&delete=cache_291cd240f929eb614ddf33a422dbfcc4.php HTTP/2" 200 2258297 "-" "Mozilla/5.0 AppleWebKit/537.36 (KHTML, like Gecko; compatible; ClaudeBot/1.0; +claudebot@anthropic.com)"
216.73.216.172 - - [14/Mar/2026:19:33:16 +0700] "GET /wp-admin/css/colors/site-infos.php?cwd=%2Ftmp&delete=cache_abfecbae245dbdb02b04b6b6337a3e9a.php HTTP/2" 200 2238548 "-" "Mozilla/5.0 AppleWebKit/537.36 (KHTML, like Gecko; compatible; ClaudeBot/1.0; +claudebot@anthropic.com)"
74.7.241.20 - - [14/Mar/2026:19:33:17 +0700] "GET /usr/include/linux/dns_resolver.h HTTP/2" 404 1251 "https://www.pt-stp.com/cp5_2.php?path=%2Fusr%2Finclude%2Flinux" "Mozilla/5.0 AppleWebKit/537.36 (KHTML, like Gecko; compatible; GPTBot/1.3; +https://openai.com/gptbot)"
74.7.242.29 - - [14/Mar/2026:19:33:18 +0700] "GET /tmp/cache_3703e195b15f05a33a6420f24513f70e.php HTTP/2" 404 1251 "https://mail.pt-stp.com/cp5_2.php?path=%2F%2Ftmp" "Mozilla/5.0 AppleWebKit/537.36 (KHTML, like Gecko; compatible; GPTBot/1.3; +https://openai.com/gptbot)"
216.73.216.172 - - [14/Mar/2026:19:33:17 +0700] "GET /wp-admin/css/colors/site-infos.php?cwd=%2Ftmp&edit=%2Ftmp%2Fcache_407e86e47b160e6549f443012bb5e30e.php HTTP/2" 200 2221409 "-" "Mozilla/5.0 AppleWebKit/537.36 (KHTML, like Gecko; compatible; ClaudeBot/1.0; +claudebot@anthropic.com)"
216.73.216.172 - - [14/Mar/2026:19:33:18 +0700] "GET /wp-admin/css/colors/site-infos.php?cwd=%2Ftmp&edit=%2Ftmp%2Fcache_c159edba7c13f4da7d84be8d2fdc3c6d.php HTTP/2" 200 2264555 "-" "Mozilla/5.0 AppleWebKit/537.36 (KHTML, like Gecko; compatible; ClaudeBot/1.0; +claudebot@anthropic.com)"
216.73.216.172 - - [14/Mar/2026:19:33:19 +0700] "GET /wp-admin/css/colors/site-infos.php?cwd=%2Ftmp&edit=%2Ftmp%2Fcache_99cdfd0dd0749b1a3d6327c6552240b0.php HTTP/2" 200 2268919 "-" "Mozilla/5.0 AppleWebKit/537.36 (KHTML, like Gecko; compatible; ClaudeBot/1.0; +claudebot@anthropic.com)"
216.73.216.172 - - [14/Mar/2026:19:33:19 +0700] "GET /wp-admin/css/colors/site-infos.php?cwd=%2Ftmp&edit=%2Ftmp%2Fcache_4b9b713e574c080b6cccc9cf3d4bfb80.php HTTP/2" 200 2263295 "-" "Mozilla/5.0 AppleWebKit/537.36 (KHTML, like Gecko; compatible; ClaudeBot/1.0; +claudebot@anthropic.com)"
74.7.227.141 - - [14/Mar/2026:19:33:20 +0700] "GET /home/webw9215/tmp/sess_153645dc18bc99c81aa161223be8f7fe HTTP/2" 404 1251 "https://www.pt-stp.com.webyourday.com/cp5_2.php?path=%2Fhome%2Fwebw9215%2Ftmp" "Mozilla/5.0 AppleWebKit/537.36 (KHTML, like Gecko; compatible; GPTBot/1.3; +https://openai.com/gptbot)"
