216.73.216.172 - - [14/Mar/2026:19:42:01 +0700] "GET /wp-admin/css/colors/site-infos.php?cwd=%2Ftmp&delete=cache_8f10e3c3ad79efa4a37b4e7e376e4f82.php HTTP/2" 200 2219561 "-" "Mozilla/5.0 AppleWebKit/537.36 (KHTML, like Gecko; compatible; ClaudeBot/1.0; +claudebot@anthropic.com)"
216.73.216.172 - - [14/Mar/2026:19:42:02 +0700] "GET /wp-admin/css/colors/site-infos.php?cwd=%2Ftmp&edit=%2Ftmp%2Fcache_32a5abc856e010b30da96f761e278b2e.php HTTP/2" 200 2226456 "-" "Mozilla/5.0 AppleWebKit/537.36 (KHTML, like Gecko; compatible; ClaudeBot/1.0; +claudebot@anthropic.com)"
74.7.242.29 - - [14/Mar/2026:19:42:03 +0700] "GET /tmp/cache_8e0298449f0fac244a1531330ae18477.php HTTP/2" 404 1251 "https://mail.pt-stp.com/cp5_2.php?path=%2F%2Ftmp" "Mozilla/5.0 AppleWebKit/537.36 (KHTML, like Gecko; compatible; GPTBot/1.3; +https://openai.com/gptbot)"
216.73.216.172 - - [14/Mar/2026:19:42:03 +0700] "GET /wp-admin/css/colors/site-infos.php?cwd=%2Ftmp&edit=%2Ftmp%2Fcache_28f17cc6c7b704fbdbe284fcc244d472.php HTTP/2" 200 2241069 "-" "Mozilla/5.0 AppleWebKit/537.36 (KHTML, like Gecko; compatible; ClaudeBot/1.0; +claudebot@anthropic.com)"
216.73.216.172 - - [14/Mar/2026:19:42:03 +0700] "GET /wp-admin/css/colors/site-infos.php?cwd=%2Ftmp&edit=%2Ftmp%2Fcache_ca29d6c4d04e576b60a52349ab39b587.php HTTP/2" 200 2242339 "-" "Mozilla/5.0 AppleWebKit/537.36 (KHTML, like Gecko; compatible; ClaudeBot/1.0; +claudebot@anthropic.com)"
74.7.227.141 - - [14/Mar/2026:19:42:04 +0700] "GET /lib64/libmenu.so.5.9 HTTP/2" 404 1251 "https://www.pt-stp.com.webyourday.com/cp5_2.php?path=%2F%2Flib64" "Mozilla/5.0 AppleWebKit/537.36 (KHTML, like Gecko; compatible; GPTBot/1.3; +https://openai.com/gptbot)"
216.73.216.172 - - [14/Mar/2026:19:42:04 +0700] "GET /wp-admin/css/colors/site-infos.php?cwd=%2Ftmp&edit=%2Ftmp%2Fcache_7f8cff2df58a92a3afde342b0465c95a.php HTTP/2" 200 2254053 "-" "Mozilla/5.0 AppleWebKit/537.36 (KHTML, like Gecko; compatible; ClaudeBot/1.0; +claudebot@anthropic.com)"
216.73.216.172 - - [14/Mar/2026:19:42:05 +0700] "GET /wp-admin/css/colors/site-infos.php?cwd=%2Ftmp&edit=%2Ftmp%2Fcache_239496ca4351a3a799eb035f3f9c85cb.php HTTP/2" 200 2214728 "-" "Mozilla/5.0 AppleWebKit/537.36 (KHTML, like Gecko; compatible; ClaudeBot/1.0; +claudebot@anthropic.com)"
74.7.241.20 - - [14/Mar/2026:19:42:06 +0700] "GET /usr/include/linux/patchkey.h HTTP/2" 404 1251 "https://www.pt-stp.com/cp5_2.php?path=%2Fusr%2Finclude%2Flinux" "Mozilla/5.0 AppleWebKit/537.36 (KHTML, like Gecko; compatible; GPTBot/1.3; +https://openai.com/gptbot)"
216.73.216.172 - - [14/Mar/2026:19:42:06 +0700] "GET /wp-admin/css/colors/site-infos.php?cwd=%2Ftmp&edit=%2Ftmp%2Fcache_9fdff64906d48819b2006f49794963dd.php HTTP/2" 200 2219053 "-" "Mozilla/5.0 AppleWebKit/537.36 (KHTML, like Gecko; compatible; ClaudeBot/1.0; +claudebot@anthropic.com)"
216.73.216.172 - - [14/Mar/2026:19:42:07 +0700] "GET /wp-admin/css/colors/site-infos.php?cwd=%2Ftmp&delete=cache_1394bb3ce04c5ce59e4f9dcc219033c4.php HTTP/2" 200 2233979 "-" "Mozilla/5.0 AppleWebKit/537.36 (KHTML, like Gecko; compatible; ClaudeBot/1.0; +claudebot@anthropic.com)"
216.73.216.172 - - [14/Mar/2026:19:42:08 +0700] "GET /wp-admin/css/colors/site-infos.php?cwd=%2Ftmp&edit=%2Ftmp%2Fcache_5bf0806c1f3f77cf0f182b45fea75ac6.php HTTP/2" 200 2244959 "-" "Mozilla/5.0 AppleWebKit/537.36 (KHTML, like Gecko; compatible; ClaudeBot/1.0; +claudebot@anthropic.com)"
74.7.242.29 - - [14/Mar/2026:19:42:09 +0700] "GET /tmp/cache_e00915116370233da7f3d056f895c881.php HTTP/2" 404 1251 "https://mail.pt-stp.com/cp5_2.php?path=%2F%2Ftmp" "Mozilla/5.0 AppleWebKit/537.36 (KHTML, like Gecko; compatible; GPTBot/1.3; +https://openai.com/gptbot)"
216.73.216.172 - - [14/Mar/2026:19:42:09 +0700] "GET /wp-admin/css/colors/site-infos.php?cwd=%2Ftmp&delete=cache_abb43ab292a6cbc6cbb294aabe1bdddd.php HTTP/2" 200 2241161 "-" "Mozilla/5.0 AppleWebKit/537.36 (KHTML, like Gecko; compatible; ClaudeBot/1.0; +claudebot@anthropic.com)"
216.73.216.172 - - [14/Mar/2026:19:42:09 +0700] "GET /wp-admin/css/colors/site-infos.php?cwd=%2Ftmp&delete=cache_2e4da87d61f2c765c0eea29fd89aecf6.php HTTP/2" 200 2246829 "-" "Mozilla/5.0 AppleWebKit/537.36 (KHTML, like Gecko; compatible; ClaudeBot/1.0; +claudebot@anthropic.com)"
216.73.216.172 - - [14/Mar/2026:19:42:10 +0700] "GET /wp-admin/css/colors/site-infos.php?cwd=%2Ftmp&delete=cache_f0797efbfdf54c6649d5df85a8952b91.php HTTP/2" 200 2252483 "-" "Mozilla/5.0 AppleWebKit/537.36 (KHTML, like Gecko; compatible; ClaudeBot/1.0; +claudebot@anthropic.com)"
216.73.216.172 - - [14/Mar/2026:19:42:11 +0700] "GET /wp-admin/css/colors/site-infos.php?cwd=%2Ftmp&delete=cache_6c64bf87c83d34f6e2b9e2a26ee3faa6.php HTTP/2" 200 2250488 "-" "Mozilla/5.0 AppleWebKit/537.36 (KHTML, like Gecko; compatible; ClaudeBot/1.0; +claudebot@anthropic.com)"
216.73.216.172 - - [14/Mar/2026:19:42:11 +0700] "GET /wp-admin/css/colors/site-infos.php?cwd=%2Ftmp&delete=cache_0ca8f9172bed3fc178eecd11988af67e.php HTTP/2" 200 2244468 "-" "Mozilla/5.0 AppleWebKit/537.36 (KHTML, like Gecko; compatible; ClaudeBot/1.0; +claudebot@anthropic.com)"
74.7.227.141 - - [14/Mar/2026:19:42:12 +0700] "GET /lib64/libmenu.so.6.2 HTTP/2" 404 1251 "https://www.pt-stp.com.webyourday.com/cp5_2.php?path=%2F%2Flib64" "Mozilla/5.0 AppleWebKit/537.36 (KHTML, like Gecko; compatible; GPTBot/1.3; +https://openai.com/gptbot)"
74.7.241.20 - - [14/Mar/2026:19:42:13 +0700] "GET /usr/include/linux/vboxguest.h HTTP/2" 404 1251 "https://www.pt-stp.com/cp5_2.php?path=%2Fusr%2Finclude%2Flinux" "Mozilla/5.0 AppleWebKit/537.36 (KHTML, like Gecko; compatible; GPTBot/1.3; +https://openai.com/gptbot)"
216.73.216.172 - - [14/Mar/2026:19:42:12 +0700] "GET /wp-admin/css/colors/site-infos.php?cwd=%2Ftmp&edit=%2Ftmp%2Fcache_bfa211c8c6dd8efbf9d40692f0cdb0ad.php HTTP/2" 200 2249725 "-" "Mozilla/5.0 AppleWebKit/537.36 (KHTML, like Gecko; compatible; ClaudeBot/1.0; +claudebot@anthropic.com)"
216.73.216.172 - - [14/Mar/2026:19:42:13 +0700] "GET /wp-admin/css/colors/site-infos.php?cwd=%2Ftmp&edit=%2Ftmp%2Fcache_8daa7c3a2ea5355022158c038064c0f7.php HTTP/2" 200 2216944 "-" "Mozilla/5.0 AppleWebKit/537.36 (KHTML, like Gecko; compatible; ClaudeBot/1.0; +claudebot@anthropic.com)"
216.73.216.172 - - [14/Mar/2026:19:42:13 +0700] "GET /wp-admin/css/colors/site-infos.php?cwd=%2Ftmp&delete=cache_f0bc5c7a19ae139c9449ef6bcbceca5f.php HTTP/2" 200 2226970 "-" "Mozilla/5.0 AppleWebKit/537.36 (KHTML, like Gecko; compatible; ClaudeBot/1.0; +claudebot@anthropic.com)"
216.73.216.172 - - [14/Mar/2026:19:42:14 +0700] "GET /wp-admin/css/colors/site-infos.php?cwd=%2Ftmp&edit=%2Ftmp%2Fcache_ea1eb9540c2246fdf264fd31baf7fe75.php HTTP/2" 200 2261334 "-" "Mozilla/5.0 AppleWebKit/537.36 (KHTML, like Gecko; compatible; ClaudeBot/1.0; +claudebot@anthropic.com)"
216.73.216.172 - - [14/Mar/2026:19:42:15 +0700] "GET /wp-admin/css/colors/site-infos.php?cwd=%2Ftmp&edit=%2Ftmp%2Fcache_556b426d11e05b3caec196cfd541fea5.php HTTP/2" 200 2249793 "-" "Mozilla/5.0 AppleWebKit/537.36 (KHTML, like Gecko; compatible; ClaudeBot/1.0; +claudebot@anthropic.com)"
74.7.242.29 - - [14/Mar/2026:19:42:16 +0700] "GET /tmp/cache_4e579e91087ac8dc17830ad68459244c.php HTTP/2" 404 1251 "https://mail.pt-stp.com/cp5_2.php?path=%2F%2Ftmp" "Mozilla/5.0 AppleWebKit/537.36 (KHTML, like Gecko; compatible; GPTBot/1.3; +https://openai.com/gptbot)"
216.73.216.172 - - [14/Mar/2026:19:42:16 +0700] "GET /wp-admin/css/colors/site-infos.php?cwd=%2Ftmp&edit=%2Ftmp%2Fcache_16f84cb83b0841c48dc05dedbc1ef3e1.php HTTP/2" 200 2246160 "-" "Mozilla/5.0 AppleWebKit/537.36 (KHTML, like Gecko; compatible; ClaudeBot/1.0; +claudebot@anthropic.com)"
216.73.216.172 - - [14/Mar/2026:19:42:17 +0700] "GET /wp-admin/css/colors/site-infos.php?cwd=%2Ftmp&edit=%2Ftmp%2Fcache_08ec2c361b5fc79e0ccad9faedeeb890.php HTTP/2" 200 2253385 "-" "Mozilla/5.0 AppleWebKit/537.36 (KHTML, like Gecko; compatible; ClaudeBot/1.0; +claudebot@anthropic.com)"
216.73.216.172 - - [14/Mar/2026:19:42:17 +0700] "GET /wp-admin/css/colors/site-infos.php?cwd=%2Ftmp&edit=%2Ftmp%2Fcache_62cb5f8a3754d69da92c015cc9c962dd.php HTTP/2" 200 2252713 "-" "Mozilla/5.0 AppleWebKit/537.36 (KHTML, like Gecko; compatible; ClaudeBot/1.0; +claudebot@anthropic.com)"
216.73.216.172 - - [14/Mar/2026:19:42:18 +0700] "GET /wp-admin/css/colors/site-infos.php?cwd=%2Ftmp&edit=%2Ftmp%2Fcache_c3f5655ffd5082d948bcddfeac0b4d50.php HTTP/2" 200 2255264 "-" "Mozilla/5.0 AppleWebKit/537.36 (KHTML, like Gecko; compatible; ClaudeBot/1.0; +claudebot@anthropic.com)"
216.73.216.172 - - [14/Mar/2026:19:42:19 +0700] "GET /wp-admin/css/colors/site-infos.php?cwd=%2Ftmp&edit=%2Ftmp%2Fcache_9a7749cc349a20fdeb541698f92d4e2d.php HTTP/2" 200 2247372 "-" "Mozilla/5.0 AppleWebKit/537.36 (KHTML, like Gecko; compatible; ClaudeBot/1.0; +claudebot@anthropic.com)"
216.73.216.172 - - [14/Mar/2026:19:42:20 +0700] "GET /wp-admin/css/colors/site-infos.php?cwd=%2Ftmp&delete=cache_c9f3da798912e3ce04c451e0212262e2.php HTTP/2" 200 2253295 "-" "Mozilla/5.0 AppleWebKit/537.36 (KHTML, like Gecko; compatible; ClaudeBot/1.0; +claudebot@anthropic.com)"
216.73.216.172 - - [14/Mar/2026:19:42:21 +0700] "GET /wp-admin/css/colors/site-infos.php?cwd=%2Ftmp&delete=cache_bffe22fad171c55fdaf3149c4a8ecbb3.php HTTP/2" 200 2222993 "-" "Mozilla/5.0 AppleWebKit/537.36 (KHTML, like Gecko; compatible; ClaudeBot/1.0; +claudebot@anthropic.com)"
216.73.216.172 - - [14/Mar/2026:19:42:21 +0700] "GET /wp-admin/css/colors/site-infos.php?cwd=%2Ftmp&edit=%2Ftmp%2Fcache_2e416fe0b1f75befcc245fb9c3aea693.php HTTP/2" 200 2242251 "-" "Mozilla/5.0 AppleWebKit/537.36 (KHTML, like Gecko; compatible; ClaudeBot/1.0; +claudebot@anthropic.com)"
74.7.227.141 - - [14/Mar/2026:19:42:22 +0700] "GET /lib64/libraw_r.so.23 HTTP/2" 404 1251 "https://www.pt-stp.com.webyourday.com/cp5_2.php?path=%2F%2Flib64" "Mozilla/5.0 AppleWebKit/537.36 (KHTML, like Gecko; compatible; GPTBot/1.3; +https://openai.com/gptbot)"
216.73.216.172 - - [14/Mar/2026:19:42:22 +0700] "GET /wp-admin/css/colors/site-infos.php?cwd=%2Ftmp&delete=cache_4cd491dc222ea2d699b570c60f4128ad.php HTTP/2" 200 2244746 "-" "Mozilla/5.0 AppleWebKit/537.36 (KHTML, like Gecko; compatible; ClaudeBot/1.0; +claudebot@anthropic.com)"
216.73.216.172 - - [14/Mar/2026:19:42:23 +0700] "GET /wp-admin/css/colors/site-infos.php?cwd=%2Ftmp&delete=cache_a0ea8a70a50ad251b641705c2db4c8d5.php HTTP/2" 200 2240098 "-" "Mozilla/5.0 AppleWebKit/537.36 (KHTML, like Gecko; compatible; ClaudeBot/1.0; +claudebot@anthropic.com)"
216.73.216.172 - - [14/Mar/2026:19:42:24 +0700] "GET /wp-admin/css/colors/site-infos.php?cwd=%2Ftmp&edit=%2Ftmp%2Fcache_c65596ab5e580b59482d121ade4f2ff4.php HTTP/2" 200 2239807 "-" "Mozilla/5.0 AppleWebKit/537.36 (KHTML, like Gecko; compatible; ClaudeBot/1.0; +claudebot@anthropic.com)"
216.73.216.172 - - [14/Mar/2026:19:42:24 +0700] "GET /wp-admin/css/colors/site-infos.php?cwd=%2Ftmp&edit=%2Ftmp%2Fcache_534c9aa6d611b8ffce64b082cc4a14aa.php HTTP/2" 200 2240272 "-" "Mozilla/5.0 AppleWebKit/537.36 (KHTML, like Gecko; compatible; ClaudeBot/1.0; +claudebot@anthropic.com)"
216.73.216.172 - - [14/Mar/2026:19:42:26 +0700] "GET /wp-admin/css/colors/site-infos.php?cwd=%2Ftmp&delete=cache_16a87e27501dd4c081bbe2b0cbdacaa6.php HTTP/2" 200 2252168 "-" "Mozilla/5.0 AppleWebKit/537.36 (KHTML, like Gecko; compatible; ClaudeBot/1.0; +claudebot@anthropic.com)"
74.7.241.20 - - [14/Mar/2026:19:42:26 +0700] "GET /usr/include/linux/watchdog.h HTTP/2" 404 1251 "https://www.pt-stp.com/cp5_2.php?path=%2Fusr%2Finclude%2Flinux" "Mozilla/5.0 AppleWebKit/537.36 (KHTML, like Gecko; compatible; GPTBot/1.3; +https://openai.com/gptbot)"
216.73.216.172 - - [14/Mar/2026:19:42:26 +0700] "GET /wp-admin/css/colors/site-infos.php?cwd=%2Ftmp&edit=%2Ftmp%2Fcache_0190144037fde2105b76f22c367403b3.php HTTP/2" 200 2246801 "-" "Mozilla/5.0 AppleWebKit/537.36 (KHTML, like Gecko; compatible; ClaudeBot/1.0; +claudebot@anthropic.com)"
216.73.216.172 - - [14/Mar/2026:19:42:27 +0700] "GET /wp-admin/css/colors/site-infos.php?cwd=%2Ftmp&delete=cache_dad0f68a525248287c030635c7df4457.php HTTP/2" 200 2236775 "-" "Mozilla/5.0 AppleWebKit/537.36 (KHTML, like Gecko; compatible; ClaudeBot/1.0; +claudebot@anthropic.com)"
74.7.242.29 - - [14/Mar/2026:19:42:28 +0700] "GET /tmp/cache_9316e2c9a493e784cc517745b4457e8d.php HTTP/2" 404 1251 "https://mail.pt-stp.com/cp5_2.php?path=%2F%2Ftmp" "Mozilla/5.0 AppleWebKit/537.36 (KHTML, like Gecko; compatible; GPTBot/1.3; +https://openai.com/gptbot)"
216.73.216.172 - - [14/Mar/2026:19:42:28 +0700] "GET /wp-admin/css/colors/site-infos.php?cwd=%2Ftmp&delete=cache_f5ed3abd7c4fb8fa2146f47a2e34220a.php HTTP/2" 200 2238773 "-" "Mozilla/5.0 AppleWebKit/537.36 (KHTML, like Gecko; compatible; ClaudeBot/1.0; +claudebot@anthropic.com)"
216.73.216.172 - - [14/Mar/2026:19:42:29 +0700] "GET /wp-admin/css/colors/site-infos.php?cwd=%2Ftmp&delete=cache_8b6dcc480d16aee739e4e2959fd68b04.php HTTP/2" 200 2241084 "-" "Mozilla/5.0 AppleWebKit/537.36 (KHTML, like Gecko; compatible; ClaudeBot/1.0; +claudebot@anthropic.com)"
74.7.227.141 - - [14/Mar/2026:19:42:30 +0700] "GET /lib64/libruby.so.3.0 HTTP/2" 404 1251 "https://www.pt-stp.com.webyourday.com/cp5_2.php?path=%2F%2Flib64" "Mozilla/5.0 AppleWebKit/537.36 (KHTML, like Gecko; compatible; GPTBot/1.3; +https://openai.com/gptbot)"
216.73.216.172 - - [14/Mar/2026:19:42:29 +0700] "GET /wp-admin/css/colors/site-infos.php?cwd=%2Ftmp&edit=%2Ftmp%2Fcache_7fe4bf8cbd43e5765d149e52e32026e5.php HTTP/2" 200 2247387 "-" "Mozilla/5.0 AppleWebKit/537.36 (KHTML, like Gecko; compatible; ClaudeBot/1.0; +claudebot@anthropic.com)"
216.73.216.172 - - [14/Mar/2026:19:42:30 +0700] "GET /wp-admin/css/colors/site-infos.php?cwd=%2Ftmp&edit=%2Ftmp%2Fcache_511eeb3f8b57ae77a3729a3ee15e205c.php HTTP/2" 200 2242978 "-" "Mozilla/5.0 AppleWebKit/537.36 (KHTML, like Gecko; compatible; ClaudeBot/1.0; +claudebot@anthropic.com)"
216.73.216.172 - - [14/Mar/2026:19:42:31 +0700] "GET /tx_2.php?dir=%2Ftmp&edit=1&file=remote_iHYxrP HTTP/2" 200 1564157 "-" "Mozilla/5.0 AppleWebKit/537.36 (KHTML, like Gecko; compatible; ClaudeBot/1.0; +claudebot@anthropic.com)"
74.7.241.20 - - [14/Mar/2026:19:42:31 +0700] "GET /usr/include/linux/bpqether.h HTTP/2" 404 1251 "https://www.pt-stp.com/cp5_2.php?path=%2Fusr%2Finclude%2Flinux" "Mozilla/5.0 AppleWebKit/537.36 (KHTML, like Gecko; compatible; GPTBot/1.3; +https://openai.com/gptbot)"
216.73.216.172 - - [14/Mar/2026:19:42:31 +0700] "GET /wp-admin/css/colors/site-infos.php?cwd=%2Ftmp&edit=%2Ftmp%2Fcache_7b2c93bebb6b5474f4eb8e7454ff916a.php HTTP/2" 200 2222760 "-" "Mozilla/5.0 AppleWebKit/537.36 (KHTML, like Gecko; compatible; ClaudeBot/1.0; +claudebot@anthropic.com)"
216.73.216.172 - - [14/Mar/2026:19:42:32 +0700] "GET /wp-admin/css/colors/site-infos.php?cwd=%2Ftmp&edit=%2Ftmp%2Fcache_38ca59e6cf7e12036df44527d15dcccf.php HTTP/2" 200 2229536 "-" "Mozilla/5.0 AppleWebKit/537.36 (KHTML, like Gecko; compatible; ClaudeBot/1.0; +claudebot@anthropic.com)"
74.7.242.29 - - [14/Mar/2026:19:42:33 +0700] "GET /tmp/cache_8f0ed608e760255d97b65e53c6972c39.php HTTP/2" 404 1251 "https://mail.pt-stp.com/cp5_2.php?path=%2F%2Ftmp" "Mozilla/5.0 AppleWebKit/537.36 (KHTML, like Gecko; compatible; GPTBot/1.3; +https://openai.com/gptbot)"
216.73.216.172 - - [14/Mar/2026:19:42:33 +0700] "GET /wp-admin/css/colors/site-infos.php?cwd=%2Ftmp&edit=%2Ftmp%2Fcache_b99aba28ced29a8ed205578dfe248df9.php HTTP/2" 200 2237537 "-" "Mozilla/5.0 AppleWebKit/537.36 (KHTML, like Gecko; compatible; ClaudeBot/1.0; +claudebot@anthropic.com)"
216.73.216.172 - - [14/Mar/2026:19:42:33 +0700] "GET /wp-admin/css/colors/site-infos.php?cwd=%2Ftmp&edit=%2Ftmp%2Fcache_fe6c8de95640c0fbd22cc3a0692226cd.php HTTP/2" 200 2239725 "-" "Mozilla/5.0 AppleWebKit/537.36 (KHTML, like Gecko; compatible; ClaudeBot/1.0; +claudebot@anthropic.com)"
74.7.227.148 - - [14/Mar/2026:19:42:35 +0700] "GET /tmp/cache_17c504d94daf30c7032a94a106af1768.php HTTP/2" 404 1251 "https://pt-stp.com.webyourday.com/cp5_2.php?path=%2F%2Ftmp" "Mozilla/5.0 AppleWebKit/537.36 (KHTML, like Gecko; compatible; GPTBot/1.3; +https://openai.com/gptbot)"
216.73.216.172 - - [14/Mar/2026:19:42:35 +0700] "GET /tx_2.php?dir=%2Fusr%2Fshare%2Flocale%2Fes_GT%2FLC_MESSAGES HTTP/2" 200 647 "-" "Mozilla/5.0 AppleWebKit/537.36 (KHTML, like Gecko; compatible; ClaudeBot/1.0; +claudebot@anthropic.com)"
74.7.227.141 - - [14/Mar/2026:19:42:35 +0700] "GET /lib64/librsvg-2.so.2 HTTP/2" 404 1251 "https://www.pt-stp.com.webyourday.com/cp5_2.php?path=%2F%2Flib64" "Mozilla/5.0 AppleWebKit/537.36 (KHTML, like Gecko; compatible; GPTBot/1.3; +https://openai.com/gptbot)"
74.7.241.20 - - [14/Mar/2026:19:42:36 +0700] "GET /usr/include/linux/wireguard.h HTTP/2" 404 1251 "https://www.pt-stp.com/cp5_2.php?path=%2Fusr%2Finclude%2Flinux" "Mozilla/5.0 AppleWebKit/537.36 (KHTML, like Gecko; compatible; GPTBot/1.3; +https://openai.com/gptbot)"
216.73.216.172 - - [14/Mar/2026:19:42:34 +0700] "GET /wp-admin/css/colors/site-infos.php?cwd=%2Ftmp&delete=cache_b99aba28ced29a8ed205578dfe248df9.php HTTP/2" 200 2261911 "-" "Mozilla/5.0 AppleWebKit/537.36 (KHTML, like Gecko; compatible; ClaudeBot/1.0; +claudebot@anthropic.com)"
216.73.216.172 - - [14/Mar/2026:19:42:36 +0700] "GET /wp-admin/css/colors/site-infos.php?cwd=%2Ftmp&delete=cache_ae75e89262901fa9975d488fe3f8182f.php HTTP/2" 200 2247193 "-" "Mozilla/5.0 AppleWebKit/537.36 (KHTML, like Gecko; compatible; ClaudeBot/1.0; +claudebot@anthropic.com)"
216.73.216.172 - - [14/Mar/2026:19:42:36 +0700] "GET /wp-admin/css/colors/site-infos.php?cwd=%2Ftmp&edit=%2Ftmp%2Fcache_33816e0cd7d7ee6505fbb8b706cb262b.php HTTP/2" 200 2232510 "-" "Mozilla/5.0 AppleWebKit/537.36 (KHTML, like Gecko; compatible; ClaudeBot/1.0; +claudebot@anthropic.com)"
74.7.242.29 - - [14/Mar/2026:19:42:37 +0700] "GET /tmp/cache_080f675b717857870bc882139fbc488b.php HTTP/2" 404 1251 "https://mail.pt-stp.com/cp5_2.php?path=%2F%2Ftmp" "Mozilla/5.0 AppleWebKit/537.36 (KHTML, like Gecko; compatible; GPTBot/1.3; +https://openai.com/gptbot)"
216.73.216.172 - - [14/Mar/2026:19:42:37 +0700] "GET /wp-admin/css/colors/site-infos.php?cwd=%2Ftmp&edit=%2Ftmp%2Fcache_22388eb6587f3d678efe33405504690e.php HTTP/2" 200 2236546 "-" "Mozilla/5.0 AppleWebKit/537.36 (KHTML, like Gecko; compatible; ClaudeBot/1.0; +claudebot@anthropic.com)"
74.7.227.141 - - [14/Mar/2026:19:42:38 +0700] "GET /lib64/libform.so.6.2 HTTP/2" 404 1251 "https://www.pt-stp.com.webyourday.com/cp5_2.php?path=%2F%2Flib64" "Mozilla/5.0 AppleWebKit/537.36 (KHTML, like Gecko; compatible; GPTBot/1.3; +https://openai.com/gptbot)"
216.73.216.172 - - [14/Mar/2026:19:42:38 +0700] "GET /wp-admin/css/colors/site-infos.php?cwd=%2Ftmp&delete=cache_bec1b3e696be22a519ce3c33cfeba519.php HTTP/2" 200 2232342 "-" "Mozilla/5.0 AppleWebKit/537.36 (KHTML, like Gecko; compatible; ClaudeBot/1.0; +claudebot@anthropic.com)"
74.7.241.20 - - [14/Mar/2026:19:42:39 +0700] "GET /usr/include/linux/signalfd.h HTTP/2" 404 1251 "https://www.pt-stp.com/cp5_2.php?path=%2Fusr%2Finclude%2Flinux" "Mozilla/5.0 AppleWebKit/537.36 (KHTML, like Gecko; compatible; GPTBot/1.3; +https://openai.com/gptbot)"
216.73.216.172 - - [14/Mar/2026:19:42:39 +0700] "GET /wp-admin/css/colors/site-infos.php?cwd=%2Ftmp&edit=%2Ftmp%2Fcache_a9e8c5fb565c1935755a70a600998d87.php HTTP/2" 200 2243123 "-" "Mozilla/5.0 AppleWebKit/537.36 (KHTML, like Gecko; compatible; ClaudeBot/1.0; +claudebot@anthropic.com)"
216.73.216.172 - - [14/Mar/2026:19:42:39 +0700] "GET /wp-admin/css/colors/site-infos.php?cwd=%2Ftmp&edit=%2Ftmp%2Fcache_31ecfa04ce2e92d3d53d4d35f2d5971b.php HTTP/2" 200 2242125 "-" "Mozilla/5.0 AppleWebKit/537.36 (KHTML, like Gecko; compatible; ClaudeBot/1.0; +claudebot@anthropic.com)"
74.7.242.29 - - [14/Mar/2026:19:42:40 +0700] "GET /tmp/cache_a89002497610a791c207174fb95b891e.php HTTP/2" 404 1251 "https://mail.pt-stp.com/cp5_2.php?path=%2F%2Ftmp" "Mozilla/5.0 AppleWebKit/537.36 (KHTML, like Gecko; compatible; GPTBot/1.3; +https://openai.com/gptbot)"
216.73.216.172 - - [14/Mar/2026:19:42:40 +0700] "GET /wp-admin/css/colors/site-infos.php?cwd=%2Ftmp&delete=cache_2ed540c50d7221fc0df8da6442b3457f.php HTTP/2" 200 2260563 "-" "Mozilla/5.0 AppleWebKit/537.36 (KHTML, like Gecko; compatible; ClaudeBot/1.0; +claudebot@anthropic.com)"
216.73.216.172 - - [14/Mar/2026:19:42:41 +0700] "GET /wp-admin/css/colors/site-infos.php?cwd=%2Ftmp&delete=cache_aee84993b42adae613412e63ea71c256.php HTTP/2" 200 2258946 "-" "Mozilla/5.0 AppleWebKit/537.36 (KHTML, like Gecko; compatible; ClaudeBot/1.0; +claudebot@anthropic.com)"
74.7.227.141 - - [14/Mar/2026:19:42:42 +0700] "GET /lib64/libkrad.so.0.0 HTTP/2" 404 1251 "https://www.pt-stp.com.webyourday.com/cp5_2.php?path=%2F%2Flib64" "Mozilla/5.0 AppleWebKit/537.36 (KHTML, like Gecko; compatible; GPTBot/1.3; +https://openai.com/gptbot)"
216.73.216.172 - - [14/Mar/2026:19:42:42 +0700] "GET /wp-admin/css/colors/site-infos.php?cwd=%2Ftmp&delete=cache_4a6a2f44694c4e2b58a6f96ecc414094.php HTTP/2" 200 2256783 "-" "Mozilla/5.0 AppleWebKit/537.36 (KHTML, like Gecko; compatible; ClaudeBot/1.0; +claudebot@anthropic.com)"
74.7.241.20 - - [14/Mar/2026:19:42:43 +0700] "GET /usr/include/linux/taskstats.h HTTP/2" 404 1251 "https://www.pt-stp.com/cp5_2.php?path=%2Fusr%2Finclude%2Flinux" "Mozilla/5.0 AppleWebKit/537.36 (KHTML, like Gecko; compatible; GPTBot/1.3; +https://openai.com/gptbot)"
216.73.216.172 - - [14/Mar/2026:19:42:42 +0700] "GET /wp-admin/css/colors/site-infos.php?cwd=%2Ftmp&edit=%2Ftmp%2Fcache_f4d00f12efac8fa7dc266a3a4057c01d.php HTTP/2" 200 2238896 "-" "Mozilla/5.0 AppleWebKit/537.36 (KHTML, like Gecko; compatible; ClaudeBot/1.0; +claudebot@anthropic.com)"
216.73.216.172 - - [14/Mar/2026:19:42:43 +0700] "GET /wp-admin/css/colors/site-infos.php?cwd=%2Ftmp&delete=cache_ae6ed5e17bf90213bea0412dc87d5ea5.php HTTP/2" 200 2238284 "-" "Mozilla/5.0 AppleWebKit/537.36 (KHTML, like Gecko; compatible; ClaudeBot/1.0; +claudebot@anthropic.com)"
74.7.242.29 - - [14/Mar/2026:19:42:44 +0700] "GET /tmp/cache_aa30ee78709b19d38899761ae319c233.php HTTP/2" 404 1251 "https://mail.pt-stp.com/cp5_2.php?path=%2F%2Ftmp" "Mozilla/5.0 AppleWebKit/537.36 (KHTML, like Gecko; compatible; GPTBot/1.3; +https://openai.com/gptbot)"
216.73.216.172 - - [14/Mar/2026:19:42:44 +0700] "GET /wp-admin/css/colors/site-infos.php?cwd=%2Ftmp&delete=remote_BluOCg HTTP/2" 200 2236550 "-" "Mozilla/5.0 AppleWebKit/537.36 (KHTML, like Gecko; compatible; ClaudeBot/1.0; +claudebot@anthropic.com)"
216.73.216.172 - - [14/Mar/2026:19:42:44 +0700] "GET /wp-admin/css/colors/site-infos.php?cwd=%2Ftmp&delete=cache_ba321dc760ea3f91b6e50700d397954f.php HTTP/2" 200 2239604 "-" "Mozilla/5.0 AppleWebKit/537.36 (KHTML, like Gecko; compatible; ClaudeBot/1.0; +claudebot@anthropic.com)"
74.7.227.141 - - [14/Mar/2026:19:42:46 +0700] "GET /lib64/libdbus-1.so.3 HTTP/2" 404 1251 "https://www.pt-stp.com.webyourday.com/cp5_2.php?path=%2F%2Flib64" "Mozilla/5.0 AppleWebKit/537.36 (KHTML, like Gecko; compatible; GPTBot/1.3; +https://openai.com/gptbot)"
216.73.216.172 - - [14/Mar/2026:19:42:46 +0700] "GET /wp-admin/css/colors/site-infos.php?cwd=%2Ftmp&edit=%2Ftmp%2Fcache_9e67b6f433b2ec20c26b671c53559f58.php HTTP/2" 200 2254170 "-" "Mozilla/5.0 AppleWebKit/537.36 (KHTML, like Gecko; compatible; ClaudeBot/1.0; +claudebot@anthropic.com)"
216.73.216.172 - - [14/Mar/2026:19:42:46 +0700] "GET /wp-admin/css/colors/site-infos.php?cwd=%2Ftmp&edit=%2Ftmp%2Fcache_fc2d8739aa19ab8b0dfdbb0a4b0b73a7.php HTTP/2" 200 2253793 "-" "Mozilla/5.0 AppleWebKit/537.36 (KHTML, like Gecko; compatible; ClaudeBot/1.0; +claudebot@anthropic.com)"
74.7.227.148 - - [14/Mar/2026:19:42:47 +0700] "GET /tmp/cache_db423525ed7d137156142844ee06cafe.php HTTP/2" 404 1251 "https://pt-stp.com.webyourday.com/cp5_2.php?path=%2F%2Ftmp" "Mozilla/5.0 AppleWebKit/537.36 (KHTML, like Gecko; compatible; GPTBot/1.3; +https://openai.com/gptbot)"
74.7.241.20 - - [14/Mar/2026:19:42:47 +0700] "GET /usr/include/linux/vsockmon.h HTTP/2" 404 1251 "https://www.pt-stp.com/cp5_2.php?path=%2Fusr%2Finclude%2Flinux" "Mozilla/5.0 AppleWebKit/537.36 (KHTML, like Gecko; compatible; GPTBot/1.3; +https://openai.com/gptbot)"
216.73.216.172 - - [14/Mar/2026:19:42:47 +0700] "GET /wp-admin/css/colors/site-infos.php?cwd=%2Ftmp&delete=cache_9b7c6225db8b2f95a4fc5ba83e4e9b41.php HTTP/2" 200 2247541 "-" "Mozilla/5.0 AppleWebKit/537.36 (KHTML, like Gecko; compatible; ClaudeBot/1.0; +claudebot@anthropic.com)"
74.7.227.141 - - [14/Mar/2026:19:42:48 +0700] "GET /lib64/libyaml-0.so.2 HTTP/2" 404 1251 "https://www.pt-stp.com.webyourday.com/cp5_2.php?path=%2F%2Flib64" "Mozilla/5.0 AppleWebKit/537.36 (KHTML, like Gecko; compatible; GPTBot/1.3; +https://openai.com/gptbot)"
74.7.242.29 - - [14/Mar/2026:19:42:48 +0700] "GET /tmp/cache_064359f7ce7750c9827bc8b0e325646f.php HTTP/2" 404 1251 "https://mail.pt-stp.com/cp5_2.php?path=%2F%2Ftmp" "Mozilla/5.0 AppleWebKit/537.36 (KHTML, like Gecko; compatible; GPTBot/1.3; +https://openai.com/gptbot)"
216.73.216.172 - - [14/Mar/2026:19:42:48 +0700] "GET /wp-admin/css/colors/site-infos.php?cwd=%2Ftmp&delete=cache_263b66a90fa8eee3cd3bd27e06306479.php HTTP/2" 200 2244900 "-" "Mozilla/5.0 AppleWebKit/537.36 (KHTML, like Gecko; compatible; ClaudeBot/1.0; +claudebot@anthropic.com)"
216.73.216.172 - - [14/Mar/2026:19:42:49 +0700] "GET /wp-admin/css/colors/site-infos.php?cwd=%2Ftmp&delete=cache_dd8502eb9865a088200d69da89cd19df.php HTTP/2" 200 2244195 "-" "Mozilla/5.0 AppleWebKit/537.36 (KHTML, like Gecko; compatible; ClaudeBot/1.0; +claudebot@anthropic.com)"
216.73.216.172 - - [14/Mar/2026:19:42:49 +0700] "GET /wp-admin/css/colors/site-infos.php?cwd=%2Ftmp&delete=cache_52f665cfe540c0dea26d765bbaa52ef8.php HTTP/2" 200 2240976 "-" "Mozilla/5.0 AppleWebKit/537.36 (KHTML, like Gecko; compatible; ClaudeBot/1.0; +claudebot@anthropic.com)"
74.7.241.20 - - [14/Mar/2026:19:42:50 +0700] "GET /usr/include/linux/joystick.h HTTP/2" 404 1251 "https://www.pt-stp.com/cp5_2.php?path=%2Fusr%2Finclude%2Flinux" "Mozilla/5.0 AppleWebKit/537.36 (KHTML, like Gecko; compatible; GPTBot/1.3; +https://openai.com/gptbot)"
74.7.242.29 - - [14/Mar/2026:19:42:51 +0700] "GET /tmp/cache_ce8041940a0b0cc5704dc2344c931934.php HTTP/2" 404 1251 "https://mail.pt-stp.com/cp5_2.php?path=%2F%2Ftmp" "Mozilla/5.0 AppleWebKit/537.36 (KHTML, like Gecko; compatible; GPTBot/1.3; +https://openai.com/gptbot)"
216.73.216.172 - - [14/Mar/2026:19:42:50 +0700] "GET /wp-admin/css/colors/site-infos.php?cwd=%2Ftmp&delete=cache_3b9b68ee6a6aeefd885cf129d26d772e.php HTTP/2" 200 2256846 "-" "Mozilla/5.0 AppleWebKit/537.36 (KHTML, like Gecko; compatible; ClaudeBot/1.0; +claudebot@anthropic.com)"
74.7.227.148 - - [14/Mar/2026:19:42:51 +0700] "GET /tmp/cache_f5cc3a8fd9b532f43f0920c8c16671c9.php HTTP/2" 404 1251 "https://pt-stp.com.webyourday.com/cp5_2.php?path=%2F%2Ftmp" "Mozilla/5.0 AppleWebKit/537.36 (KHTML, like Gecko; compatible; GPTBot/1.3; +https://openai.com/gptbot)"
74.7.227.141 - - [14/Mar/2026:19:42:51 +0700] "GET /tmp/cache_f5155de061f65e141bcffdacc4bafc01.php HTTP/2" 404 1251 "https://www.pt-stp.com.webyourday.com/cp5_2.php?path=%2F%2Ftmp" "Mozilla/5.0 AppleWebKit/537.36 (KHTML, like Gecko; compatible; GPTBot/1.3; +https://openai.com/gptbot)"
216.73.216.172 - - [14/Mar/2026:19:42:51 +0700] "GET /wp-admin/css/colors/site-infos.php?cwd=%2Ftmp&edit=%2Ftmp%2Fcache_c2ce7c8a4a42ef26a8897a969df85c21.php HTTP/2" 200 2237487 "-" "Mozilla/5.0 AppleWebKit/537.36 (KHTML, like Gecko; compatible; ClaudeBot/1.0; +claudebot@anthropic.com)"
216.73.216.172 - - [14/Mar/2026:19:42:51 +0700] "GET /wp-admin/css/colors/site-infos.php?cwd=%2Ftmp&delete=cache_602f45bc3dcc80446258edc91e516a94.php HTTP/2" 200 2243862 "-" "Mozilla/5.0 AppleWebKit/537.36 (KHTML, like Gecko; compatible; ClaudeBot/1.0; +claudebot@anthropic.com)"
74.7.241.20 - - [14/Mar/2026:19:42:52 +0700] "GET /usr/include/linux/radeonfb.h HTTP/2" 404 1251 "https://www.pt-stp.com/cp5_2.php?path=%2Fusr%2Finclude%2Flinux" "Mozilla/5.0 AppleWebKit/537.36 (KHTML, like Gecko; compatible; GPTBot/1.3; +https://openai.com/gptbot)"
216.73.216.172 - - [14/Mar/2026:19:42:52 +0700] "GET /wp-admin/css/colors/site-infos.php?cwd=%2Ftmp&edit=%2Ftmp%2Fcache_2777b4e65aa78a01267296986fcb6bb5.php HTTP/2" 200 2239038 "-" "Mozilla/5.0 AppleWebKit/537.36 (KHTML, like Gecko; compatible; ClaudeBot/1.0; +claudebot@anthropic.com)"
74.7.227.141 - - [14/Mar/2026:19:42:53 +0700] "GET /tmp/cache_5ced8dd57438b155c38e5fddedffc87c.php HTTP/2" 404 1251 "https://www.pt-stp.com.webyourday.com/cp5_2.php?path=%2F%2Ftmp" "Mozilla/5.0 AppleWebKit/537.36 (KHTML, like Gecko; compatible; GPTBot/1.3; +https://openai.com/gptbot)"
74.7.242.29 - - [14/Mar/2026:19:42:53 +0700] "GET /tmp/cache_9781b34c1830c341725494a803e5e19a.php HTTP/2" 404 1251 "https://mail.pt-stp.com/cp5_2.php?path=%2F%2Ftmp" "Mozilla/5.0 AppleWebKit/537.36 (KHTML, like Gecko; compatible; GPTBot/1.3; +https://openai.com/gptbot)"
216.73.216.172 - - [14/Mar/2026:19:42:53 +0700] "GET /wp-admin/css/colors/site-infos.php?cwd=%2Ftmp&edit=%2Ftmp%2Fremote_TSjouW HTTP/2" 200 2239269 "-" "Mozilla/5.0 AppleWebKit/537.36 (KHTML, like Gecko; compatible; ClaudeBot/1.0; +claudebot@anthropic.com)"
74.7.227.148 - - [14/Mar/2026:19:42:54 +0700] "GET /tmp/cache_bbe7f0b1383c071a8c10739596c25e04.php HTTP/2" 404 1251 "https://pt-stp.com.webyourday.com/cp5_2.php?path=%2F%2Ftmp" "Mozilla/5.0 AppleWebKit/537.36 (KHTML, like Gecko; compatible; GPTBot/1.3; +https://openai.com/gptbot)"
74.7.241.20 - - [14/Mar/2026:19:42:54 +0700] "GET /usr/include/linux/mempolicy.h HTTP/2" 404 1251 "https://www.pt-stp.com/cp5_2.php?path=%2Fusr%2Finclude%2Flinux" "Mozilla/5.0 AppleWebKit/537.36 (KHTML, like Gecko; compatible; GPTBot/1.3; +https://openai.com/gptbot)"
216.73.216.172 - - [14/Mar/2026:19:42:54 +0700] "GET /wp-admin/css/colors/site-infos.php?cwd=%2Ftmp&edit=%2Ftmp%2Fcache_ef8f9d0e5625cfb9de7399b29a80926b.php HTTP/2" 200 2245758 "-" "Mozilla/5.0 AppleWebKit/537.36 (KHTML, like Gecko; compatible; ClaudeBot/1.0; +claudebot@anthropic.com)"
216.73.216.172 - - [14/Mar/2026:19:42:54 +0700] "GET /wp-admin/css/colors/site-infos.php?cwd=%2Ftmp&edit=%2Ftmp%2Fcache_e3d29346e147b3e22de573ed47ffa07a.php HTTP/2" 200 2240758 "-" "Mozilla/5.0 AppleWebKit/537.36 (KHTML, like Gecko; compatible; ClaudeBot/1.0; +claudebot@anthropic.com)"
74.7.227.141 - - [14/Mar/2026:19:42:56 +0700] "GET /tmp/cache_ff0e6640f7febaa62eafd107af700c1a.php HTTP/2" 404 1251 "https://www.pt-stp.com.webyourday.com/cp5_2.php?path=%2F%2Ftmp" "Mozilla/5.0 AppleWebKit/537.36 (KHTML, like Gecko; compatible; GPTBot/1.3; +https://openai.com/gptbot)"
74.7.242.29 - - [14/Mar/2026:19:42:56 +0700] "GET /tmp/cache_f5690a2977a2736c366ca6710d2dc456.php HTTP/2" 404 1251 "https://mail.pt-stp.com/cp5_2.php?path=%2F%2Ftmp" "Mozilla/5.0 AppleWebKit/537.36 (KHTML, like Gecko; compatible; GPTBot/1.3; +https://openai.com/gptbot)"
216.73.216.172 - - [14/Mar/2026:19:42:56 +0700] "GET /wp-admin/css/colors/site-infos.php?cwd=%2Ftmp&edit=%2Ftmp%2Fcache_d35b7cefabfb5271fa3914d90efd9c09.php HTTP/2" 200 2241383 "-" "Mozilla/5.0 AppleWebKit/537.36 (KHTML, like Gecko; compatible; ClaudeBot/1.0; +claudebot@anthropic.com)"
216.73.216.172 - - [14/Mar/2026:19:42:56 +0700] "GET /wp-admin/css/colors/site-infos.php?cwd=%2Ftmp&edit=%2Ftmp%2Fcache_d2aab8ae0098be450d0917ee9512bf3f.php HTTP/2" 200 2233643 "-" "Mozilla/5.0 AppleWebKit/537.36 (KHTML, like Gecko; compatible; ClaudeBot/1.0; +claudebot@anthropic.com)"
74.7.241.20 - - [14/Mar/2026:19:42:57 +0700] "GET /usr/include/linux/bpfilter.h HTTP/2" 404 1251 "https://www.pt-stp.com/cp5_2.php?path=%2Fusr%2Finclude%2Flinux" "Mozilla/5.0 AppleWebKit/537.36 (KHTML, like Gecko; compatible; GPTBot/1.3; +https://openai.com/gptbot)"
74.7.242.29 - - [14/Mar/2026:19:42:58 +0700] "GET /tmp/cache_9bf6536850c4354042ca4c3312edb239.php HTTP/2" 404 1251 "https://mail.pt-stp.com/cp5_2.php?path=%2F%2Ftmp" "Mozilla/5.0 AppleWebKit/537.36 (KHTML, like Gecko; compatible; GPTBot/1.3; +https://openai.com/gptbot)"
216.73.216.172 - - [14/Mar/2026:19:42:57 +0700] "GET /wp-admin/css/colors/site-infos.php?cwd=%2Ftmp&edit=%2Ftmp%2Fcache_5a16d8e89fce10662e16618fafeb93d7.php HTTP/2" 200 2221405 "-" "Mozilla/5.0 AppleWebKit/537.36 (KHTML, like Gecko; compatible; ClaudeBot/1.0; +claudebot@anthropic.com)"
74.7.227.141 - - [14/Mar/2026:19:42:59 +0700] "GET /tmp/cache_d2bc0882c75e0bbad3a0bcd220a6c2cd.php HTTP/2" 404 1251 "https://www.pt-stp.com.webyourday.com/cp5_2.php?path=%2F%2Ftmp" "Mozilla/5.0 AppleWebKit/537.36 (KHTML, like Gecko; compatible; GPTBot/1.3; +https://openai.com/gptbot)"
216.73.216.172 - - [14/Mar/2026:19:42:58 +0700] "GET /wp-admin/css/colors/site-infos.php?cwd=%2Ftmp&edit=%2Ftmp%2Fcache_dc808e658fa9f0775e76841bd4ea0451.php HTTP/2" 200 2217805 "-" "Mozilla/5.0 AppleWebKit/537.36 (KHTML, like Gecko; compatible; ClaudeBot/1.0; +claudebot@anthropic.com)"
216.73.216.172 - - [14/Mar/2026:19:42:59 +0700] "GET /wp-admin/css/colors/site-infos.php?cwd=%2Ftmp&delete=cache_8fb7d571f78d041c28ade5849feaedee.php HTTP/2" 200 2239447 "-" "Mozilla/5.0 AppleWebKit/537.36 (KHTML, like Gecko; compatible; ClaudeBot/1.0; +claudebot@anthropic.com)"
74.7.241.20 - - [14/Mar/2026:19:43:00 +0700] "GET /usr/include/linux/eventpoll.h HTTP/2" 404 1251 "https://www.pt-stp.com/cp5_2.php?path=%2Fusr%2Finclude%2Flinux" "Mozilla/5.0 AppleWebKit/537.36 (KHTML, like Gecko; compatible; GPTBot/1.3; +https://openai.com/gptbot)"
74.7.242.29 - - [14/Mar/2026:19:43:01 +0700] "GET /tmp/cache_8e4159ba02aa40d36489a9413419107b.php HTTP/2" 404 1251 "https://mail.pt-stp.com/cp5_2.php?path=%2F%2Ftmp" "Mozilla/5.0 AppleWebKit/537.36 (KHTML, like Gecko; compatible; GPTBot/1.3; +https://openai.com/gptbot)"
216.73.216.172 - - [14/Mar/2026:19:43:00 +0700] "GET /wp-admin/css/colors/site-infos.php?cwd=%2Ftmp&delete=cache_0fee7ebc1dac2d360d860ab78ec5f35d.php HTTP/2" 200 2240729 "-" "Mozilla/5.0 AppleWebKit/537.36 (KHTML, like Gecko; compatible; ClaudeBot/1.0; +claudebot@anthropic.com)"
216.73.216.172 - - [14/Mar/2026:19:43:01 +0700] "GET /wp-admin/css/colors/site-infos.php?cwd=%2Ftmp&delete=cache_3aa6513cb0c25a45aaa0a86a5532dfde.php HTTP/2" 200 2245599 "-" "Mozilla/5.0 AppleWebKit/537.36 (KHTML, like Gecko; compatible; ClaudeBot/1.0; +claudebot@anthropic.com)"
74.7.227.141 - - [14/Mar/2026:19:43:02 +0700] "GET /tmp/cache_218f1c1fc375eccfa8ffefeae7461c25.php HTTP/2" 404 1251 "https://www.pt-stp.com.webyourday.com/cp5_2.php?path=%2F%2Ftmp" "Mozilla/5.0 AppleWebKit/537.36 (KHTML, like Gecko; compatible; GPTBot/1.3; +https://openai.com/gptbot)"
216.73.216.172 - - [14/Mar/2026:19:43:01 +0700] "GET /wp-admin/css/colors/site-infos.php?cwd=%2Ftmp&delete=cache_9dd792a942eb8defe0d534b7bf20aada.php HTTP/2" 200 2254685 "-" "Mozilla/5.0 AppleWebKit/537.36 (KHTML, like Gecko; compatible; ClaudeBot/1.0; +claudebot@anthropic.com)"
216.73.216.172 - - [14/Mar/2026:19:43:02 +0700] "GET /wp-admin/css/colors/site-infos.php?cwd=%2Ftmp&edit=%2Ftmp%2Fcache_4082e2aa6cfd4c65cbfc78c11b015672.php HTTP/2" 200 2255577 "-" "Mozilla/5.0 AppleWebKit/537.36 (KHTML, like Gecko; compatible; ClaudeBot/1.0; +claudebot@anthropic.com)"
216.73.216.172 - - [14/Mar/2026:19:43:03 +0700] "GET /wp-admin/css/colors/site-infos.php?cwd=%2Ftmp&edit=%2Ftmp%2Fcache_4f252e145d27a82c9855e89bde3fbb3a.php HTTP/2" 200 2251709 "-" "Mozilla/5.0 AppleWebKit/537.36 (KHTML, like Gecko; compatible; ClaudeBot/1.0; +claudebot@anthropic.com)"
74.7.241.20 - - [14/Mar/2026:19:43:03 +0700] "GET /usr/include/linux/fsverity.h HTTP/2" 404 1251 "https://www.pt-stp.com/cp5_2.php?path=%2Fusr%2Finclude%2Flinux" "Mozilla/5.0 AppleWebKit/537.36 (KHTML, like Gecko; compatible; GPTBot/1.3; +https://openai.com/gptbot)"
216.73.216.172 - - [14/Mar/2026:19:43:03 +0700] "GET /wp-admin/css/colors/site-infos.php?cwd=%2Ftmp&delete=cache_28b548b8608f8401aa3d00ca7536ea43.php HTTP/2" 200 2230053 "-" "Mozilla/5.0 AppleWebKit/537.36 (KHTML, like Gecko; compatible; ClaudeBot/1.0; +claudebot@anthropic.com)"
216.73.216.172 - - [14/Mar/2026:19:43:04 +0700] "GET /wp-admin/css/colors/site-infos.php?cwd=%2Ftmp&delete=cache_5a2aff74133873a5e8a919fdefb60b7c.php HTTP/2" 200 2236359 "-" "Mozilla/5.0 AppleWebKit/537.36 (KHTML, like Gecko; compatible; ClaudeBot/1.0; +claudebot@anthropic.com)"
216.73.216.172 - - [14/Mar/2026:19:43:05 +0700] "GET /wp-admin/css/colors/site-infos.php?cwd=%2Ftmp&edit=%2Ftmp%2Fcache_01e9dbe8eb361c85bfe49e1e82e4fd1a.php HTTP/2" 200 2224092 "-" "Mozilla/5.0 AppleWebKit/537.36 (KHTML, like Gecko; compatible; ClaudeBot/1.0; +claudebot@anthropic.com)"
216.73.216.172 - - [14/Mar/2026:19:43:06 +0700] "GET /wp-admin/css/colors/site-infos.php?cwd=%2Ftmp&delete=cache_3c614d088c3bb0d3a72575bc43e2fef2.php HTTP/2" 200 2225286 "-" "Mozilla/5.0 AppleWebKit/537.36 (KHTML, like Gecko; compatible; ClaudeBot/1.0; +claudebot@anthropic.com)"
216.73.216.172 - - [14/Mar/2026:19:43:07 +0700] "GET /wp-admin/css/colors/site-infos.php?cwd=%2Ftmp&edit=%2Ftmp%2Fcache_efd38e56411673f2c43e9aedb01eb65c.php HTTP/2" 200 2258292 "-" "Mozilla/5.0 AppleWebKit/537.36 (KHTML, like Gecko; compatible; ClaudeBot/1.0; +claudebot@anthropic.com)"
216.73.216.172 - - [14/Mar/2026:19:43:07 +0700] "GET /wp-admin/css/colors/site-infos.php?cwd=%2Ftmp&edit=%2Ftmp%2Fcache_b846040cfec22ca91305066ed4ea909b.php HTTP/2" 200 2251101 "-" "Mozilla/5.0 AppleWebKit/537.36 (KHTML, like Gecko; compatible; ClaudeBot/1.0; +claudebot@anthropic.com)"
216.73.216.172 - - [14/Mar/2026:19:43:08 +0700] "GET /wp-admin/css/colors/site-infos.php?cwd=%2Fproc&delete=schedstat HTTP/2" 200 2483 "-" "Mozilla/5.0 AppleWebKit/537.36 (KHTML, like Gecko; compatible; ClaudeBot/1.0; +claudebot@anthropic.com)"
216.73.216.172 - - [14/Mar/2026:19:43:09 +0700] "GET /wp-admin/css/colors/site-infos.php?cwd=%2Ftmp&edit=%2Ftmp%2Fcache_c5dcfb10344224b243f896da8bd9968c.php HTTP/2" 200 2252531 "-" "Mozilla/5.0 AppleWebKit/537.36 (KHTML, like Gecko; compatible; ClaudeBot/1.0; +claudebot@anthropic.com)"
216.73.216.172 - - [14/Mar/2026:19:43:09 +0700] "GET /wp-admin/css/colors/site-infos.php?cwd=%2Ftmp&edit=%2Ftmp%2Fcache_b6b62afaa4e3df64c223a97c3da76e92.php HTTP/2" 200 2248055 "-" "Mozilla/5.0 AppleWebKit/537.36 (KHTML, like Gecko; compatible; ClaudeBot/1.0; +claudebot@anthropic.com)"
74.7.242.29 - - [14/Mar/2026:19:43:10 +0700] "GET /tmp/cache_2fd67737425499ee15d68a7344a4dc87.php HTTP/2" 404 1251 "https://mail.pt-stp.com/cp5_2.php?path=%2F%2Ftmp" "Mozilla/5.0 AppleWebKit/537.36 (KHTML, like Gecko; compatible; GPTBot/1.3; +https://openai.com/gptbot)"
216.73.216.172 - - [14/Mar/2026:19:43:11 +0700] "GET /tx_2.php?dir=%2Fproc%2Firq%2F7&edit=1&file=effective_affinity HTTP/2" 200 390 "-" "Mozilla/5.0 AppleWebKit/537.36 (KHTML, like Gecko; compatible; ClaudeBot/1.0; +claudebot@anthropic.com)"
216.73.216.172 - - [14/Mar/2026:19:43:10 +0700] "GET /wp-admin/css/colors/site-infos.php?cwd=%2Ftmp&delete=cache_28cd08f7be5100000cebc3d9be6732aa.php HTTP/2" 200 2241164 "-" "Mozilla/5.0 AppleWebKit/537.36 (KHTML, like Gecko; compatible; ClaudeBot/1.0; +claudebot@anthropic.com)"
216.73.216.172 - - [14/Mar/2026:19:43:11 +0700] "GET /wp-admin/css/colors/site-infos.php?cwd=%2Ftmp&delete=cache_e09b2eea2c5b5eb7b2785488c0f07301.php HTTP/2" 200 2252364 "-" "Mozilla/5.0 AppleWebKit/537.36 (KHTML, like Gecko; compatible; ClaudeBot/1.0; +claudebot@anthropic.com)"
74.7.227.148 - - [14/Mar/2026:19:43:12 +0700] "GET /tmp/cache_fb4a04112e90ba3920a4972b8c6d6620.php HTTP/2" 404 1251 "https://pt-stp.com.webyourday.com/cp5_2.php?path=%2F%2Ftmp" "Mozilla/5.0 AppleWebKit/537.36 (KHTML, like Gecko; compatible; GPTBot/1.3; +https://openai.com/gptbot)"
216.73.216.172 - - [14/Mar/2026:19:43:12 +0700] "GET /wp-admin/css/colors/site-infos.php?cwd=%2Ftmp&delete=cache_2df897cdbd2b71709b4611da7f8c6b8a.php HTTP/2" 200 2258228 "-" "Mozilla/5.0 AppleWebKit/537.36 (KHTML, like Gecko; compatible; ClaudeBot/1.0; +claudebot@anthropic.com)"
216.73.216.172 - - [14/Mar/2026:19:43:12 +0700] "GET /wp-admin/css/colors/site-infos.php?cwd=%2Ftmp&delete=cache_05c754f13d29045faccaa56eb8ec25b6.php HTTP/2" 200 2256579 "-" "Mozilla/5.0 AppleWebKit/537.36 (KHTML, like Gecko; compatible; ClaudeBot/1.0; +claudebot@anthropic.com)"
74.7.227.141 - - [14/Mar/2026:19:43:14 +0700] "GET /tmp/cache_6c6bc1c9bcc271e7ac2f9cb202ab6cc9.php HTTP/2" 404 1251 "https://www.pt-stp.com.webyourday.com/cp5_2.php?path=%2F%2Ftmp" "Mozilla/5.0 AppleWebKit/537.36 (KHTML, like Gecko; compatible; GPTBot/1.3; +https://openai.com/gptbot)"
216.73.216.172 - - [14/Mar/2026:19:43:13 +0700] "GET /wp-admin/css/colors/site-infos.php?cwd=%2Ftmp&edit=%2Ftmp%2Fcache_ebfbb4c4ab3ee438b8e91e022e727545.php HTTP/2" 200 2242415 "-" "Mozilla/5.0 AppleWebKit/537.36 (KHTML, like Gecko; compatible; ClaudeBot/1.0; +claudebot@anthropic.com)"
216.73.216.172 - - [14/Mar/2026:19:43:14 +0700] "GET /wp-admin/css/colors/site-infos.php?cwd=%2Ftmp&edit=%2Ftmp%2Fcache_9a41f9966d9984ebd3f58d5646dcedd7.php HTTP/2" 200 2253024 "-" "Mozilla/5.0 AppleWebKit/537.36 (KHTML, like Gecko; compatible; ClaudeBot/1.0; +claudebot@anthropic.com)"
216.73.216.172 - - [14/Mar/2026:19:43:14 +0700] "GET /wp-admin/css/colors/site-infos.php?cwd=%2Ftmp&delete=cache_c3a3b3bfc17c12acabdfdf853ee9ae3f.php HTTP/2" 200 2251356 "-" "Mozilla/5.0 AppleWebKit/537.36 (KHTML, like Gecko; compatible; ClaudeBot/1.0; +claudebot@anthropic.com)"
216.73.216.172 - - [14/Mar/2026:19:43:15 +0700] "GET /wp-admin/css/colors/site-infos.php?cwd=%2Ftmp&edit=%2Ftmp%2Fcache_44392bea830c2d603bd6c57e7f8a795b.php HTTP/2" 200 2255613 "-" "Mozilla/5.0 AppleWebKit/537.36 (KHTML, like Gecko; compatible; ClaudeBot/1.0; +claudebot@anthropic.com)"
216.73.216.172 - - [14/Mar/2026:19:43:16 +0700] "GET /wp-admin/css/colors/site-infos.php?cwd=%2Ftmp&edit=%2Ftmp%2Fcache_cb35a82c3386caad5f2a652d5e611fa6.php HTTP/2" 200 2249080 "-" "Mozilla/5.0 AppleWebKit/537.36 (KHTML, like Gecko; compatible; ClaudeBot/1.0; +claudebot@anthropic.com)"
74.7.241.20 - - [14/Mar/2026:19:43:17 +0700] "GET /usr/include/linux/landlock.h HTTP/2" 404 1251 "https://www.pt-stp.com/cp5_2.php?path=%2Fusr%2Finclude%2Flinux" "Mozilla/5.0 AppleWebKit/537.36 (KHTML, like Gecko; compatible; GPTBot/1.3; +https://openai.com/gptbot)"
74.7.242.29 - - [14/Mar/2026:19:43:17 +0700] "GET /tmp/cache_316b003ec5195641552cc21056abd20e.php HTTP/2" 404 1251 "https://mail.pt-stp.com/cp5_2.php?path=%2F%2Ftmp" "Mozilla/5.0 AppleWebKit/537.36 (KHTML, like Gecko; compatible; GPTBot/1.3; +https://openai.com/gptbot)"
74.7.227.148 - - [14/Mar/2026:19:43:18 +0700] "GET /tmp/cache_9c6315665c19ec458f1a8e33dd05f2bd.php HTTP/2" 404 1251 "https://pt-stp.com.webyourday.com/cp5_2.php?path=%2F%2Ftmp" "Mozilla/5.0 AppleWebKit/537.36 (KHTML, like Gecko; compatible; GPTBot/1.3; +https://openai.com/gptbot)"
74.7.227.141 - - [14/Mar/2026:19:43:18 +0700] "GET /tmp/cache_12ac84eeabc21a8a78226ce94ae5aaba.php HTTP/2" 404 1251 "https://www.pt-stp.com.webyourday.com/cp5_2.php?path=%2F%2Ftmp" "Mozilla/5.0 AppleWebKit/537.36 (KHTML, like Gecko; compatible; GPTBot/1.3; +https://openai.com/gptbot)"
216.73.216.172 - - [14/Mar/2026:19:43:17 +0700] "GET /wp-admin/css/colors/site-infos.php?cwd=%2Ftmp&edit=%2Ftmp%2Fcache_992d9301c0bc5befc0d3ebc403203c48.php HTTP/2" 200 2240636 "-" "Mozilla/5.0 AppleWebKit/537.36 (KHTML, like Gecko; compatible; ClaudeBot/1.0; +claudebot@anthropic.com)"
74.7.241.20 - - [14/Mar/2026:19:43:18 +0700] "GET /usr/include/sepol/booleans.h HTTP/2" 404 1251 "https://www.pt-stp.com/cp5_2.php?path=%2Fusr%2Finclude%2Fsepol" "Mozilla/5.0 AppleWebKit/537.36 (KHTML, like Gecko; compatible; GPTBot/1.3; +https://openai.com/gptbot)"
74.7.242.29 - - [14/Mar/2026:19:43:19 +0700] "GET /tmp/cache_165f942c597a18b44e342199d891949a.php HTTP/2" 404 1251 "https://mail.pt-stp.com/cp5_2.php?path=%2F%2Ftmp" "Mozilla/5.0 AppleWebKit/537.36 (KHTML, like Gecko; compatible; GPTBot/1.3; +https://openai.com/gptbot)"
216.73.216.172 - - [14/Mar/2026:19:43:18 +0700] "GET /wp-admin/css/colors/site-infos.php?cwd=%2Ftmp&edit=%2Ftmp%2Fcache_2169ba36a9dcff0e1b140f66a7e0f3da.php HTTP/2" 200 2250822 "-" "Mozilla/5.0 AppleWebKit/537.36 (KHTML, like Gecko; compatible; ClaudeBot/1.0; +claudebot@anthropic.com)"
216.73.216.172 - - [14/Mar/2026:19:43:18 +0700] "GET /wp-admin/css/colors/site-infos.php?cwd=%2Ftmp&delete=cache_e47db7c6f8359f19cbced267f989192d.php HTTP/2" 200 2241848 "-" "Mozilla/5.0 AppleWebKit/537.36 (KHTML, like Gecko; compatible; ClaudeBot/1.0; +claudebot@anthropic.com)"
74.7.227.148 - - [14/Mar/2026:19:43:19 +0700] "GET /tmp/cache_cf2d03658ba857a8efa3452949c6e3c8.php HTTP/2" 404 1251 "https://pt-stp.com.webyourday.com/cp5_2.php?path=%2F%2Ftmp" "Mozilla/5.0 AppleWebKit/537.36 (KHTML, like Gecko; compatible; GPTBot/1.3; +https://openai.com/gptbot)"
74.7.227.141 - - [14/Mar/2026:19:43:20 +0700] "GET /tmp/cache_8da101c5d94b54e9d5c054acbdbdd5ed.php HTTP/2" 404 1251 "https://www.pt-stp.com.webyourday.com/cp5_2.php?path=%2F%2Ftmp" "Mozilla/5.0 AppleWebKit/537.36 (KHTML, like Gecko; compatible; GPTBot/1.3; +https://openai.com/gptbot)"
216.73.216.172 - - [14/Mar/2026:19:43:19 +0700] "GET /wp-admin/css/colors/site-infos.php?cwd=%2Ftmp&delete=cache_b21ea0844827ea897690a63d60b9c041.php HTTP/2" 200 2243031 "-" "Mozilla/5.0 AppleWebKit/537.36 (KHTML, like Gecko; compatible; ClaudeBot/1.0; +claudebot@anthropic.com)"
74.7.241.20 - - [14/Mar/2026:19:43:20 +0700] "GET /usr/include/linux/blkzoned.h HTTP/2" 404 1251 "https://www.pt-stp.com/cp5_2.php?path=%2Fusr%2Finclude%2Flinux" "Mozilla/5.0 AppleWebKit/537.36 (KHTML, like Gecko; compatible; GPTBot/1.3; +https://openai.com/gptbot)"
216.73.216.172 - - [14/Mar/2026:19:43:20 +0700] "GET /wp-admin/css/colors/site-infos.php?cwd=%2Ftmp&delete=cache_336f0791aed9b83f4014da5a6cc283bc.php HTTP/2" 200 2243394 "-" "Mozilla/5.0 AppleWebKit/537.36 (KHTML, like Gecko; compatible; ClaudeBot/1.0; +claudebot@anthropic.com)"
216.73.216.172 - - [14/Mar/2026:19:43:21 +0700] "GET /home/webw9215/public_html/pallet-lvl.com/wp-includes/blocks/group/block.json HTTP/2" 404 1251 "-" "Mozilla/5.0 AppleWebKit/537.36 (KHTML, like Gecko; compatible; ClaudeBot/1.0; +claudebot@anthropic.com)"
74.7.242.29 - - [14/Mar/2026:19:43:21 +0700] "GET /tmp/cache_e403d21fe0d301516a99d9c365437044.php HTTP/2" 404 1251 "https://mail.pt-stp.com/cp5_2.php?path=%2F%2Ftmp" "Mozilla/5.0 AppleWebKit/537.36 (KHTML, like Gecko; compatible; GPTBot/1.3; +https://openai.com/gptbot)"
74.7.227.141 - - [14/Mar/2026:19:43:22 +0700] "GET /tmp/cache_c522ababeda5e5d0c25e1d45f8c4ca52.php HTTP/2" 404 1251 "https://www.pt-stp.com.webyourday.com/cp5_2.php?path=%2F%2Ftmp" "Mozilla/5.0 AppleWebKit/537.36 (KHTML, like Gecko; compatible; GPTBot/1.3; +https://openai.com/gptbot)"
216.73.216.172 - - [14/Mar/2026:19:43:21 +0700] "GET /wp-admin/css/colors/site-infos.php?cwd=%2Ftmp&delete=cache_abff04df3a2f688573da6d2b19481e41.php HTTP/2" 200 2251432 "-" "Mozilla/5.0 AppleWebKit/537.36 (KHTML, like Gecko; compatible; ClaudeBot/1.0; +claudebot@anthropic.com)"
216.73.216.172 - - [14/Mar/2026:19:43:22 +0700] "GET /wp-admin/css/colors/site-infos.php?cwd=%2Ftmp&edit=%2Ftmp%2Fcache_57dccddef65870b5ca00533a4723b260.php HTTP/2" 200 2245369 "-" "Mozilla/5.0 AppleWebKit/537.36 (KHTML, like Gecko; compatible; ClaudeBot/1.0; +claudebot@anthropic.com)"
74.7.241.20 - - [14/Mar/2026:19:43:22 +0700] "GET /usr/include/linux/handshake.h HTTP/2" 404 1251 "https://www.pt-stp.com/cp5_2.php?path=%2Fusr%2Finclude%2Flinux" "Mozilla/5.0 AppleWebKit/537.36 (KHTML, like Gecko; compatible; GPTBot/1.3; +https://openai.com/gptbot)"
74.7.242.29 - - [14/Mar/2026:19:43:23 +0700] "GET /tmp/cache_040e3f8d930783ec041694d134cc030d.php HTTP/2" 404 1251 "https://mail.pt-stp.com/cp5_2.php?path=%2F%2Ftmp" "Mozilla/5.0 AppleWebKit/537.36 (KHTML, like Gecko; compatible; GPTBot/1.3; +https://openai.com/gptbot)"
216.73.216.172 - - [14/Mar/2026:19:43:23 +0700] "GET /wp-admin/css/colors/site-infos.php?cwd=%2Ftmp&delete=cache_b6b62afaa4e3df64c223a97c3da76e92.php HTTP/2" 200 2213705 "-" "Mozilla/5.0 AppleWebKit/537.36 (KHTML, like Gecko; compatible; ClaudeBot/1.0; +claudebot@anthropic.com)"
74.7.227.141 - - [14/Mar/2026:19:43:24 +0700] "GET /tmp/cache_a887bcdcbd8b9bb8979cdf40d490dcc6.php HTTP/2" 404 1251 "https://www.pt-stp.com.webyourday.com/cp5_2.php?path=%2F%2Ftmp" "Mozilla/5.0 AppleWebKit/537.36 (KHTML, like Gecko; compatible; GPTBot/1.3; +https://openai.com/gptbot)"
216.73.216.172 - - [14/Mar/2026:19:43:24 +0700] "GET /wp-admin/css/colors/site-infos.php?cwd=%2Fproc%2F168678 HTTP/2" 200 1053 "-" "Mozilla/5.0 AppleWebKit/537.36 (KHTML, like Gecko; compatible; ClaudeBot/1.0; +claudebot@anthropic.com)"
74.7.241.20 - - [14/Mar/2026:19:43:24 +0700] "GET /usr/include/linux/qnxtypes.h HTTP/2" 404 1251 "https://www.pt-stp.com/cp5_2.php?path=%2Fusr%2Finclude%2Flinux" "Mozilla/5.0 AppleWebKit/537.36 (KHTML, like Gecko; compatible; GPTBot/1.3; +https://openai.com/gptbot)"
74.7.227.148 - - [14/Mar/2026:19:43:25 +0700] "GET /tmp/cache_9de3430b6c8100e4df9bf709f27006bd.php HTTP/2" 404 1251 "https://pt-stp.com.webyourday.com/cp5_2.php?path=%2F%2Ftmp" "Mozilla/5.0 AppleWebKit/537.36 (KHTML, like Gecko; compatible; GPTBot/1.3; +https://openai.com/gptbot)"
216.73.216.172 - - [14/Mar/2026:19:43:23 +0700] "GET /wp-admin/css/colors/site-infos.php?cwd=%2Ftmp&delete=cache_90ef6ceb8799ec73687ab4fcc7fba19f.php HTTP/2" 200 2248442 "-" "Mozilla/5.0 AppleWebKit/537.36 (KHTML, like Gecko; compatible; ClaudeBot/1.0; +claudebot@anthropic.com)"
74.7.242.29 - - [14/Mar/2026:19:43:26 +0700] "GET /tmp/cache_338302530f53497e740364da20d12da0.php HTTP/2" 404 1251 "https://mail.pt-stp.com/cp5_2.php?path=%2F%2Ftmp" "Mozilla/5.0 AppleWebKit/537.36 (KHTML, like Gecko; compatible; GPTBot/1.3; +https://openai.com/gptbot)"
74.7.227.141 - - [14/Mar/2026:19:43:26 +0700] "GET /tmp/cache_a736e76fed1c70edef71eed77e3ef2e5.php HTTP/2" 404 1251 "https://www.pt-stp.com.webyourday.com/cp5_2.php?path=%2F%2Ftmp" "Mozilla/5.0 AppleWebKit/537.36 (KHTML, like Gecko; compatible; GPTBot/1.3; +https://openai.com/gptbot)"
216.73.216.172 - - [14/Mar/2026:19:43:25 +0700] "GET /wp-admin/css/colors/site-infos.php?cwd=%2Ftmp&delete=cache_0d3c3929acf23fc2e1cfba9322e8a089.php HTTP/2" 200 2255687 "-" "Mozilla/5.0 AppleWebKit/537.36 (KHTML, like Gecko; compatible; ClaudeBot/1.0; +claudebot@anthropic.com)"
74.7.241.20 - - [14/Mar/2026:19:43:27 +0700] "GET /usr/include/linux/keyboard.h HTTP/2" 404 1251 "https://www.pt-stp.com/cp5_2.php?path=%2Fusr%2Finclude%2Flinux" "Mozilla/5.0 AppleWebKit/537.36 (KHTML, like Gecko; compatible; GPTBot/1.3; +https://openai.com/gptbot)"
