74.7.241.20 - - [14/Mar/2026:19:11:51 +0700] "GET /usr/share/man/man3/UI_set_app_data.3ossl.gz HTTP/2" 404 1251 "https://www.pt-stp.com/cp5_2.php?path=%2Fusr%2Fshare%2Fman%2Fman3" "Mozilla/5.0 AppleWebKit/537.36 (KHTML, like Gecko; compatible; GPTBot/1.3; +https://openai.com/gptbot)"
74.7.242.29 - - [14/Mar/2026:19:11:51 +0700] "GET /tmp/cache_4319f0f7193473876577d2fc3e61877f.php HTTP/2" 404 1251 "https://mail.pt-stp.com/cp5_2.php?path=%2F%2Ftmp" "Mozilla/5.0 AppleWebKit/537.36 (KHTML, like Gecko; compatible; GPTBot/1.3; +https://openai.com/gptbot)"
74.7.227.141 - - [14/Mar/2026:19:11:52 +0700] "GET /tx_2.php?dir=%2Fhome%2Fwebw9215%2Fpublic_html%2Fpallet-lvl.com%2Fwp-content%2Fplugins%2Felementor%2Fassets%2Fshapes&edit=1&file=curve-negative.svg HTTP/2" 200 561 "https://www.pt-stp.com.webyourday.com/tx_2.php?dir=%2Fhome%2Fwebw9215%2Fpublic_html%2Fpallet-lvl.com%2Fwp-content%2Fplugins%2Felementor%2Fassets%2Fshapes" "Mozilla/5.0 AppleWebKit/537.36 (KHTML, like Gecko; compatible; GPTBot/1.3; +https://openai.com/gptbot)"
74.7.241.20 - - [14/Mar/2026:19:11:53 +0700] "GET /usr/share/man/man3/EVP_des_ede_ecb.3ossl.gz HTTP/2" 404 1251 "https://www.pt-stp.com/cp5_2.php?path=%2Fusr%2Fshare%2Fman%2Fman3" "Mozilla/5.0 AppleWebKit/537.36 (KHTML, like Gecko; compatible; GPTBot/1.3; +https://openai.com/gptbot)"
74.7.242.29 - - [14/Mar/2026:19:11:53 +0700] "GET /tmp/cache_12dcc12045fda181066f6722812881ac.php HTTP/2" 404 1251 "https://mail.pt-stp.com/cp5_2.php?path=%2F%2Ftmp" "Mozilla/5.0 AppleWebKit/537.36 (KHTML, like Gecko; compatible; GPTBot/1.3; +https://openai.com/gptbot)"
74.7.227.141 - - [14/Mar/2026:19:11:54 +0700] "GET /tx_2.php?dir=%2Fhome%2Fwebw9215%2Fpublic_html%2Fpallet-lvl.com%2Fwp-content%2Fplugins%2Felementor%2Fassets%2Fshapes&edit=1&file=drops-negative.svg HTTP/2" 200 1497 "https://www.pt-stp.com.webyourday.com/tx_2.php?dir=%2Fhome%2Fwebw9215%2Fpublic_html%2Fpallet-lvl.com%2Fwp-content%2Fplugins%2Felementor%2Fassets%2Fshapes" "Mozilla/5.0 AppleWebKit/537.36 (KHTML, like Gecko; compatible; GPTBot/1.3; +https://openai.com/gptbot)"
216.73.216.172 - - [14/Mar/2026:19:11:55 +0700] "GET /wp-content/plugins/advanced-custom-fields/assets/build/js/acf-escaped-html-notice.js.map HTTP/2" 200 1654 "-" "Mozilla/5.0 AppleWebKit/537.36 (KHTML, like Gecko; compatible; ClaudeBot/1.0; +claudebot@anthropic.com)"
74.7.227.148 - - [14/Mar/2026:19:11:56 +0700] "GET /tmp/cache_e3295dac3350998c8b1968816f2d4bc5.php HTTP/2" 404 1251 "https://pt-stp.com.webyourday.com/cp5_2.php?path=%2F%2Ftmp" "Mozilla/5.0 AppleWebKit/537.36 (KHTML, like Gecko; compatible; GPTBot/1.3; +https://openai.com/gptbot)"
74.7.241.20 - - [14/Mar/2026:19:11:57 +0700] "GET /usr/share/man/man3/EVP_PBE_alg_add.3ossl.gz HTTP/2" 404 1251 "https://www.pt-stp.com/cp5_2.php?path=%2Fusr%2Fshare%2Fman%2Fman3" "Mozilla/5.0 AppleWebKit/537.36 (KHTML, like Gecko; compatible; GPTBot/1.3; +https://openai.com/gptbot)"
74.7.227.141 - - [14/Mar/2026:19:11:58 +0700] "GET /tx_2.php?dir=%2Fhome%2Fwebw9215%2Fpublic_html%2Fpallet-lvl.com%2Fwp-content%2Fplugins%2Felementor%2Fassets%2Fshapes&edit=1&file=waves-pattern.svg HTTP/2" 200 858 "https://www.pt-stp.com.webyourday.com/tx_2.php?dir=%2Fhome%2Fwebw9215%2Fpublic_html%2Fpallet-lvl.com%2Fwp-content%2Fplugins%2Felementor%2Fassets%2Fshapes" "Mozilla/5.0 AppleWebKit/537.36 (KHTML, like Gecko; compatible; GPTBot/1.3; +https://openai.com/gptbot)"
74.7.242.29 - - [14/Mar/2026:19:11:58 +0700] "GET /tmp/cache_1861c4e85dd64d076134ce27397a4484.php HTTP/2" 404 1251 "https://mail.pt-stp.com/cp5_2.php?path=%2F%2Ftmp" "Mozilla/5.0 AppleWebKit/537.36 (KHTML, like Gecko; compatible; GPTBot/1.3; +https://openai.com/gptbot)"
74.7.241.20 - - [14/Mar/2026:19:11:59 +0700] "GET /usr/share/man/man3/SSL_get_ex_data.3ossl.gz HTTP/2" 404 1251 "https://www.pt-stp.com/cp5_2.php?path=%2Fusr%2Fshare%2Fman%2Fman3" "Mozilla/5.0 AppleWebKit/537.36 (KHTML, like Gecko; compatible; GPTBot/1.3; +https://openai.com/gptbot)"
216.73.216.172 - - [14/Mar/2026:19:12:00 +0700] "GET /tx_2.php?dir=%2Fproc%2Firq%2F73%2Fmegasas0-msix37%2F.. HTTP/2" 200 810 "-" "Mozilla/5.0 AppleWebKit/537.36 (KHTML, like Gecko; compatible; ClaudeBot/1.0; +claudebot@anthropic.com)"
74.7.242.29 - - [14/Mar/2026:19:12:01 +0700] "GET /tmp/cache_a9986118f029f45e3227a7a271bb7099.php HTTP/2" 404 1251 "https://mail.pt-stp.com/cp5_2.php?path=%2F%2Ftmp" "Mozilla/5.0 AppleWebKit/537.36 (KHTML, like Gecko; compatible; GPTBot/1.3; +https://openai.com/gptbot)"
74.7.227.141 - - [14/Mar/2026:19:12:02 +0700] "GET /tx_2.php?dir=%2Fhome%2Fwebw9215%2Fpublic_html%2Fwp-admin%2Fjs%2Fwidgets&edit=1&file=text-widgets.js HTTP/2" 200 5865 "https://www.pt-stp.com.webyourday.com/tx_2.php?dir=%2Fhome%2Fwebw9215%2Fpublic_html%2Fwp-admin%2Fjs%2Fwidgets" "Mozilla/5.0 AppleWebKit/537.36 (KHTML, like Gecko; compatible; GPTBot/1.3; +https://openai.com/gptbot)"
74.7.241.20 - - [14/Mar/2026:19:12:04 +0700] "GET /usr/share/man/man3/BIO_get_mem_ptr.3ossl.gz HTTP/2" 404 1251 "https://www.pt-stp.com/cp5_2.php?path=%2Fusr%2Fshare%2Fman%2Fman3" "Mozilla/5.0 AppleWebKit/537.36 (KHTML, like Gecko; compatible; GPTBot/1.3; +https://openai.com/gptbot)"
216.73.216.172 - - [14/Mar/2026:19:12:05 +0700] "GET /tx_2.php?dir=%2Fhome%2Fwebw9215%2Fmail%2Fpt-stp.com%2Fcucu%2F.Sent%2Ftmp%2F.. HTTP/2" 200 794 "-" "Mozilla/5.0 AppleWebKit/537.36 (KHTML, like Gecko; compatible; ClaudeBot/1.0; +claudebot@anthropic.com)"
74.7.227.141 - - [14/Mar/2026:19:12:08 +0700] "GET /tx_2.php?dir=%2Fhome%2Fwebw9215%2Fpublic_html%2Fwp-admin%2Fjs%2Fwidgets&edit=1&file=text-widgets.min.js HTTP/2" 200 2463 "https://www.pt-stp.com.webyourday.com/tx_2.php?dir=%2Fhome%2Fwebw9215%2Fpublic_html%2Fwp-admin%2Fjs%2Fwidgets" "Mozilla/5.0 AppleWebKit/537.36 (KHTML, like Gecko; compatible; GPTBot/1.3; +https://openai.com/gptbot)"
74.7.242.29 - - [14/Mar/2026:19:12:08 +0700] "GET /tmp/cache_58963d49e36c16296188aa2829a5d6a7.php HTTP/2" 404 1251 "https://mail.pt-stp.com/cp5_2.php?path=%2F%2Ftmp" "Mozilla/5.0 AppleWebKit/537.36 (KHTML, like Gecko; compatible; GPTBot/1.3; +https://openai.com/gptbot)"
74.7.241.20 - - [14/Mar/2026:19:12:12 +0700] "GET /home/webw9215/public_html/andalaninti.co.id/wp-content/plugins/cartflows/modules/beaver-builder/cartflows-bb-checkout-form/js/settings-js.php HTTP/2" 404 1251 "https://www.pt-stp.com/cp5_2.php?path=%2Fhome%2Fwebw9215%2Fpublic_html%2Fandalaninti.co.id%2Fwp-content%2Fplugins%2Fcartflows%2Fmodules%2Fbeaver-builder%2Fcartflows-bb-checkout-form%2Fjs" "Mozilla/5.0 AppleWebKit/537.36 (KHTML, like Gecko; compatible; GPTBot/1.3; +https://openai.com/gptbot)"
216.73.216.172 - - [14/Mar/2026:19:12:12 +0700] "GET /tx_2.php?dir=%2Fusr%2Flib64&edit=1&file=libaec.so.0 HTTP/2" 200 12596 "-" "Mozilla/5.0 AppleWebKit/537.36 (KHTML, like Gecko; compatible; ClaudeBot/1.0; +claudebot@anthropic.com)"
216.73.216.172 - - [14/Mar/2026:19:12:12 +0700] "GET /tx_2.php?dir=%2Fusr%2Fshare%2Fmysql%2Fhungarian&edit=1&file=errmsg.sys HTTP/2" 200 27007 "-" "Mozilla/5.0 AppleWebKit/537.36 (KHTML, like Gecko; compatible; ClaudeBot/1.0; +claudebot@anthropic.com)"
216.73.216.172 - - [14/Mar/2026:19:12:12 +0700] "GET /tx_2.php?dir=%2Fhome%2Fwebw9215%2Fpublic_html%2Fpt-stp.com%2Fwp-content%2Fthemes%2Fastra%2Fadmin%2Fincludes%2F.. HTTP/2" 200 785 "-" "Mozilla/5.0 AppleWebKit/537.36 (KHTML, like Gecko; compatible; ClaudeBot/1.0; +claudebot@anthropic.com)"
216.73.216.172 - - [14/Mar/2026:19:12:13 +0700] "GET /tx_2.php?dir=%2Fusr%2Flib%2Fsystemd&edit=1&file=systemd-reply-password HTTP/2" 200 5317 "-" "Mozilla/5.0 AppleWebKit/537.36 (KHTML, like Gecko; compatible; ClaudeBot/1.0; +claudebot@anthropic.com)"
74.7.242.29 - - [14/Mar/2026:19:12:13 +0700] "GET /tmp/cache_327bcb3349075f4307388d4bc279d420.php HTTP/2" 404 1251 "https://mail.pt-stp.com/cp5_2.php?path=%2F%2Ftmp" "Mozilla/5.0 AppleWebKit/537.36 (KHTML, like Gecko; compatible; GPTBot/1.3; +https://openai.com/gptbot)"
216.73.216.172 - - [14/Mar/2026:19:12:13 +0700] "GET /tx_2.php?dir=%2Fusr%2Fshare%2Fzoneinfo&edit=1&file=EST HTTP/2" 200 472 "-" "Mozilla/5.0 AppleWebKit/537.36 (KHTML, like Gecko; compatible; ClaudeBot/1.0; +claudebot@anthropic.com)"
74.7.227.141 - - [14/Mar/2026:19:12:14 +0700] "GET /tx_2.php?dir=%2Fhome%2Fwebw9215%2Fpublic_html%2Fwp-admin%2Fjs%2Fwidgets&edit=1&file=media-widgets.min.js HTTP/2" 200 5345 "https://www.pt-stp.com.webyourday.com/tx_2.php?dir=%2Fhome%2Fwebw9215%2Fpublic_html%2Fwp-admin%2Fjs%2Fwidgets" "Mozilla/5.0 AppleWebKit/537.36 (KHTML, like Gecko; compatible; GPTBot/1.3; +https://openai.com/gptbot)"
216.73.216.172 - - [14/Mar/2026:19:12:14 +0700] "GET /tx_2.php?dir=%2Fusr%2Flib%2Flocale%2Fen_SG HTTP/2" 200 996 "-" "Mozilla/5.0 AppleWebKit/537.36 (KHTML, like Gecko; compatible; ClaudeBot/1.0; +claudebot@anthropic.com)"
216.73.216.172 - - [14/Mar/2026:19:12:14 +0700] "GET /tx_2.php?dir=%2Fusr%2Flib%2Fsysusers.d&edit=1&file=systemd-journal.conf HTTP/2" 200 547 "-" "Mozilla/5.0 AppleWebKit/537.36 (KHTML, like Gecko; compatible; ClaudeBot/1.0; +claudebot@anthropic.com)"
216.73.216.172 - - [14/Mar/2026:19:12:15 +0700] "GET /tx_2.php?dir=%2Fusr%2Flib%2Ffirmware%2Fnvidia%2Fgb100%2Fgsp HTTP/2" 200 777 "-" "Mozilla/5.0 AppleWebKit/537.36 (KHTML, like Gecko; compatible; ClaudeBot/1.0; +claudebot@anthropic.com)"
216.73.216.172 - - [14/Mar/2026:19:12:15 +0700] "GET /tx_2.php?dir=%2Fusr%2Fshare%2Fmysql%2Fchinese&edit=1&file=errmsg.sys HTTP/2" 200 28085 "-" "Mozilla/5.0 AppleWebKit/537.36 (KHTML, like Gecko; compatible; ClaudeBot/1.0; +claudebot@anthropic.com)"
216.73.216.172 - - [14/Mar/2026:19:12:16 +0700] "GET /tx_2.php?dir=%2Flib64%2Fxtables&edit=1&file=libxt_CT.so HTTP/2" 200 6015 "-" "Mozilla/5.0 AppleWebKit/537.36 (KHTML, like Gecko; compatible; ClaudeBot/1.0; +claudebot@anthropic.com)"
216.73.216.172 - - [14/Mar/2026:19:12:16 +0700] "GET /home/webw9215/public_html/wp-includes/blocks/archives/style-rtl.css HTTP/2" 404 1251 "-" "Mozilla/5.0 AppleWebKit/537.36 (KHTML, like Gecko; compatible; ClaudeBot/1.0; +claudebot@anthropic.com)"
216.73.216.172 - - [14/Mar/2026:19:12:17 +0700] "GET /tx_2.php?dir=%2Fusr%2Flib%2Fmodprobe.d&edit=1&file=systemd.conf HTTP/2" 200 765 "-" "Mozilla/5.0 AppleWebKit/537.36 (KHTML, like Gecko; compatible; ClaudeBot/1.0; +claudebot@anthropic.com)"
216.73.216.172 - - [14/Mar/2026:19:12:17 +0700] "GET /home/webw9215/public_html/ansr.co.id/wp-content/plugins/elementor/includes/controls/box-shadow.php HTTP/2" 404 1251 "-" "Mozilla/5.0 AppleWebKit/537.36 (KHTML, like Gecko; compatible; ClaudeBot/1.0; +claudebot@anthropic.com)"
74.7.241.20 - - [14/Mar/2026:19:12:17 +0700] "GET /home/webw9215/public_html/andalaninti.co.id/wp-content/plugins/cartflows/modules/beaver-builder/cartflows-bb-checkout-form/js/settings.js HTTP/2" 404 1251 "https://www.pt-stp.com/cp5_2.php?path=%2Fhome%2Fwebw9215%2Fpublic_html%2Fandalaninti.co.id%2Fwp-content%2Fplugins%2Fcartflows%2Fmodules%2Fbeaver-builder%2Fcartflows-bb-checkout-form%2Fjs" "Mozilla/5.0 AppleWebKit/537.36 (KHTML, like Gecko; compatible; GPTBot/1.3; +https://openai.com/gptbot)"
74.7.227.141 - - [14/Mar/2026:19:12:18 +0700] "GET /tx_2.php?dir=%2Fhome%2Fwebw9215%2Fpublic_html%2Fwp-admin%2Fjs%2Fwidgets&edit=1&file=media-widgets.js HTTP/2" 200 11760 "https://www.pt-stp.com.webyourday.com/tx_2.php?dir=%2Fhome%2Fwebw9215%2Fpublic_html%2Fwp-admin%2Fjs%2Fwidgets" "Mozilla/5.0 AppleWebKit/537.36 (KHTML, like Gecko; compatible; GPTBot/1.3; +https://openai.com/gptbot)"
216.73.216.172 - - [14/Mar/2026:19:12:18 +0700] "GET /home/webw9215/public_html/ansr.co.id/wp-content/plugins/elementor-pro/modules/usage/features-reporter.php HTTP/2" 404 1251 "-" "Mozilla/5.0 AppleWebKit/537.36 (KHTML, like Gecko; compatible; ClaudeBot/1.0; +claudebot@anthropic.com)"
74.7.242.29 - - [14/Mar/2026:19:12:18 +0700] "GET /tmp/cache_0c30c132f47e48156c1aef1673399f49.php HTTP/2" 404 1251 "https://mail.pt-stp.com/cp5_2.php?path=%2F%2Ftmp" "Mozilla/5.0 AppleWebKit/537.36 (KHTML, like Gecko; compatible; GPTBot/1.3; +https://openai.com/gptbot)"
216.73.216.172 - - [14/Mar/2026:19:12:18 +0700] "GET /home/webw9215/public_html/ansr.co.id/wp-content/plugins/elementor-pro/assets/css/editor.min.css HTTP/2" 404 1251 "-" "Mozilla/5.0 AppleWebKit/537.36 (KHTML, like Gecko; compatible; ClaudeBot/1.0; +claudebot@anthropic.com)"
216.73.216.172 - - [14/Mar/2026:19:12:19 +0700] "GET /tx_2.php?dir=%2Fusr%2Flib64&edit=1&file=libcairo-gobject.so.2 HTTP/2" 200 9688 "-" "Mozilla/5.0 AppleWebKit/537.36 (KHTML, like Gecko; compatible; ClaudeBot/1.0; +claudebot@anthropic.com)"
216.73.216.172 - - [14/Mar/2026:19:12:19 +0700] "GET /tx_2.php?dir=%2Fusr%2Fshare%2Fman%2Fpt_BR%2Fman1 HTTP/2" 200 1021 "-" "Mozilla/5.0 AppleWebKit/537.36 (KHTML, like Gecko; compatible; ClaudeBot/1.0; +claudebot@anthropic.com)"
216.73.216.172 - - [14/Mar/2026:19:12:20 +0700] "GET /tx_2.php?dir=%2Fusr%2Flib64&edit=1&file=libharfbuzz.so.0 HTTP/2" 200 358123 "-" "Mozilla/5.0 AppleWebKit/537.36 (KHTML, like Gecko; compatible; ClaudeBot/1.0; +claudebot@anthropic.com)"
216.73.216.172 - - [14/Mar/2026:19:12:20 +0700] "GET /tx_2.php?dir=%2Fusr%2Flib%2Ffirmware%2Fnvidia%2Fga103%2Fgsp HTTP/2" 200 887 "-" "Mozilla/5.0 AppleWebKit/537.36 (KHTML, like Gecko; compatible; ClaudeBot/1.0; +claudebot@anthropic.com)"
216.73.216.172 - - [14/Mar/2026:19:12:22 +0700] "GET /tx_2.php?dir=%2Fopt%2Falt%2Faom%2Fshare%2Flicenses HTTP/2" 200 647 "-" "Mozilla/5.0 AppleWebKit/537.36 (KHTML, like Gecko; compatible; ClaudeBot/1.0; +claudebot@anthropic.com)"
74.7.242.29 - - [14/Mar/2026:19:12:22 +0700] "GET /tmp/cache_9327512152ec67c47ca8875af71ed233.php HTTP/2" 404 1251 "https://mail.pt-stp.com/cp5_2.php?path=%2F%2Ftmp" "Mozilla/5.0 AppleWebKit/537.36 (KHTML, like Gecko; compatible; GPTBot/1.3; +https://openai.com/gptbot)"
216.73.216.172 - - [14/Mar/2026:19:12:22 +0700] "GET /tx_2.php?dir=%2Fusr%2Finclude&edit=1&file=gdfontl.h HTTP/2" 200 731 "-" "Mozilla/5.0 AppleWebKit/537.36 (KHTML, like Gecko; compatible; ClaudeBot/1.0; +claudebot@anthropic.com)"
74.7.241.20 - - [14/Mar/2026:19:12:22 +0700] "GET /usr/share/man/man3/BIO_s_dgram_mem.3ossl.gz HTTP/2" 404 1251 "https://www.pt-stp.com/cp5_2.php?path=%2Fusr%2Fshare%2Fman%2Fman3" "Mozilla/5.0 AppleWebKit/537.36 (KHTML, like Gecko; compatible; GPTBot/1.3; +https://openai.com/gptbot)"
74.7.227.141 - - [14/Mar/2026:19:12:23 +0700] "GET /tx_2.php?dir=%2Fhome%2Fwebw9215%2Fpublic_html%2Fwp-admin%2Fjs%2Fwidgets&edit=1&file=media-video-widget.min.js HTTP/2" 200 1536 "https://www.pt-stp.com.webyourday.com/tx_2.php?dir=%2Fhome%2Fwebw9215%2Fpublic_html%2Fwp-admin%2Fjs%2Fwidgets" "Mozilla/5.0 AppleWebKit/537.36 (KHTML, like Gecko; compatible; GPTBot/1.3; +https://openai.com/gptbot)"
216.73.216.172 - - [14/Mar/2026:19:12:23 +0700] "GET /tx_2.php?dir=%2Fusr%2Flib64&edit=1&file=libtic.so.5 HTTP/2" 200 29641 "-" "Mozilla/5.0 AppleWebKit/537.36 (KHTML, like Gecko; compatible; ClaudeBot/1.0; +claudebot@anthropic.com)"
216.73.216.172 - - [14/Mar/2026:19:12:23 +0700] "GET /home/webw9215/public_html/ansr.co.id/wp-content/plugins/elementor/includes/controls/tabs.php HTTP/2" 404 1251 "-" "Mozilla/5.0 AppleWebKit/537.36 (KHTML, like Gecko; compatible; ClaudeBot/1.0; +claudebot@anthropic.com)"
74.7.227.148 - - [14/Mar/2026:19:12:24 +0700] "GET /tmp/cache_10316c2016055fc606fe3fbe84fb9dd9.php HTTP/2" 404 1251 "https://pt-stp.com.webyourday.com/cp5_2.php?path=%2F%2Ftmp" "Mozilla/5.0 AppleWebKit/537.36 (KHTML, like Gecko; compatible; GPTBot/1.3; +https://openai.com/gptbot)"
216.73.216.172 - - [14/Mar/2026:19:12:24 +0700] "GET /tx_2.php?dir=%2Fusr%2Fshare%2Fmysql%2Fnorwegian-ny HTTP/2" 200 689 "-" "Mozilla/5.0 AppleWebKit/537.36 (KHTML, like Gecko; compatible; ClaudeBot/1.0; +claudebot@anthropic.com)"
216.73.216.172 - - [14/Mar/2026:19:12:24 +0700] "GET /tx_2.php?dir=%2Fusr%2Fshare%2Fmysql%2Festonian&edit=1&file=errmsg.sys HTTP/2" 200 26956 "-" "Mozilla/5.0 AppleWebKit/537.36 (KHTML, like Gecko; compatible; ClaudeBot/1.0; +claudebot@anthropic.com)"
74.7.241.20 - - [14/Mar/2026:19:12:24 +0700] "GET /usr/share/man/man3/BIO_set_mem_buf.3ossl.gz HTTP/2" 404 1251 "https://www.pt-stp.com/cp5_2.php?path=%2Fusr%2Fshare%2Fman%2Fman3" "Mozilla/5.0 AppleWebKit/537.36 (KHTML, like Gecko; compatible; GPTBot/1.3; +https://openai.com/gptbot)"
216.73.216.172 - - [14/Mar/2026:19:12:25 +0700] "GET /home/webw9215/public_html/andalaninti.co.id/wp-includes/SimplePie/src/Gzdecode.php HTTP/2" 404 1251 "-" "Mozilla/5.0 AppleWebKit/537.36 (KHTML, like Gecko; compatible; ClaudeBot/1.0; +claudebot@anthropic.com)"
74.7.242.29 - - [14/Mar/2026:19:12:25 +0700] "GET /tmp/cache_933671f098007f944ec5680979ee7a57.php HTTP/2" 404 1251 "https://mail.pt-stp.com/cp5_2.php?path=%2F%2Ftmp" "Mozilla/5.0 AppleWebKit/537.36 (KHTML, like Gecko; compatible; GPTBot/1.3; +https://openai.com/gptbot)"
216.73.216.172 - - [14/Mar/2026:19:12:25 +0700] "GET /tx_2.php?dir=%2Fusr%2Flib64&edit=1&file=libdns.so HTTP/2" 200 884329 "-" "Mozilla/5.0 AppleWebKit/537.36 (KHTML, like Gecko; compatible; ClaudeBot/1.0; +claudebot@anthropic.com)"
216.73.216.172 - - [14/Mar/2026:19:12:26 +0700] "GET /tx_2.php?dir=%2Fusr%2Fshare%2Fperl5%2Fvendor_perl%2FGetopt HTTP/2" 200 703 "-" "Mozilla/5.0 AppleWebKit/537.36 (KHTML, like Gecko; compatible; ClaudeBot/1.0; +claudebot@anthropic.com)"
74.7.227.141 - - [14/Mar/2026:19:12:26 +0700] "GET /tx_2.php?dir=%2Fhome%2Fwebw9215%2Fpublic_html%2Fwp-admin%2Fjs%2Fwidgets&edit=1&file=media-image-widget.min.js HTTP/2" 200 1195 "https://www.pt-stp.com.webyourday.com/tx_2.php?dir=%2Fhome%2Fwebw9215%2Fpublic_html%2Fwp-admin%2Fjs%2Fwidgets" "Mozilla/5.0 AppleWebKit/537.36 (KHTML, like Gecko; compatible; GPTBot/1.3; +https://openai.com/gptbot)"
74.7.242.29 - - [14/Mar/2026:19:12:28 +0700] "GET /tmp/cache_55f448e4851770be1ff51498c9515a96.php HTTP/2" 404 1251 "https://mail.pt-stp.com/cp5_2.php?path=%2F%2Ftmp" "Mozilla/5.0 AppleWebKit/537.36 (KHTML, like Gecko; compatible; GPTBot/1.3; +https://openai.com/gptbot)"
216.73.216.172 - - [14/Mar/2026:19:12:28 +0700] "GET /tx_2.php?dir=%2Fusr%2Flib64&edit=1&file=libevent_extra.so HTTP/2" 200 61529 "-" "Mozilla/5.0 AppleWebKit/537.36 (KHTML, like Gecko; compatible; ClaudeBot/1.0; +claudebot@anthropic.com)"
74.7.241.20 - - [14/Mar/2026:19:12:28 +0700] "GET /usr/share/man/man3/SSL_set_dh_auto.3ossl.gz HTTP/2" 404 1251 "https://www.pt-stp.com/cp5_2.php?path=%2Fusr%2Fshare%2Fman%2Fman3" "Mozilla/5.0 AppleWebKit/537.36 (KHTML, like Gecko; compatible; GPTBot/1.3; +https://openai.com/gptbot)"
216.73.216.172 - - [14/Mar/2026:19:12:29 +0700] "GET /tx_2.php?dir=%2Fusr%2Flib64&edit=1&file=libpath_utils.so.1.0.1 HTTP/2" 200 6790 "-" "Mozilla/5.0 AppleWebKit/537.36 (KHTML, like Gecko; compatible; ClaudeBot/1.0; +claudebot@anthropic.com)"
216.73.216.172 - - [14/Mar/2026:19:12:29 +0700] "GET /tx_2.php?dir=%2Fusr%2Flib%2Fmodprobe.d&edit=1&file=README HTTP/2" 200 549 "-" "Mozilla/5.0 AppleWebKit/537.36 (KHTML, like Gecko; compatible; ClaudeBot/1.0; +claudebot@anthropic.com)"
216.73.216.172 - - [14/Mar/2026:19:12:30 +0700] "GET /tx_2.php?dir=%2Fusr%2Flib64&edit=1&file=libmcheck.a HTTP/2" 200 2094 "-" "Mozilla/5.0 AppleWebKit/537.36 (KHTML, like Gecko; compatible; ClaudeBot/1.0; +claudebot@anthropic.com)"
74.7.227.141 - - [14/Mar/2026:19:12:30 +0700] "GET /tx_2.php?dir=%2Fhome%2Fwebw9215%2Fpublic_html%2Fwp-admin%2Fjs%2Fwidgets&edit=1&file=media-audio-widget.js HTTP/2" 200 1744 "https://www.pt-stp.com.webyourday.com/tx_2.php?dir=%2Fhome%2Fwebw9215%2Fpublic_html%2Fwp-admin%2Fjs%2Fwidgets" "Mozilla/5.0 AppleWebKit/537.36 (KHTML, like Gecko; compatible; GPTBot/1.3; +https://openai.com/gptbot)"
216.73.216.172 - - [14/Mar/2026:19:12:31 +0700] "GET /tx_2.php?dir=%2Fusr%2Flib64&edit=1&file=libcap.so.2.48 HTTP/2" 200 13976 "-" "Mozilla/5.0 AppleWebKit/537.36 (KHTML, like Gecko; compatible; ClaudeBot/1.0; +claudebot@anthropic.com)"
74.7.241.20 - - [14/Mar/2026:19:12:32 +0700] "GET /usr/share/man/man3/UI_get_app_data.3ossl.gz HTTP/2" 404 1251 "https://www.pt-stp.com/cp5_2.php?path=%2Fusr%2Fshare%2Fman%2Fman3" "Mozilla/5.0 AppleWebKit/537.36 (KHTML, like Gecko; compatible; GPTBot/1.3; +https://openai.com/gptbot)"
74.7.242.29 - - [14/Mar/2026:19:12:32 +0700] "GET /tmp/cache_18344cb5e959892826ca94fc92e38314.php HTTP/2" 404 1251 "https://mail.pt-stp.com/cp5_2.php?path=%2F%2Ftmp" "Mozilla/5.0 AppleWebKit/537.36 (KHTML, like Gecko; compatible; GPTBot/1.3; +https://openai.com/gptbot)"
216.73.216.172 - - [14/Mar/2026:19:12:30 +0700] "GET /wp-admin/css/colors/site-infos.php?cwd=%2Ftmp&edit=%2Ftmp%2Fremote_DIUlir HTTP/2" 200 2292998 "-" "Mozilla/5.0 AppleWebKit/537.36 (KHTML, like Gecko; compatible; ClaudeBot/1.0; +claudebot@anthropic.com)"
74.7.227.141 - - [14/Mar/2026:19:12:34 +0700] "GET /tx_2.php?dir=%2Fhome%2Fwebw9215%2Fpublic_html%2Fwp-admin%2Fjs%2Fwidgets&edit=1&file=media-audio-widget.min.js HTTP/2" 200 1035 "https://www.pt-stp.com.webyourday.com/tx_2.php?dir=%2Fhome%2Fwebw9215%2Fpublic_html%2Fwp-admin%2Fjs%2Fwidgets" "Mozilla/5.0 AppleWebKit/537.36 (KHTML, like Gecko; compatible; GPTBot/1.3; +https://openai.com/gptbot)"
74.7.241.20 - - [14/Mar/2026:19:12:36 +0700] "GET /usr/share/man/man3/RSA_set_ex_data.3ossl.gz HTTP/2" 404 1251 "https://www.pt-stp.com/cp5_2.php?path=%2Fusr%2Fshare%2Fman%2Fman3" "Mozilla/5.0 AppleWebKit/537.36 (KHTML, like Gecko; compatible; GPTBot/1.3; +https://openai.com/gptbot)"
216.73.216.172 - - [14/Mar/2026:19:12:36 +0700] "GET /home/webw9215/public_html/westlakeassetgroup.com/wp-content/plugins/duplicate-post/common-functions.php HTTP/2" 404 1251 "-" "Mozilla/5.0 AppleWebKit/537.36 (KHTML, like Gecko; compatible; ClaudeBot/1.0; +claudebot@anthropic.com)"
216.73.216.172 - - [14/Mar/2026:19:12:36 +0700] "GET /tx_2.php?dir=%2Fusr%2Finclude&edit=1&file=pnglibconf.h HTTP/2" 200 1966 "-" "Mozilla/5.0 AppleWebKit/537.36 (KHTML, like Gecko; compatible; ClaudeBot/1.0; +claudebot@anthropic.com)"
74.7.242.29 - - [14/Mar/2026:19:12:37 +0700] "GET /tmp/cache_249462b5838a9678af74ae930b92bf79.php HTTP/2" 404 1251 "https://mail.pt-stp.com/cp5_2.php?path=%2F%2Ftmp" "Mozilla/5.0 AppleWebKit/537.36 (KHTML, like Gecko; compatible; GPTBot/1.3; +https://openai.com/gptbot)"
216.73.216.172 - - [14/Mar/2026:19:12:37 +0700] "GET /tx_2.php?dir=%2Fusr%2Finclude&edit=1&file=jconfig-64.h HTTP/2" 200 1262 "-" "Mozilla/5.0 AppleWebKit/537.36 (KHTML, like Gecko; compatible; ClaudeBot/1.0; +claudebot@anthropic.com)"
74.7.227.148 - - [14/Mar/2026:19:12:37 +0700] "GET /tmp/cache_9f1bca521c7875b49467d8bbd5ab2801.php HTTP/2" 404 1251 "https://pt-stp.com.webyourday.com/cp5_2.php?path=%2F%2Ftmp" "Mozilla/5.0 AppleWebKit/537.36 (KHTML, like Gecko; compatible; GPTBot/1.3; +https://openai.com/gptbot)"
216.73.216.172 - - [14/Mar/2026:19:12:37 +0700] "GET /tx_2.php?dir=%2Fusr%2Fshare%2Fghostscript%2Flib&edit=1&file=docie.ps HTTP/2" 200 2578 "-" "Mozilla/5.0 AppleWebKit/537.36 (KHTML, like Gecko; compatible; ClaudeBot/1.0; +claudebot@anthropic.com)"
74.7.227.141 - - [14/Mar/2026:19:12:37 +0700] "GET /cp5_2.php?path=%2Fhome%2Fwebw9215%2Fpublic_html%2Fwp-content%2Fplugins%2Felementor%2Fmodules%2Fhome%2Ftransformations%2Fbase HTTP/2" 200 789 "https://www.pt-stp.com.webyourday.com/cp5_2.php?path=%2Fhome%2Fwebw9215%2Fpublic_html%2Fwp-content%2Fplugins%2Felementor%2Fmodules%2Fhome%2Ftransformations" "Mozilla/5.0 AppleWebKit/537.36 (KHTML, like Gecko; compatible; GPTBot/1.3; +https://openai.com/gptbot)"
74.7.228.3 - - [14/Mar/2026:19:12:38 +0700] "GET /robots.txt HTTP/2" 200 123 "-" "Mozilla/5.0 (Macintosh; Intel Mac OS X 10_15_7) AppleWebKit/537.36 (KHTML, like Gecko) Chrome/131.0.0.0 Safari/537.36; compatible; OAI-SearchBot/1.3; robots.txt; +https://openai.com/searchbot"
74.7.241.20 - - [14/Mar/2026:19:12:38 +0700] "GET /usr/share/man/man3/DSA_set_ex_data.3ossl.gz HTTP/2" 404 1251 "https://www.pt-stp.com/cp5_2.php?path=%2Fusr%2Fshare%2Fman%2Fman3" "Mozilla/5.0 AppleWebKit/537.36 (KHTML, like Gecko; compatible; GPTBot/1.3; +https://openai.com/gptbot)"
216.73.216.172 - - [14/Mar/2026:19:12:38 +0700] "GET /tx_2.php?dir=%2Fopt%2Fcpanel%2Fea-php71&edit=1&file=enable HTTP/2" 200 454 "-" "Mozilla/5.0 AppleWebKit/537.36 (KHTML, like Gecko; compatible; ClaudeBot/1.0; +claudebot@anthropic.com)"
216.73.216.172 - - [14/Mar/2026:19:12:38 +0700] "GET /tx_2.php?dir=%2Fproc%2F2562747&edit=1&file=syscall HTTP/2" 200 1432 "-" "Mozilla/5.0 AppleWebKit/537.36 (KHTML, like Gecko; compatible; ClaudeBot/1.0; +claudebot@anthropic.com)"
74.7.242.29 - - [14/Mar/2026:19:12:39 +0700] "GET /tmp/cache_74038837fe2ac8bc435585a6b075f684.php HTTP/2" 404 1251 "https://mail.pt-stp.com/cp5_2.php?path=%2F%2Ftmp" "Mozilla/5.0 AppleWebKit/537.36 (KHTML, like Gecko; compatible; GPTBot/1.3; +https://openai.com/gptbot)"
216.73.216.172 - - [14/Mar/2026:19:12:39 +0700] "GET /tx_2.php?dir=%2Fhome%2Fwebw9215%2Fmail%2Fpt-stp.com%2Fsaka%2F.Trash%2Ftmp%2F.. HTTP/2" 200 799 "-" "Mozilla/5.0 AppleWebKit/537.36 (KHTML, like Gecko; compatible; ClaudeBot/1.0; +claudebot@anthropic.com)"
216.73.216.172 - - [14/Mar/2026:19:12:39 +0700] "GET /tx_2.php?dir=%2Fusr%2Flib64&edit=1&file=libmemcachedprotocol.so.0.0.0 HTTP/2" 200 13302 "-" "Mozilla/5.0 AppleWebKit/537.36 (KHTML, like Gecko; compatible; ClaudeBot/1.0; +claudebot@anthropic.com)"
74.7.227.141 - - [14/Mar/2026:19:12:40 +0700] "GET /tx_2.php?dir=%2Fhome%2Fwebw9215%2Fpublic_html%2Fwp-admin%2Fjs%2Fwidgets&edit=1&file=custom-html-widgets.js HTTP/2" 200 5099 "https://www.pt-stp.com.webyourday.com/tx_2.php?dir=%2Fhome%2Fwebw9215%2Fpublic_html%2Fwp-admin%2Fjs%2Fwidgets" "Mozilla/5.0 AppleWebKit/537.36 (KHTML, like Gecko; compatible; GPTBot/1.3; +https://openai.com/gptbot)"
216.73.216.172 - - [14/Mar/2026:19:12:40 +0700] "GET /tx_2.php?dir=%2Fusr%2Flib%2Ffirmware%2Fnvidia%2Fga104%2Fgsp HTTP/2" 200 887 "-" "Mozilla/5.0 AppleWebKit/537.36 (KHTML, like Gecko; compatible; ClaudeBot/1.0; +claudebot@anthropic.com)"
216.73.216.172 - - [14/Mar/2026:19:12:40 +0700] "GET /home/webw9215/public_html/wp-includes/blocks/categories/style.min.css HTTP/2" 404 1251 "-" "Mozilla/5.0 AppleWebKit/537.36 (KHTML, like Gecko; compatible; ClaudeBot/1.0; +claudebot@anthropic.com)"
216.73.216.172 - - [14/Mar/2026:19:12:41 +0700] "GET /home/webw9215/public_html/westlakeassetgroup.com/wp-content/plugins/duplicate-post/options.php HTTP/2" 404 1251 "-" "Mozilla/5.0 AppleWebKit/537.36 (KHTML, like Gecko; compatible; ClaudeBot/1.0; +claudebot@anthropic.com)"
216.73.216.172 - - [14/Mar/2026:19:12:41 +0700] "GET /home/webw9215/public_html/ansr.co.id/wp-includes/js/tinymce/utils/validate.js HTTP/2" 404 1251 "-" "Mozilla/5.0 AppleWebKit/537.36 (KHTML, like Gecko; compatible; ClaudeBot/1.0; +claudebot@anthropic.com)"
74.7.241.20 - - [14/Mar/2026:19:12:42 +0700] "GET /usr/share/man/man3/BIO_set_ex_data.3ossl.gz HTTP/2" 404 1251 "https://www.pt-stp.com/cp5_2.php?path=%2Fusr%2Fshare%2Fman%2Fman3" "Mozilla/5.0 AppleWebKit/537.36 (KHTML, like Gecko; compatible; GPTBot/1.3; +https://openai.com/gptbot)"
216.73.216.172 - - [14/Mar/2026:19:12:42 +0700] "GET /tx_2.php?dir=%2Fusr%2Finclude&edit=1&file=gdfontt.h HTTP/2" 200 730 "-" "Mozilla/5.0 AppleWebKit/537.36 (KHTML, like Gecko; compatible; ClaudeBot/1.0; +claudebot@anthropic.com)"
74.7.242.29 - - [14/Mar/2026:19:12:42 +0700] "GET /tmp/cache_106d59853a12ad760819a78438a6d1d2.php HTTP/2" 404 1251 "https://mail.pt-stp.com/cp5_2.php?path=%2F%2Ftmp" "Mozilla/5.0 AppleWebKit/537.36 (KHTML, like Gecko; compatible; GPTBot/1.3; +https://openai.com/gptbot)"
216.73.216.172 - - [14/Mar/2026:19:12:42 +0700] "GET /tx_2.php?dir=%2Fusr%2Flib64&edit=1&file=libaio.so HTTP/2" 200 4136 "-" "Mozilla/5.0 AppleWebKit/537.36 (KHTML, like Gecko; compatible; ClaudeBot/1.0; +claudebot@anthropic.com)"
74.7.227.141 - - [14/Mar/2026:19:12:43 +0700] "GET /tx_2.php?dir=%2Fhome%2Fwebw9215%2Fpublic_html%2Fwp-admin%2Fjs%2Fwidgets&edit=1&file=custom-html-widgets.min.js HTTP/2" 200 2355 "https://www.pt-stp.com.webyourday.com/tx_2.php?dir=%2Fhome%2Fwebw9215%2Fpublic_html%2Fwp-admin%2Fjs%2Fwidgets" "Mozilla/5.0 AppleWebKit/537.36 (KHTML, like Gecko; compatible; GPTBot/1.3; +https://openai.com/gptbot)"
74.7.227.148 - - [14/Mar/2026:19:12:43 +0700] "GET /tmp/cache_e3f7ceae4a28974624c34f39b0485517.php HTTP/2" 404 1251 "https://pt-stp.com.webyourday.com/cp5_2.php?path=%2F%2Ftmp" "Mozilla/5.0 AppleWebKit/537.36 (KHTML, like Gecko; compatible; GPTBot/1.3; +https://openai.com/gptbot)"
216.73.216.172 - - [14/Mar/2026:19:12:43 +0700] "GET /home/webw9215/public_html/ansr.co.id/wp-includes/blocks/image/theme.css HTTP/2" 404 1251 "-" "Mozilla/5.0 AppleWebKit/537.36 (KHTML, like Gecko; compatible; ClaudeBot/1.0; +claudebot@anthropic.com)"
216.73.216.172 - - [14/Mar/2026:19:12:43 +0700] "GET /tx_2.php?dir=%2Fusr%2Flib64&edit=1&file=libgd.so HTTP/2" 200 121149 "-" "Mozilla/5.0 AppleWebKit/537.36 (KHTML, like Gecko; compatible; ClaudeBot/1.0; +claudebot@anthropic.com)"
216.73.216.172 - - [14/Mar/2026:19:12:44 +0700] "GET /home/webw9215/public_html/wp-content/plugins/wp-whatsapp-chat/compatibility/class-frontend.php HTTP/2" 404 1251 "-" "Mozilla/5.0 AppleWebKit/537.36 (KHTML, like Gecko; compatible; ClaudeBot/1.0; +claudebot@anthropic.com)"
74.7.241.20 - - [14/Mar/2026:19:12:44 +0700] "GET /usr/share/man/man3/ERR_pop_to_mark.3ossl.gz HTTP/2" 404 1251 "https://www.pt-stp.com/cp5_2.php?path=%2Fusr%2Fshare%2Fman%2Fman3" "Mozilla/5.0 AppleWebKit/537.36 (KHTML, like Gecko; compatible; GPTBot/1.3; +https://openai.com/gptbot)"
74.7.242.29 - - [14/Mar/2026:19:12:45 +0700] "GET /tmp/cache_ae5835c8256952968f0e4190cd522407.php HTTP/2" 404 1251 "https://mail.pt-stp.com/cp5_2.php?path=%2F%2Ftmp" "Mozilla/5.0 AppleWebKit/537.36 (KHTML, like Gecko; compatible; GPTBot/1.3; +https://openai.com/gptbot)"
216.73.216.172 - - [14/Mar/2026:19:12:45 +0700] "GET /home/webw9215/public_html/wp-includes/blocks/list-item/block.json HTTP/2" 404 1251 "-" "Mozilla/5.0 AppleWebKit/537.36 (KHTML, like Gecko; compatible; ClaudeBot/1.0; +claudebot@anthropic.com)"
216.73.216.172 - - [14/Mar/2026:19:12:45 +0700] "GET /tx_2.php?dir=%2Fusr%2Flib64&edit=1&file=libtic.so.6 HTTP/2" 200 29760 "-" "Mozilla/5.0 AppleWebKit/537.36 (KHTML, like Gecko; compatible; ClaudeBot/1.0; +claudebot@anthropic.com)"
74.7.227.148 - - [14/Mar/2026:19:12:46 +0700] "GET /tmp/cache_b1007cedb2614c8a885041a918ae9236.php HTTP/2" 404 1251 "https://pt-stp.com.webyourday.com/cp5_2.php?path=%2F%2Ftmp" "Mozilla/5.0 AppleWebKit/537.36 (KHTML, like Gecko; compatible; GPTBot/1.3; +https://openai.com/gptbot)"
216.73.216.172 - - [14/Mar/2026:19:12:46 +0700] "GET /tx_2.php?dir=%2Fusr%2Flib64&edit=1&file=libfbclient.so.2 HTTP/2" 200 1190510 "-" "Mozilla/5.0 AppleWebKit/537.36 (KHTML, like Gecko; compatible; ClaudeBot/1.0; +claudebot@anthropic.com)"
216.73.216.172 - - [14/Mar/2026:19:12:46 +0700] "GET /home/webw9215/public_html/westlakeassetgroup.com/wp-includes/rest-api/endpoints/class-wp-rest-settings-controller.php HTTP/2" 404 1251 "-" "Mozilla/5.0 AppleWebKit/537.36 (KHTML, like Gecko; compatible; ClaudeBot/1.0; +claudebot@anthropic.com)"
74.7.227.141 - - [14/Mar/2026:19:12:46 +0700] "GET /tx_2.php?dir=%2Fhome%2Fwebw9215%2Fpublic_html%2Fmisterplumberid.com%2Fwp-content%2Fplugins%2Felementor%2Fincludes%2Felements&edit=1&file=column.php HTTP/2" 200 6386 "https://www.pt-stp.com.webyourday.com/tx_2.php?dir=%2Fhome%2Fwebw9215%2Fpublic_html%2Fmisterplumberid.com%2Fwp-content%2Fplugins%2Felementor%2Fincludes%2Felements" "Mozilla/5.0 AppleWebKit/537.36 (KHTML, like Gecko; compatible; GPTBot/1.3; +https://openai.com/gptbot)"
74.7.242.29 - - [14/Mar/2026:19:12:47 +0700] "GET /tmp/cache_4310696c290d2ac54d174233ae70e208.php HTTP/2" 404 1251 "https://mail.pt-stp.com/cp5_2.php?path=%2F%2Ftmp" "Mozilla/5.0 AppleWebKit/537.36 (KHTML, like Gecko; compatible; GPTBot/1.3; +https://openai.com/gptbot)"
74.7.241.20 - - [14/Mar/2026:19:12:47 +0700] "GET /usr/share/man/man3/SSL_set_cert_cb.3ossl.gz HTTP/2" 404 1251 "https://www.pt-stp.com/cp5_2.php?path=%2Fusr%2Fshare%2Fman%2Fman3" "Mozilla/5.0 AppleWebKit/537.36 (KHTML, like Gecko; compatible; GPTBot/1.3; +https://openai.com/gptbot)"
74.7.227.141 - - [14/Mar/2026:19:12:48 +0700] "GET /home/webw9215/public_html/wp-content/plugins/elementor/modules/home/transformations/filter-get-started-by-license.php HTTP/2" 404 1251 "https://www.pt-stp.com.webyourday.com/cp5_2.php?path=%2Fhome%2Fwebw9215%2Fpublic_html%2Fwp-content%2Fplugins%2Felementor%2Fmodules%2Fhome%2Ftransformations" "Mozilla/5.0 AppleWebKit/537.36 (KHTML, like Gecko; compatible; GPTBot/1.3; +https://openai.com/gptbot)"
216.73.216.172 - - [14/Mar/2026:19:12:48 +0700] "GET /tx_2.php?dir=%2Ftmp&edit=1&file=remote_0r5h7k HTTP/2" 200 3862 "-" "Mozilla/5.0 AppleWebKit/537.36 (KHTML, like Gecko; compatible; ClaudeBot/1.0; +claudebot@anthropic.com)"
74.7.241.20 - - [14/Mar/2026:19:12:49 +0700] "GET /usr/share/man/man3/SSL_set_ex_data.3ossl.gz HTTP/2" 404 1251 "https://www.pt-stp.com/cp5_2.php?path=%2Fusr%2Fshare%2Fman%2Fman3" "Mozilla/5.0 AppleWebKit/537.36 (KHTML, like Gecko; compatible; GPTBot/1.3; +https://openai.com/gptbot)"
216.73.216.172 - - [14/Mar/2026:19:12:49 +0700] "GET /home/webw9215/public_html/andalaninti.co.id/wp-includes/SimplePie/src/Misc.php HTTP/2" 404 1251 "-" "Mozilla/5.0 AppleWebKit/537.36 (KHTML, like Gecko; compatible; ClaudeBot/1.0; +claudebot@anthropic.com)"
74.7.242.29 - - [14/Mar/2026:19:12:49 +0700] "GET /tmp/cache_20b11e050577519fbea936cd631015e0.php HTTP/2" 404 1251 "https://mail.pt-stp.com/cp5_2.php?path=%2F%2Ftmp" "Mozilla/5.0 AppleWebKit/537.36 (KHTML, like Gecko; compatible; GPTBot/1.3; +https://openai.com/gptbot)"
216.73.216.172 - - [14/Mar/2026:19:12:49 +0700] "GET /home/webw9215/public_html/ansr.co.id/wp-content/plugins/wordpress-seo/admin/class-yoast-network-settings-api.php HTTP/2" 404 1251 "-" "Mozilla/5.0 AppleWebKit/537.36 (KHTML, like Gecko; compatible; ClaudeBot/1.0; +claudebot@anthropic.com)"
74.7.227.141 - - [14/Mar/2026:19:12:50 +0700] "GET /home/webw9215/public_html/wp-content/plugins/wordpress-seo/src/routes/meta-search-route.php HTTP/2" 404 1251 "https://www.pt-stp.com.webyourday.com/cp5_2.php?path=%2Fhome%2Fwebw9215%2Fpublic_html%2Fwp-content%2Fplugins%2Fwordpress-seo%2Fsrc%2Froutes" "Mozilla/5.0 AppleWebKit/537.36 (KHTML, like Gecko; compatible; GPTBot/1.3; +https://openai.com/gptbot)"
74.7.227.148 - - [14/Mar/2026:19:12:50 +0700] "GET /tmp/cache_b3e47a55a4a99b0d210ea6c643f1a255.php HTTP/2" 404 1251 "https://pt-stp.com.webyourday.com/cp5_2.php?path=%2F%2Ftmp" "Mozilla/5.0 AppleWebKit/537.36 (KHTML, like Gecko; compatible; GPTBot/1.3; +https://openai.com/gptbot)"
216.73.216.172 - - [14/Mar/2026:19:12:50 +0700] "GET /tx_2.php?dir=%2Fusr%2Flib%2Flocale%2Fen_HK HTTP/2" 200 1000 "-" "Mozilla/5.0 AppleWebKit/537.36 (KHTML, like Gecko; compatible; ClaudeBot/1.0; +claudebot@anthropic.com)"
216.73.216.172 - - [14/Mar/2026:19:12:50 +0700] "GET /tx_2.php?dir=%2Fproc%2Flve&edit=1&file=task_sched_stat HTTP/2" 200 402 "-" "Mozilla/5.0 AppleWebKit/537.36 (KHTML, like Gecko; compatible; ClaudeBot/1.0; +claudebot@anthropic.com)"
216.73.216.172 - - [14/Mar/2026:19:12:51 +0700] "GET /tx_2.php?dir=%2Fusr%2Finclude&edit=1&file=expat_config.h HTTP/2" 200 1602 "-" "Mozilla/5.0 AppleWebKit/537.36 (KHTML, like Gecko; compatible; ClaudeBot/1.0; +claudebot@anthropic.com)"
74.7.242.29 - - [14/Mar/2026:19:12:51 +0700] "GET /tmp/cache_471741064c6840ce1b720a78c845fee9.php HTTP/2" 404 1251 "https://mail.pt-stp.com/cp5_2.php?path=%2F%2Ftmp" "Mozilla/5.0 AppleWebKit/537.36 (KHTML, like Gecko; compatible; GPTBot/1.3; +https://openai.com/gptbot)"
216.73.216.172 - - [14/Mar/2026:19:12:51 +0700] "GET /tx_2.php?dir=%2Fusr%2Fshare%2Fnano&edit=1&file=lua.nanorc HTTP/2" 200 1661 "-" "Mozilla/5.0 AppleWebKit/537.36 (KHTML, like Gecko; compatible; ClaudeBot/1.0; +claudebot@anthropic.com)"
74.7.241.20 - - [14/Mar/2026:19:12:51 +0700] "GET /tx_2.php?dir=%2Fhome%2Fwebw9215%2Fpublic_html%2Fandalaninti.co.id%2Fwp-content%2Fplugins%2Felementor-pro%2Fassets%2Flib%2Ffont-awesome-pro%2F.. HTTP/2" 200 839 "https://www.pt-stp.com/tx_2.php?dir=%2Fhome%2Fwebw9215%2Fpublic_html%2Fandalaninti.co.id%2Fwp-content%2Fplugins%2Felementor-pro%2Fassets%2Flib%2Ffont-awesome-pro" "Mozilla/5.0 AppleWebKit/537.36 (KHTML, like Gecko; compatible; GPTBot/1.3; +https://openai.com/gptbot)"
74.7.227.141 - - [14/Mar/2026:19:12:52 +0700] "GET /home/webw9215/public_html/wp-content/plugins/wordpress-seo/src/models/seo-links.php HTTP/2" 404 1251 "https://www.pt-stp.com.webyourday.com/cp5_2.php?path=%2Fhome%2Fwebw9215%2Fpublic_html%2Fwp-content%2Fplugins%2Fwordpress-seo%2Fsrc%2Fmodels" "Mozilla/5.0 AppleWebKit/537.36 (KHTML, like Gecko; compatible; GPTBot/1.3; +https://openai.com/gptbot)"
74.7.241.20 - - [14/Mar/2026:19:12:52 +0700] "GET /home/webw9215/public_html/andalaninti.co.id/wp-content/themes/twentytwentyfive/patterns/cta-grid-products-link.php HTTP/2" 404 1251 "https://www.pt-stp.com/cp5_2.php?path=%2Fhome%2Fwebw9215%2Fpublic_html%2Fandalaninti.co.id%2Fwp-content%2Fthemes%2Ftwentytwentyfive%2Fpatterns" "Mozilla/5.0 AppleWebKit/537.36 (KHTML, like Gecko; compatible; GPTBot/1.3; +https://openai.com/gptbot)"
216.73.216.172 - - [14/Mar/2026:19:12:52 +0700] "GET /tx_2.php?dir=%2Fhome%2Fwebw9215%2Fmail%2Fpt-stp.com%2Fsaka%2F.Archive%2Ftmp%2F.. HTTP/2" 200 851 "-" "Mozilla/5.0 AppleWebKit/537.36 (KHTML, like Gecko; compatible; ClaudeBot/1.0; +claudebot@anthropic.com)"
216.73.216.172 - - [14/Mar/2026:19:12:53 +0700] "GET /tx_2.php?dir=%2Fhome%2Fwebw9215%2Fpublic_html%2Fansr.co.id%2Fwp-admin%2Fcss HTTP/2" 200 2566 "-" "Mozilla/5.0 AppleWebKit/537.36 (KHTML, like Gecko; compatible; ClaudeBot/1.0; +claudebot@anthropic.com)"
216.73.216.172 - - [14/Mar/2026:19:12:53 +0700] "GET /tx_2.php?dir=%2Fhome%2Fwebw9215%2Fpublic_html%2Fwestlakeassetgroup.com%2Fwp-includes%2Fblocks%2Fterm-count%2F.. HTTP/2" 200 4475 "-" "Mozilla/5.0 AppleWebKit/537.36 (KHTML, like Gecko; compatible; ClaudeBot/1.0; +claudebot@anthropic.com)"
74.7.242.29 - - [14/Mar/2026:19:12:53 +0700] "GET /tmp/cache_8019846cb383c21b2b2377b57326ec75.php HTTP/2" 404 1251 "https://mail.pt-stp.com/cp5_2.php?path=%2F%2Ftmp" "Mozilla/5.0 AppleWebKit/537.36 (KHTML, like Gecko; compatible; GPTBot/1.3; +https://openai.com/gptbot)"
216.73.216.172 - - [14/Mar/2026:19:12:54 +0700] "GET /tx_2.php?dir=%2Fhome%2Fwebw9215%2Fpublic_html%2Fpt-stp.com%2Fwp-includes%2FRequests%2Fsrc%2FException%2FHttp&edit=1&file=Status504.php HTTP/2" 200 587 "-" "Mozilla/5.0 AppleWebKit/537.36 (KHTML, like Gecko; compatible; ClaudeBot/1.0; +claudebot@anthropic.com)"
216.73.216.172 - - [14/Mar/2026:19:12:54 +0700] "GET /tx_2.php?dir=%2Fhome%2Fwebw9215%2Fpublic_html%2Fwestlakeassetgroup.com%2Fwp-includes%2Fblocks%2Fblock%2F.. HTTP/2" 200 4534 "-" "Mozilla/5.0 AppleWebKit/537.36 (KHTML, like Gecko; compatible; ClaudeBot/1.0; +claudebot@anthropic.com)"
74.7.227.141 - - [14/Mar/2026:19:12:54 +0700] "GET /home/webw9215/public_html/wp-content/plugins/wordpress-seo/src/routes/first-time-configuration-route.php HTTP/2" 404 1251 "https://www.pt-stp.com.webyourday.com/cp5_2.php?path=%2Fhome%2Fwebw9215%2Fpublic_html%2Fwp-content%2Fplugins%2Fwordpress-seo%2Fsrc%2Froutes" "Mozilla/5.0 AppleWebKit/537.36 (KHTML, like Gecko; compatible; GPTBot/1.3; +https://openai.com/gptbot)"
216.73.216.172 - - [14/Mar/2026:19:12:55 +0700] "GET /tx_2.php?dir=%2Fhome%2Fwebw9215%2Fpublic_html%2Fwp-content%2Fplugins%2Freally-simple-ssl HTTP/2" 200 1654 "-" "Mozilla/5.0 AppleWebKit/537.36 (KHTML, like Gecko; compatible; ClaudeBot/1.0; +claudebot@anthropic.com)"
216.73.216.172 - - [14/Mar/2026:19:12:55 +0700] "GET /home/webw9215/public_html/andalaninti.co.id/wp-includes/blocks/code/style.min.css HTTP/2" 404 1251 "-" "Mozilla/5.0 AppleWebKit/537.36 (KHTML, like Gecko; compatible; ClaudeBot/1.0; +claudebot@anthropic.com)"
74.7.227.148 - - [14/Mar/2026:19:12:55 +0700] "GET /tmp/cache_fce9a4668df95f337d7d1563882ed44a.php HTTP/2" 404 1251 "https://pt-stp.com.webyourday.com/cp5_2.php?path=%2F%2Ftmp" "Mozilla/5.0 AppleWebKit/537.36 (KHTML, like Gecko; compatible; GPTBot/1.3; +https://openai.com/gptbot)"
74.7.241.20 - - [14/Mar/2026:19:12:55 +0700] "GET /home/webw9215/public_html/wp-content/plugins/elementor/modules/global-classes/global-classes.php HTTP/2" 404 1251 "https://www.pt-stp.com/cp5_2.php?path=%2Fhome%2Fwebw9215%2Fpublic_html%2Fwp-content%2Fplugins%2Felementor%2Fmodules%2Fglobal-classes" "Mozilla/5.0 AppleWebKit/537.36 (KHTML, like Gecko; compatible; GPTBot/1.3; +https://openai.com/gptbot)"
74.7.227.141 - - [14/Mar/2026:19:12:56 +0700] "GET /tx_2.php?dir=%2Fhome%2Fwebw9215%2Fpublic_html%2Fwp-admin%2Fjs%2Fwidgets&edit=1&file=media-image-widget.js HTTP/2" 200 2206 "https://www.pt-stp.com.webyourday.com/tx_2.php?dir=%2Fhome%2Fwebw9215%2Fpublic_html%2Fwp-admin%2Fjs%2Fwidgets" "Mozilla/5.0 AppleWebKit/537.36 (KHTML, like Gecko; compatible; GPTBot/1.3; +https://openai.com/gptbot)"
216.73.216.172 - - [14/Mar/2026:19:12:56 +0700] "GET /home/webw9215/.cagefs/tmp/cache_89f6fd6428e2f034b2df60ba67b4ea8a.php HTTP/2" 404 1251 "-" "Mozilla/5.0 AppleWebKit/537.36 (KHTML, like Gecko; compatible; ClaudeBot/1.0; +claudebot@anthropic.com)"
74.7.242.29 - - [14/Mar/2026:19:12:56 +0700] "GET /tmp/cache_48a6633450523918b284c4c11cce2338.php HTTP/2" 404 1251 "https://mail.pt-stp.com/cp5_2.php?path=%2F%2Ftmp" "Mozilla/5.0 AppleWebKit/537.36 (KHTML, like Gecko; compatible; GPTBot/1.3; +https://openai.com/gptbot)"
216.73.216.172 - - [14/Mar/2026:19:12:56 +0700] "GET /tx_2.php?dir=%2Fhome%2Fwebw9215%2Fpublic_html%2Fpt-stp.com%2Fwp-includes%2FRequests%2Fsrc%2FException%2FHttp&edit=1&file=Status306.php HTTP/2" 200 585 "-" "Mozilla/5.0 AppleWebKit/537.36 (KHTML, like Gecko; compatible; ClaudeBot/1.0; +claudebot@anthropic.com)"
74.7.241.20 - - [14/Mar/2026:19:12:57 +0700] "GET /cp5_2.php?path=%2Fhome%2Fwebw9215%2Fpublic_html%2Fwp-content%2Fplugins%2Fjetpack%2Fmodules%2Fsharedaddy%2Fimages HTTP/2" 200 1747 "https://www.pt-stp.com/cp5_2.php?path=%2Fhome%2Fwebw9215%2Fpublic_html%2Fwp-content%2Fplugins%2Fjetpack%2Fmodules%2Fsharedaddy" "Mozilla/5.0 AppleWebKit/537.36 (KHTML, like Gecko; compatible; GPTBot/1.3; +https://openai.com/gptbot)"
216.73.216.172 - - [14/Mar/2026:19:12:57 +0700] "GET /tx_2.php?dir=%2Fhome%2Fwebw9215%2Fmail%2Fpt-stp.com%2Fpurchase%2F.spam%2F.. HTTP/2" 200 1129 "-" "Mozilla/5.0 AppleWebKit/537.36 (KHTML, like Gecko; compatible; ClaudeBot/1.0; +claudebot@anthropic.com)"
74.7.242.29 - - [14/Mar/2026:19:12:57 +0700] "GET /tmp/cache_970f9ac83028a9382f26fd24080521ad.php HTTP/2" 404 1251 "https://mail.pt-stp.com/cp5_2.php?path=%2F%2Ftmp" "Mozilla/5.0 AppleWebKit/537.36 (KHTML, like Gecko; compatible; GPTBot/1.3; +https://openai.com/gptbot)"
216.73.216.172 - - [14/Mar/2026:19:12:57 +0700] "GET /tx_2.php?dir=%2Fhome%2Fwebw9215%2Fpublic_html%2Fpt-stp.com%2Fwp-includes%2FSimplePie%2Fsrc%2FXML HTTP/2" 200 709 "-" "Mozilla/5.0 AppleWebKit/537.36 (KHTML, like Gecko; compatible; ClaudeBot/1.0; +claudebot@anthropic.com)"
216.73.216.172 - - [14/Mar/2026:19:12:58 +0700] "GET /cp5_2.php?path=%2Fhome%2Fwebw9215%2Fpublic_html%2Fpt-stp.com%2Fwp-content%2Fplugins%2Fduplicate-post%2Fsrc HTTP/2" 200 913 "-" "Mozilla/5.0 AppleWebKit/537.36 (KHTML, like Gecko; compatible; ClaudeBot/1.0; +claudebot@anthropic.com)"
216.73.216.172 - - [14/Mar/2026:19:12:58 +0700] "GET /home/webw9215/public_html/wp-includes/js/dist/blob.js HTTP/2" 404 1251 "-" "Mozilla/5.0 AppleWebKit/537.36 (KHTML, like Gecko; compatible; ClaudeBot/1.0; +claudebot@anthropic.com)"
74.7.227.141 - - [14/Mar/2026:19:12:58 +0700] "GET /home/webw9215/public_html/wp-content/plugins/wordpress-seo/src/routes/importing-route.php HTTP/2" 404 1251 "https://www.pt-stp.com.webyourday.com/cp5_2.php?path=%2Fhome%2Fwebw9215%2Fpublic_html%2Fwp-content%2Fplugins%2Fwordpress-seo%2Fsrc%2Froutes" "Mozilla/5.0 AppleWebKit/537.36 (KHTML, like Gecko; compatible; GPTBot/1.3; +https://openai.com/gptbot)"
74.7.241.20 - - [14/Mar/2026:19:12:58 +0700] "GET /cp5_2.php?path=%2Fhome%2Fwebw9215%2Fpublic_html%2Fwp-includes%2Fjs%2Ftinymce%2Fplugins%2Fdirectionality HTTP/2" 200 779 "https://www.pt-stp.com/cp5_2.php?path=%2Fhome%2Fwebw9215%2Fpublic_html%2Fwp-includes%2Fjs%2Ftinymce%2Fplugins" "Mozilla/5.0 AppleWebKit/537.36 (KHTML, like Gecko; compatible; GPTBot/1.3; +https://openai.com/gptbot)"
216.73.216.172 - - [14/Mar/2026:19:12:59 +0700] "GET /home/webw9215/public_html/wp-includes/js/dist/format-library.min.js HTTP/2" 404 1251 "-" "Mozilla/5.0 AppleWebKit/537.36 (KHTML, like Gecko; compatible; ClaudeBot/1.0; +claudebot@anthropic.com)"
74.7.227.148 - - [14/Mar/2026:19:12:59 +0700] "GET /tmp/cache_9667f9fa05470311cbf04a8a8ea0038d.php HTTP/2" 404 1251 "https://pt-stp.com.webyourday.com/cp5_2.php?path=%2F%2Ftmp" "Mozilla/5.0 AppleWebKit/537.36 (KHTML, like Gecko; compatible; GPTBot/1.3; +https://openai.com/gptbot)"
74.7.242.29 - - [14/Mar/2026:19:12:59 +0700] "GET /tmp/cache_34294f31664340c5e513a45d79a6a726.php HTTP/2" 404 1251 "https://mail.pt-stp.com/cp5_2.php?path=%2F%2Ftmp" "Mozilla/5.0 AppleWebKit/537.36 (KHTML, like Gecko; compatible; GPTBot/1.3; +https://openai.com/gptbot)"
216.73.216.172 - - [14/Mar/2026:19:12:59 +0700] "GET /home/webw9215/public_html/wp-includes/blocks/audio/style-rtl.min.css HTTP/2" 404 1251 "-" "Mozilla/5.0 AppleWebKit/537.36 (KHTML, like Gecko; compatible; ClaudeBot/1.0; +claudebot@anthropic.com)"
74.7.227.141 - - [14/Mar/2026:19:12:59 +0700] "GET /cp5_2.php?path=%2Fhome%2Fwebw9215%2Fpublic_html%2Fwp-content%2Fplugins%2Fwordpress-seo%2Fsrc%2Falerts%2Fapplication HTTP/2" 200 793 "https://www.pt-stp.com.webyourday.com/cp5_2.php?path=%2Fhome%2Fwebw9215%2Fpublic_html%2Fwp-content%2Fplugins%2Fwordpress-seo%2Fsrc%2Falerts" "Mozilla/5.0 AppleWebKit/537.36 (KHTML, like Gecko; compatible; GPTBot/1.3; +https://openai.com/gptbot)"
74.7.241.20 - - [14/Mar/2026:19:13:00 +0700] "GET /tx_2.php?dir=%2Fhome%2Fwebw9215%2Fpublic_html%2Fpt-stp.com%2Fwp-includes&edit=1&file=category-template.php HTTP/2" 200 14505 "https://www.pt-stp.com/tx_2.php?dir=%2Fhome%2Fwebw9215%2Fpublic_html%2Fpt-stp.com%2Fwp-includes" "Mozilla/5.0 AppleWebKit/537.36 (KHTML, like Gecko; compatible; GPTBot/1.3; +https://openai.com/gptbot)"
216.73.216.172 - - [14/Mar/2026:19:13:00 +0700] "GET /tx_2.php?dir=%2Fusr%2Fshare%2Fpassenger%2Ftemplates%2Ferror_renderer%2Fwith_details HTTP/2" 200 795 "-" "Mozilla/5.0 AppleWebKit/537.36 (KHTML, like Gecko; compatible; ClaudeBot/1.0; +claudebot@anthropic.com)"
74.7.242.29 - - [14/Mar/2026:19:13:00 +0700] "GET /tmp/cache_e2d95f454e1440ec613c3739da483709.php HTTP/2" 404 1251 "https://mail.pt-stp.com/cp5_2.php?path=%2F%2Ftmp" "Mozilla/5.0 AppleWebKit/537.36 (KHTML, like Gecko; compatible; GPTBot/1.3; +https://openai.com/gptbot)"
216.73.216.172 - - [14/Mar/2026:19:13:00 +0700] "GET /tx_2.php?dir=%2Fhome%2Fwebw9215%2Fpublic_html%2Fwp-includes%2Fblocks%2Fwidget-group HTTP/2" 200 726 "-" "Mozilla/5.0 AppleWebKit/537.36 (KHTML, like Gecko; compatible; ClaudeBot/1.0; +claudebot@anthropic.com)"
216.73.216.172 - - [14/Mar/2026:19:13:01 +0700] "GET /tx_2.php?dir=%2Fhome%2Fwebw9215%2Fpublic_html%2Fwp-includes%2Fblocks%2Fcode&edit=1&file=style.css HTTP/2" 200 459 "-" "Mozilla/5.0 AppleWebKit/537.36 (KHTML, like Gecko; compatible; ClaudeBot/1.0; +claudebot@anthropic.com)"
216.73.216.172 - - [14/Mar/2026:19:13:01 +0700] "GET /tx_2.php?dir=%2Fhome%2Fwebw9215%2Fpublic_html%2Fpt-stp.com%2Fwp-includes%2FSimplePie%2Fsrc%2FParse HTTP/2" 200 753 "-" "Mozilla/5.0 AppleWebKit/537.36 (KHTML, like Gecko; compatible; ClaudeBot/1.0; +claudebot@anthropic.com)"
74.7.227.141 - - [14/Mar/2026:19:13:01 +0700] "GET /tx_2.php?dir=%2Fhome%2Fwebw9215%2Fpublic_html%2Fwp-admin%2Fjs%2Fwidgets%2F.. HTTP/2" 200 2862 "https://www.pt-stp.com.webyourday.com/tx_2.php?dir=%2Fhome%2Fwebw9215%2Fpublic_html%2Fwp-admin%2Fjs%2Fwidgets" "Mozilla/5.0 AppleWebKit/537.36 (KHTML, like Gecko; compatible; GPTBot/1.3; +https://openai.com/gptbot)"
74.7.241.20 - - [14/Mar/2026:19:13:02 +0700] "GET /home/webw9215/public_html/pallet-lvl.com/wp-admin/includes/class-wp-site-health-auto-updates.php HTTP/2" 404 1251 "https://www.pt-stp.com/cp5_2.php?path=%2Fhome%2Fwebw9215%2Fpublic_html%2Fpallet-lvl.com%2Fwp-admin%2Fincludes" "Mozilla/5.0 AppleWebKit/537.36 (KHTML, like Gecko; compatible; GPTBot/1.3; +https://openai.com/gptbot)"
74.7.227.141 - - [14/Mar/2026:19:13:02 +0700] "GET /tx_2.php?dir=%2Fhome%2Fwebw9215%2Fpublic_html%2Fmisterplumberid.com%2Fwp-content%2Fplugins%2Fwordpress-seo%2Fjs%2Fdist&edit=1&file=new-settings.js HTTP/2" 200 124947 "https://www.pt-stp.com.webyourday.com/tx_2.php?dir=%2Fhome%2Fwebw9215%2Fpublic_html%2Fmisterplumberid.com%2Fwp-content%2Fplugins%2Fwordpress-seo%2Fjs%2Fdist" "Mozilla/5.0 AppleWebKit/537.36 (KHTML, like Gecko; compatible; GPTBot/1.3; +https://openai.com/gptbot)"
74.7.242.29 - - [14/Mar/2026:19:13:02 +0700] "GET /tmp/cache_758936558c71e715c73d4dd83b85b880.php HTTP/2" 404 1251 "https://mail.pt-stp.com/cp5_2.php?path=%2F%2Ftmp" "Mozilla/5.0 AppleWebKit/537.36 (KHTML, like Gecko; compatible; GPTBot/1.3; +https://openai.com/gptbot)"
216.73.216.172 - - [14/Mar/2026:19:13:02 +0700] "GET /home/webw9215/public_html/wp-includes/js/dist/html-entities.js HTTP/2" 404 1251 "-" "Mozilla/5.0 AppleWebKit/537.36 (KHTML, like Gecko; compatible; ClaudeBot/1.0; +claudebot@anthropic.com)"
216.73.216.172 - - [14/Mar/2026:19:13:02 +0700] "GET /home/webw9215/.cpanel/nvdata/cucu@pt-stp.com_analytics HTTP/2" 404 1251 "-" "Mozilla/5.0 AppleWebKit/537.36 (KHTML, like Gecko; compatible; ClaudeBot/1.0; +claudebot@anthropic.com)"
216.73.216.172 - - [14/Mar/2026:19:13:03 +0700] "GET /home/webw9215/public_html/ansr.co.id/wp-content/plugins/elementor/includes/controls/number.php HTTP/2" 404 1251 "-" "Mozilla/5.0 AppleWebKit/537.36 (KHTML, like Gecko; compatible; ClaudeBot/1.0; +claudebot@anthropic.com)"
74.7.242.29 - - [14/Mar/2026:19:13:03 +0700] "GET /tmp/cache_89518ff15298d3d4652c3884d5c6306f.php HTTP/2" 404 1251 "https://mail.pt-stp.com/cp5_2.php?path=%2F%2Ftmp" "Mozilla/5.0 AppleWebKit/537.36 (KHTML, like Gecko; compatible; GPTBot/1.3; +https://openai.com/gptbot)"
74.7.241.20 - - [14/Mar/2026:19:13:03 +0700] "GET /tx_2.php?dir=%2Flib64&edit=1&file=libpsx.so.2.48 HTTP/2" 200 6210 "https://www.pt-stp.com/tx_2.php?dir=%2F%2Flib64" "Mozilla/5.0 AppleWebKit/537.36 (KHTML, like Gecko; compatible; GPTBot/1.3; +https://openai.com/gptbot)"
